000
CDUS43 KLSX 240732
CLICOU


CLIMATE REPORT
NATIONAL WEATHER SERVICE ST LOUIS MO
131 AM CST MON NOV 24 2014


...................................

...THE COLUMBIA ASOS CLIMATE SUMMARY FOR NOVEMBER 23 2014...

CLIMATE NORMAL PERIOD 1981 TO 2010
CLIMATE RECORD PERIOD 1890 TO 2014


WEATHER ITEM   OBSERVED TIME   RECORD YEAR NORMAL DEPARTURE LAST
                VALUE   (LST)  VALUE       VALUE  FROM      YEAR
                                                  NORMAL
..................................................................
TEMPERATURE (F)
 YESTERDAY
  MAXIMUM         55   1215 PM  75    1974  50      5       31
  MINIMUM         42   1159 PM   4    1950  32     10       14
  AVERAGE         49                        41      8       23

PRECIPITATION (IN)
  YESTERDAY        0.66          0.82 1927   0.11   0.55     0.00
  MONTH TO DATE    1.02                      2.50  -1.48     1.47
  SINCE SEP 1     17.35                      9.68   7.67     6.72
  SINCE JAN 1     41.64                     39.43   2.21    39.81

SNOWFALL (IN)
  YESTERDAY        0.0           1.5  1971   0.0    0.0      0.0
  MONTH TO DATE    0.5                       0.5    0.0      0.0
  SINCE SEP 1      0.5                       0.5    0.0      0.0
  SINCE JUL 1      0.5                       0.5    0.0      0.0
  SNOW DEPTH       0

DEGREE DAYS
 HEATING
  YESTERDAY       16                        24     -8       42
  MONTH TO DATE  608                       436    172      447
  SINCE SEP 1    902                       799    103      771
  SINCE JUL 1    902                       801    101      771

 COOLING
  YESTERDAY        0                         0      0        0
  MONTH TO DATE    0                         0      0        0
  SINCE SEP 1    156                       164     -8      255
  SINCE JAN 1   1266                      1247     19     1322
..................................................................


WIND (MPH)
  HIGHEST WIND SPEED    32   HIGHEST WIND DIRECTION    NW (320)
  HIGHEST GUST SPEED    42   HIGHEST GUST DIRECTION    NW (320)
  AVERAGE WIND SPEED    11.0


SKY COVER
  AVERAGE SKY COVER 0.9


WEATHER CONDITIONS
 THE FOLLOWING WEATHER WAS RECORDED YESTERDAY.
  HEAVY RAIN
  RAIN
  LIGHT RAIN
  FOG
  FOG W/VISIBILITY <= 1/4 MILE


RELATIVE HUMIDITY (PERCENT)
 HIGHEST   100
 LOWEST     89
 AVERAGE    95

..........................................................


THE COLUMBIA ASOS CLIMATE NORMALS FOR TODAY
                         NORMAL    RECORD    YEAR
 MAXIMUM TEMPERATURE (F)   49        70      1966
 MINIMUM TEMPERATURE (F)   31         4      1950


SUNRISE AND SUNSET
NOVEMBER 24 2014......SUNRISE   701 AM CST   SUNSET   450 PM CST
NOVEMBER 25 2014......SUNRISE   702 AM CST   SUNSET   449 PM CST


-  INDICATES NEGATIVE NUMBERS.
R  INDICATES RECORD WAS SET OR TIED.
MM INDICATES DATA IS MISSING.
T  INDICATES TRACE AMOUNT.




$$
