000
CDUS43 KLSX 262231
CLICOU


CLIMATE REPORT
NATIONAL WEATHER SERVICE ST LOUIS MO
526 PM CDT THU MAR 26 2015


...................................

...THE COLUMBIA ASOS CLIMATE SUMMARY FOR MARCH 26 2015...
VALID TODAY AS OF 0500 PM LOCAL TIME.

CLIMATE NORMAL PERIOD 1981 TO 2010
CLIMATE RECORD PERIOD 1890 TO 2015


WEATHER ITEM   OBSERVED TIME   RECORD YEAR NORMAL DEPARTURE LAST
                VALUE   (LST)  VALUE       VALUE  FROM      YEAR
                                                  NORMAL
..................................................................
TEMPERATURE (F)
 TODAY
  MAXIMUM         50    359 PM  86    1910  59     -9       53
  MINIMUM         36    739 AM   4    1955  37     -1       21
  AVERAGE         43                        48     -5       37

PRECIPITATION (IN)
  TODAY            0.08          3.93 2004   0.10  -0.02     0.18
  MONTH TO DATE    1.52                      2.36  -0.84     0.75
  SINCE MAR 1      1.52                      2.36  -0.84     0.75
  SINCE JAN 1      3.87                      6.53  -2.66     3.01

SNOWFALL (IN)
  TODAY            0.0           5.1  1934   0.1   -0.1      0.0
  MONTH TO DATE    1.6                       1.6    0.0      0.5
  SINCE MAR 1      1.6                       1.6    0.0      0.5
  SINCE JUL 1     12.0                      17.7   -5.7     17.8
  SNOW DEPTH       0

DEGREE DAYS
 HEATING
  TODAY           22                        17      5       28
  MONTH TO DATE  493                       555    -62      655
  SINCE MAR 1    493                       555    -62      655
  SINCE JUL 1   4548                      4501     47     5084

 COOLING
  TODAY            0                         0      0        0
  MONTH TO DATE    0                         0      0        0
  SINCE MAR 1      0                         0      0        0
  SINCE JAN 1      0                         0      0        0
..................................................................


WIND (MPH)
  HIGHEST WIND SPEED    22   HIGHEST WIND DIRECTION     N (340)
  HIGHEST GUST SPEED    28   HIGHEST GUST DIRECTION     N (20)
  AVERAGE WIND SPEED    14.7


SKY COVER
  AVERAGE SKY COVER 0.3



RELATIVE HUMIDITY (PERCENT)
 HIGHEST    96          1200 AM
 LOWEST     42           400 PM
 AVERAGE    69

..........................................................


THE COLUMBIA ASOS CLIMATE NORMALS FOR TOMORROW
                         NORMAL    RECORD    YEAR
 MAXIMUM TEMPERATURE (F)   60        86      1945
                                             1910
 MINIMUM TEMPERATURE (F)   38        11      1894


SUNRISE AND SUNSET
MARCH 26 2015.........SUNRISE   703 AM CDT   SUNSET   726 PM CDT
MARCH 27 2015.........SUNRISE   702 AM CDT   SUNSET   727 PM CDT


-  INDICATES NEGATIVE NUMBERS.
R  INDICATES RECORD WAS SET OR TIED.
MM INDICATES DATA IS MISSING.
T  INDICATES TRACE AMOUNT.




$$
