000
CDUS45 KRIW 060736
CLICPR


CLIMATE REPORT
NATIONAL WEATHER SERVICE RIVERTON WY
127 AM MDT FRI MAY 6 2016


...................................

...THE CASPER WY CLIMATE SUMMARY FOR MAY 5 2016...

CLIMATE NORMAL PERIOD 1981 TO 2010
CLIMATE RECORD PERIOD 1939 TO 2016


WEATHER ITEM   OBSERVED TIME   RECORD YEAR NORMAL DEPARTURE LAST
                VALUE   (LST)  VALUE       VALUE  FROM      YEAR
                                                  NORMAL
..................................................................
TEMPERATURE (F)
 YESTERDAY
  MAXIMUM         80    348 PM  88    2000  63     17       69
  MINIMUM         41    222 AM  20    2010  34      7       33
                                      1950
  AVERAGE         61                        49     12       51

PRECIPITATION (IN)
  YESTERDAY        0.00          2.20 2007   0.07  -0.07     0.00
  MONTH TO DATE    0.00                      0.31  -0.31     0.07
  SINCE MAR 1      4.99                      2.42   2.57     2.37
  SINCE JAN 1      6.45                      3.50   2.95     3.68

SNOWFALL (IN)
  YESTERDAY        0.0                       0.2   -0.2      0.0
  MONTH TO DATE    0.0                       1.0   -1.0      0.0
  SINCE MAR 1     27.9                      23.5    4.4     14.0
  SINCE JUL 1     86.6                      72.9   13.7     65.4
  SNOW DEPTH       0

DEGREE DAYS
 HEATING
  YESTERDAY        4                        16    -12       14
  MONTH TO DATE   72                        85    -13       63
  SINCE MAR 1   1578                      1679   -101     1464
  SINCE JUL 1   6513                      7127   -614     6515

 COOLING
  YESTERDAY        0                         0      0        0
  MONTH TO DATE    0                         0      0        0
  SINCE MAR 1      0                         0      0        0
  SINCE JAN 1      0                         0      0        0
..................................................................


WIND (MPH)
  HIGHEST WIND SPEED    23   HIGHEST WIND DIRECTION    SW (210)
  HIGHEST GUST SPEED    31   HIGHEST GUST DIRECTION    SW (210)
  AVERAGE WIND SPEED     8.1


SKY COVER
  POSSIBLE SUNSHINE  MM
  AVERAGE SKY COVER 0.0


WEATHER CONDITIONS
 THE FOLLOWING WEATHER WAS RECORDED YESTERDAY.
  NO SIGNIFICANT WEATHER WAS OBSERVED.


RELATIVE HUMIDITY (PERCENT)
 HIGHEST    80          1100 PM
 LOWEST     12           500 PM
 AVERAGE    46

..........................................................


THE CASPER WY CLIMATE NORMALS FOR TODAY
                         NORMAL    RECORD    YEAR
 MAXIMUM TEMPERATURE (F)   64        86      1992
                                             1966
 MINIMUM TEMPERATURE (F)   34        20      2010


SUNRISE AND SUNSET
MAY  6 2016...........SUNRISE   553 AM MDT   SUNSET   813 PM MDT
MAY  7 2016...........SUNRISE   551 AM MDT   SUNSET   814 PM MDT


-  INDICATES NEGATIVE NUMBERS.
R  INDICATES RECORD WAS SET OR TIED.
MM INDICATES DATA IS MISSING.
T  INDICATES TRACE AMOUNT.




$$
