000
CDUS45 KRIW 290734
CLICPR


CLIMATE REPORT
NATIONAL WEATHER SERVICE RIVERTON WY
133 AM MDT FRI AUG 29 2014


...................................

...THE CASPER WY CLIMATE SUMMARY FOR AUGUST 28 2014...

CLIMATE NORMAL PERIOD 1981 TO 2010
CLIMATE RECORD PERIOD 1939 TO 2014


WEATHER ITEM   OBSERVED TIME   RECORD YEAR NORMAL DEPARTURE LAST
                VALUE   (LST)  VALUE       VALUE  FROM      YEAR
                                                  NORMAL
..................................................................
TEMPERATURE (F)
 YESTERDAY
  MAXIMUM         82    255 PM  95    2012  83     -1       93
                                      1995
  MINIMUM         52   1145 PM  34    2004  49      3       61
  AVERAGE         67                        66      1       77

PRECIPITATION (IN)
  YESTERDAY        T             0.23 1964   0.02  -0.02     0.00
  MONTH TO DATE    0.97                      0.78   0.19     0.70
  SINCE JUN 1      3.49                      3.80  -0.31     3.23
  SINCE JAN 1      8.25                      9.01  -0.76     9.20

SNOWFALL (IN)
  YESTERDAY        0.0                       0.0    0.0      0.0
  MONTH TO DATE    0.0                       0.0    0.0      0.0
  SINCE JUN 1      T                         0.1   -0.1      0.0
  SINCE JUL 1      T                         0.0    0.0      0.0
  SNOW DEPTH       0

DEGREE DAYS
 HEATING
  YESTERDAY        0                         2     -2        0
  MONTH TO DATE   25                        22      3        0
  SINCE JUN 1    199                       174     25       72
  SINCE JUL 1     41                        38      3        0

 COOLING
  YESTERDAY        2                         3     -1       12
  MONTH TO DATE  113                       144    -31      190
  SINCE JUN 1    318                       385    -67      503
  SINCE JAN 1    324                       389    -65      513
..................................................................


WIND (MPH)
  HIGHEST WIND SPEED    14   HIGHEST WIND DIRECTION    NW (330)
  HIGHEST GUST SPEED    19   HIGHEST GUST DIRECTION    NW (330)
  AVERAGE WIND SPEED     7.0


SKY COVER
  POSSIBLE SUNSHINE  MM
  AVERAGE SKY COVER 0.4


WEATHER CONDITIONS
 THE FOLLOWING WEATHER WAS RECORDED YESTERDAY.
  NO SIGNIFICANT WEATHER WAS OBSERVED.


RELATIVE HUMIDITY (PERCENT)
 HIGHEST    93          1200 AM
 LOWEST     21           200 PM
 AVERAGE    57

..........................................................


THE CASPER WY CLIMATE NORMALS FOR TODAY
                         NORMAL    RECORD    YEAR
 MAXIMUM TEMPERATURE (F)   83        97      2012
 MINIMUM TEMPERATURE (F)   48        39      2004


SUNRISE AND SUNSET
AUGUST 29 2014........SUNRISE   627 AM MDT   SUNSET   745 PM MDT
AUGUST 30 2014........SUNRISE   628 AM MDT   SUNSET   744 PM MDT


-  INDICATES NEGATIVE NUMBERS.
R  INDICATES RECORD WAS SET OR TIED.
MM INDICATES DATA IS MISSING.
T  INDICATES TRACE AMOUNT.




$$
