000
CDUS45 KRIW 290755
CLICPR


CLIMATE REPORT
NATIONAL WEATHER SERVICE RIVERTON WY
136 AM MDT WED MAR 29 2017


...................................

...THE CASPER WY CLIMATE SUMMARY FOR MARCH 28 2017...

CLIMATE NORMAL PERIOD 1981 TO 2010
CLIMATE RECORD PERIOD 1939 TO 2017


WEATHER ITEM   OBSERVED TIME   RECORD YEAR NORMAL DEPARTURE LAST
                VALUE   (LST)  VALUE       VALUE  FROM      YEAR
                                                  NORMAL
..................................................................
TEMPERATURE (F)
 YESTERDAY
  MAXIMUM         43    424 PM  75    2015  52     -9       59
  MINIMUM         30   1158 PM  -6    1944  25      5       34
  AVERAGE         37                        38     -1       47

PRECIPITATION (IN)
  YESTERDAY        0.03          0.50 2007   0.03   0.00      T
  MONTH TO DATE    0.67                      0.72  -0.05     0.41
  SINCE MAR 1      0.67                      0.72  -0.05     0.41
  SINCE JAN 1      2.02                      1.80   0.22     1.87

SNOWFALL (IN)
  YESTERDAY        0.0                       0.4   -0.4      0.0
  MONTH TO DATE    2.3                       9.7   -7.4      2.1
  SINCE MAR 1      2.3                       9.7   -7.4      2.1
  SINCE JUL 1     55.8                      59.1   -3.3     60.8
  SNOW DEPTH       0

DEGREE DAYS
 HEATING
  YESTERDAY       28                        27      1       18
  MONTH TO DATE  644                       846   -202      758
  SINCE MAR 1    644                       846   -202      758
  SINCE JUL 1   5834                      6294   -460     5693

 COOLING
  YESTERDAY        0                         0      0        0
  MONTH TO DATE    0                         0      0        0
  SINCE MAR 1      0                         0      0        0
  SINCE JAN 1      0                         0      0        0
..................................................................


WIND (MPH)
  HIGHEST WIND SPEED    28   HIGHEST WIND DIRECTION     N (10)
  HIGHEST GUST SPEED    33   HIGHEST GUST DIRECTION     N (20)
  AVERAGE WIND SPEED    12.4


SKY COVER
  POSSIBLE SUNSHINE  MM
  AVERAGE SKY COVER 1.0


WEATHER CONDITIONS
 THE FOLLOWING WEATHER WAS RECORDED YESTERDAY.
  LIGHT RAIN
  FOG


RELATIVE HUMIDITY (PERCENT)
 HIGHEST    92           700 AM
 LOWEST     70          1200 AM
 AVERAGE    81

..........................................................


THE CASPER WY CLIMATE NORMALS FOR TODAY
                         NORMAL    RECORD    YEAR
 MAXIMUM TEMPERATURE (F)   52        74      1986
 MINIMUM TEMPERATURE (F)   25         0      1975


SUNRISE AND SUNSET
MARCH 29 2017.........SUNRISE   653 AM MDT   SUNSET   729 PM MDT
MARCH 30 2017.........SUNRISE   651 AM MDT   SUNSET   730 PM MDT


-  INDICATES NEGATIVE NUMBERS.
R  INDICATES RECORD WAS SET OR TIED.
MM INDICATES DATA IS MISSING.
T  INDICATES TRACE AMOUNT.




$$
