000
CDUS45 KRIW 240032
CLICPR


CLIMATE REPORT
NATIONAL WEATHER SERVICE RIVERTON WY
631 PM MDT WED AUG 23 2017


...................................

...THE CASPER WY CLIMATE SUMMARY FOR AUGUST 23 2017...
VALID TODAY AS OF 0500 PM LOCAL TIME.

CLIMATE NORMAL PERIOD 1981 TO 2010
CLIMATE RECORD PERIOD 1939 TO 2017


WEATHER ITEM   OBSERVED TIME   RECORD YEAR NORMAL DEPARTURE LAST
                VALUE   (LST)  VALUE       VALUE  FROM      YEAR
                                                  NORMAL
..................................................................
TEMPERATURE (F)
 TODAY
  MAXIMUM         90        MM  97    2006  85      5       83
  MINIMUM         46    300 AM  29    2015  50     -4       43
  AVERAGE         68                        68      0       63

PRECIPITATION (IN)
  TODAY            0.00          0.80 1972   0.03  -0.03     0.00
  MONTH TO DATE    0.90                      0.67   0.23     0.52
  SINCE JUN 1      2.28                      3.69  -1.41     1.93
  SINCE JAN 1      9.88                      8.90   0.98    11.39

SNOWFALL (IN)
  TODAY            0.0                       0.0    0.0      0.0
  MONTH TO DATE    0.0                       0.0    0.0      0.0
  SINCE JUN 1      0.0                       0.1   -0.1      0.0
  SINCE JUL 1      0.0                       0.0    0.0      0.0
  SNOW DEPTH       0

DEGREE DAYS
 HEATING
  TODAY            0                         1     -1        2
  MONTH TO DATE   20                        14      6       32
  SINCE JUN 1    112                       166    -54       74
  SINCE JUL 1     21                        30     -9       37

 COOLING
  TODAY            3                         4     -1        0
  MONTH TO DATE   50                       128    -78      103
  SINCE JUN 1    345                       369    -24      412
  SINCE JAN 1    345                       373    -28      412
..................................................................


WIND (MPH)
  HIGHEST WIND SPEED    20   HIGHEST WIND DIRECTION     S (200)
  HIGHEST GUST SPEED    18   HIGHEST GUST DIRECTION     W (280)
  AVERAGE WIND SPEED    10.0


SKY COVER
  POSSIBLE SUNSHINE  MM
  AVERAGE SKY COVER 0.0


WEATHER CONDITIONS
 THE FOLLOWING WEATHER WAS RECORDED TODAY.
  NO SIGNIFICANT WEATHER WAS OBSERVED.


RELATIVE HUMIDITY (PERCENT)
 HIGHEST    66           300 AM
 LOWEST     10           300 PM
 AVERAGE    38

..........................................................


THE CASPER WY CLIMATE NORMALS FOR TOMORROW
                         NORMAL    RECORD    YEAR
 MAXIMUM TEMPERATURE (F)   85        97      1994
 MINIMUM TEMPERATURE (F)   50        39      2010


SUNRISE AND SUNSET
AUGUST 23 2017........SUNRISE   621 AM MDT   SUNSET   755 PM MDT
AUGUST 24 2017........SUNRISE   622 AM MDT   SUNSET   753 PM MDT


-  INDICATES NEGATIVE NUMBERS.
R  INDICATES RECORD WAS SET OR TIED.
MM INDICATES DATA IS MISSING.
T  INDICATES TRACE AMOUNT.




$$
