000
CDUS45 KRIW 260738
CLICPR


CLIMATE REPORT
NATIONAL WEATHER SERVICE RIVERTON WY
138 AM MDT THU MAY 26 2016


...................................

...THE CASPER WY CLIMATE SUMMARY FOR MAY 25 2016...

CLIMATE NORMAL PERIOD 1981 TO 2010
CLIMATE RECORD PERIOD 1939 TO 2016


WEATHER ITEM   OBSERVED TIME   RECORD YEAR NORMAL DEPARTURE LAST
                VALUE   (LST)  VALUE       VALUE  FROM      YEAR
                                                  NORMAL
..................................................................
TEMPERATURE (F)
 YESTERDAY
  MAXIMUM         63    246 PM  85    2006  70     -7       63
                                      2003
                                      1969
  MINIMUM         35    322 AM  29    2002  40     -5       44
  AVERAGE         49                        55     -6       54

PRECIPITATION (IN)
  YESTERDAY        0.18          0.78 1962   0.06   0.12     0.01
  MONTH TO DATE    2.81                      1.64   1.17     3.39
  SINCE MAR 1      7.80                      3.75   4.05     5.69
  SINCE JAN 1      9.26                      4.83   4.43     7.00

SNOWFALL (IN)
  YESTERDAY        0.0                       0.0    0.0      0.0
  MONTH TO DATE    0.0                       2.8   -2.8      6.3
  SINCE MAR 1     27.9                      25.3    2.6     20.3
  SINCE JUL 1     86.6                      74.7   11.9     71.7
  SNOW DEPTH       0

DEGREE DAYS
 HEATING
  YESTERDAY       16                        10      6       11
  MONTH TO DATE  391                       346     45      435
  SINCE MAR 1   1897                      1940    -43     1836
  SINCE JUL 1   6832                      7388   -556     6887

 COOLING
  YESTERDAY        0                         0      0        0
  MONTH TO DATE    0                         0      0        0
  SINCE MAR 1      0                         0      0        0
  SINCE JAN 1      0                         0      0        0
..................................................................


WIND (MPH)
  HIGHEST WIND SPEED    30   HIGHEST WIND DIRECTION     W (250)
  HIGHEST GUST SPEED    38   HIGHEST GUST DIRECTION    SW (240)
  AVERAGE WIND SPEED    10.8


SKY COVER
  POSSIBLE SUNSHINE  MM
  AVERAGE SKY COVER 0.4


WEATHER CONDITIONS
 THE FOLLOWING WEATHER WAS RECORDED YESTERDAY.
  THUNDERSTORM
  LIGHT RAIN
  HAZE


RELATIVE HUMIDITY (PERCENT)
 HIGHEST    85           100 AM
 LOWEST     34          1000 AM
 AVERAGE    60

..........................................................


THE CASPER WY CLIMATE NORMALS FOR TODAY
                         NORMAL    RECORD    YEAR
 MAXIMUM TEMPERATURE (F)   71        91      2006
 MINIMUM TEMPERATURE (F)   40        29      1989
                                             1950


SUNRISE AND SUNSET
MAY 26 2016...........SUNRISE   533 AM MDT   SUNSET   834 PM MDT
MAY 27 2016...........SUNRISE   532 AM MDT   SUNSET   834 PM MDT


-  INDICATES NEGATIVE NUMBERS.
R  INDICATES RECORD WAS SET OR TIED.
MM INDICATES DATA IS MISSING.
T  INDICATES TRACE AMOUNT.




$$
