000
CDUS45 KRIW 140744
CLICPR


CLIMATE REPORT
NATIONAL WEATHER SERVICE RIVERTON WY
1233 AM MST SUN FEB 14 2016


...................................

...THE CASPER WY CLIMATE SUMMARY FOR FEBRUARY 13 2016...

CLIMATE NORMAL PERIOD 1981 TO 2010
CLIMATE RECORD PERIOD 1939 TO 2016


WEATHER ITEM   OBSERVED TIME   RECORD YEAR NORMAL DEPARTURE LAST
                VALUE   (LST)  VALUE       VALUE  FROM      YEAR
                                                  NORMAL
..................................................................
TEMPERATURE (F)
 YESTERDAY
  MAXIMUM         48    315 PM  61    2015  37     11       61
  MINIMUM         25   1114 PM -20    1949  15     10       28
  AVERAGE         37                        26     11       45

PRECIPITATION (IN)
  YESTERDAY        T             0.34 1952   0.02  -0.02     0.00
  MONTH TO DATE    0.34                      0.25   0.09     0.30
  SINCE DEC 1      2.39                      1.25   1.14     2.07
  SINCE JAN 1      1.33                      0.76   0.57     0.82

SNOWFALL (IN)
  YESTERDAY        0.0                       0.4   -0.4      0.0
  MONTH TO DATE   14.6                       4.5   10.1      3.0
  SINCE DEC 1     44.8                      24.6   20.2     27.2
  SINCE JUL 1     58.1                      44.1   14.0     42.0
  SNOW DEPTH       2

DEGREE DAYS
 HEATING
  YESTERDAY       28                        39    -11       20
  MONTH TO DATE  521                       516      5      331
  SINCE DEC 1   2971                      3039    -68     2638
  SINCE JUL 1   4493                      4893   -400     4413

 COOLING
  YESTERDAY        0                         0      0        0
  MONTH TO DATE    0                         0      0        0
  SINCE DEC 1      0                         0      0        0
  SINCE JAN 1      0                         0      0        0
..................................................................


WIND (MPH)
  HIGHEST WIND SPEED    33   HIGHEST WIND DIRECTION    SW (240)
  HIGHEST GUST SPEED    46   HIGHEST GUST DIRECTION    SW (210)
  AVERAGE WIND SPEED    18.1


SKY COVER
  POSSIBLE SUNSHINE  MM
  AVERAGE SKY COVER 0.1


WEATHER CONDITIONS
 THE FOLLOWING WEATHER WAS RECORDED YESTERDAY.
  NO SIGNIFICANT WEATHER WAS OBSERVED.


RELATIVE HUMIDITY (PERCENT)
 HIGHEST    81           900 PM
 LOWEST     36           200 PM
 AVERAGE    59

..........................................................


THE CASPER WY CLIMATE NORMALS FOR TODAY
                         NORMAL    RECORD    YEAR
 MAXIMUM TEMPERATURE (F)   37        57      2015
                                             1981
 MINIMUM TEMPERATURE (F)   15       -14      2010


SUNRISE AND SUNSET
FEBRUARY 14 2016......SUNRISE   705 AM MST   SUNSET   535 PM MST
FEBRUARY 15 2016......SUNRISE   704 AM MST   SUNSET   537 PM MST


-  INDICATES NEGATIVE NUMBERS.
R  INDICATES RECORD WAS SET OR TIED.
MM INDICATES DATA IS MISSING.
T  INDICATES TRACE AMOUNT.




$$
