000
CDUS45 KRIW 240042
CLICPR


CLIMATE REPORT
NATIONAL WEATHER SERVICE RIVERTON WY
636 PM MDT TUE SEP 23 2014


...................................

...THE CASPER WY CLIMATE SUMMARY FOR SEPTEMBER 23 2014...
VALID TODAY AS OF 0500 PM LOCAL TIME.

CLIMATE NORMAL PERIOD 1981 TO 2010
CLIMATE RECORD PERIOD 1939 TO 2014


WEATHER ITEM   OBSERVED TIME   RECORD YEAR NORMAL DEPARTURE LAST
                VALUE   (LST)  VALUE       VALUE  FROM      YEAR
                                                  NORMAL
..................................................................
TEMPERATURE (F)
 TODAY
  MAXIMUM         80        MM  90    1992  70     10       70
  MINIMUM         52        MM  24    2000  38     14       39
  AVERAGE         66                        54     12       55

PRECIPITATION (IN)
  TODAY            T             0.29 2000   0.04  -0.04      T
                                      1961
  MONTH TO DATE    0.21                      0.79  -0.58     0.45
  SINCE SEP 1      0.21                      0.79  -0.58     0.45
  SINCE JAN 1      8.59                      9.87  -1.28     9.65

SNOWFALL (IN)
  TODAY            0.0                       0.1   -0.1      0.0
  MONTH TO DATE    1.0                       1.0    0.0      0.0
  SINCE SEP 1      1.0                       1.0    0.0      0.0
  SINCE JUL 1      1.0                       1.0    0.0      0.0
  SNOW DEPTH       0

DEGREE DAYS
 HEATING
  TODAY            0                        11    -11       10
  MONTH TO DATE  147                       151     -4       76
  SINCE SEP 1    147                       151     -4       76
  SINCE JUL 1    194                       197     -3       76

 COOLING
  TODAY            1                         0      1        0
  MONTH TO DATE   21                        24     -3       80
  SINCE SEP 1     21                        24     -3       80
  SINCE JAN 1    349                       421    -72      618
..................................................................


WIND (MPH)
  HIGHEST WIND SPEED    16   HIGHEST WIND DIRECTION    SW (230)
  HIGHEST GUST SPEED    22   HIGHEST GUST DIRECTION     W (250)
  AVERAGE WIND SPEED    11.6


SKY COVER
  POSSIBLE SUNSHINE  MM
  AVERAGE SKY COVER 0.3


WEATHER CONDITIONS
 THE FOLLOWING WEATHER WAS RECORDED TODAY.
  LIGHT RAIN


RELATIVE HUMIDITY (PERCENT)
 HIGHEST    59           400 AM
 LOWEST     23           100 PM
 AVERAGE    41

..........................................................


THE CASPER WY CLIMATE NORMALS FOR TOMORROW
                         NORMAL    RECORD    YEAR
 MAXIMUM TEMPERATURE (F)   70        87      1966
 MINIMUM TEMPERATURE (F)   38        22      1984


SUNRISE AND SUNSET
SEPTEMBER 23 2014.....SUNRISE   654 AM MDT   SUNSET   701 PM MDT
SEPTEMBER 24 2014.....SUNRISE   655 AM MDT   SUNSET   659 PM MDT


-  INDICATES NEGATIVE NUMBERS.
R  INDICATES RECORD WAS SET OR TIED.
MM INDICATES DATA IS MISSING.
T  INDICATES TRACE AMOUNT.




$$
