000
CDUS45 KRIW 010735
CLICPR


CLIMATE REPORT
NATIONAL WEATHER SERVICE RIVERTON WY
135 AM MDT TUE SEP 1 2015


...................................

...THE CASPER WY CLIMATE SUMMARY FOR AUGUST 31 2015...

CLIMATE NORMAL PERIOD 1981 TO 2010
CLIMATE RECORD PERIOD 1939 TO 2015


WEATHER ITEM   OBSERVED TIME   RECORD YEAR NORMAL DEPARTURE LAST
                VALUE   (LST)  VALUE       VALUE  FROM      YEAR
                                                  NORMAL
..................................................................
TEMPERATURE (F)
 YESTERDAY
  MAXIMUM         88    254 PM  94    2007  82      6       73
                                      1954
  MINIMUM         60    637 AM  33    1977  48     12       44
                                      1965
  AVERAGE         74                        65      9       59

PRECIPITATION (IN)
  YESTERDAY        0.00          0.14 1972   0.02  -0.02     0.09
  MONTH TO DATE    0.83                      0.85  -0.02     1.10
  SINCE JUN 1      2.90                      3.87  -0.97     3.62
  SINCE JAN 1     10.40                      9.08   1.32     8.38

SNOWFALL (IN)
  YESTERDAY        0.0                       0.0    0.0      0.0
  MONTH TO DATE    0.0                       0.0    0.0      0.0
  SINCE JUN 1      0.0                       0.1   -0.1       T
  SINCE JUL 1      0.0                       0.0    0.0       T
  SNOW DEPTH       0

DEGREE DAYS
 HEATING
  YESTERDAY        0                         3     -3        6
  MONTH TO DATE   44                        29     15       31
  SINCE JUN 1     86                       182    -96      205
  SINCE JUL 1     60                        46     14       47

 COOLING
  YESTERDAY        9                         3      6        0
  MONTH TO DATE  152                       152      0      117
  SINCE JUN 1    358                       393    -35      322
  SINCE JAN 1    358                       397    -39      328
..................................................................


WIND (MPH)
  HIGHEST WIND SPEED    29   HIGHEST WIND DIRECTION     W (250)
  HIGHEST GUST SPEED    39   HIGHEST GUST DIRECTION     W (250)
  AVERAGE WIND SPEED    14.4


SKY COVER
  POSSIBLE SUNSHINE  MM
  AVERAGE SKY COVER 0.0


WEATHER CONDITIONS
 THE FOLLOWING WEATHER WAS RECORDED YESTERDAY.
  NO SIGNIFICANT WEATHER WAS OBSERVED.


RELATIVE HUMIDITY (PERCENT)
 HIGHEST    52           600 AM
 LOWEST     10           300 PM
 AVERAGE    31

..........................................................


THE CASPER WY CLIMATE NORMALS FOR TODAY
                         NORMAL    RECORD    YEAR
 MAXIMUM TEMPERATURE (F)   82        97      1995
 MINIMUM TEMPERATURE (F)   47        32      1965


SUNRISE AND SUNSET
SEPTEMBER  1 2015.....SUNRISE   630 AM MDT   SUNSET   741 PM MDT
SEPTEMBER  2 2015.....SUNRISE   631 AM MDT   SUNSET   739 PM MDT


-  INDICATES NEGATIVE NUMBERS.
R  INDICATES RECORD WAS SET OR TIED.
MM INDICATES DATA IS MISSING.
T  INDICATES TRACE AMOUNT.




$$
