000
CDUS46 KLOX 240112
CLICQT


CLIMATE REPORT
NATIONAL WEATHER SERVICE LOS ANGELES/OXNARD CA
612 PM PDT SAT JUL 23 2016


...................................

...THE DOWNTOWN LOS ANGELES (USC) CA CLIMATE SUMMARY FOR JULY 23 2016...
VALID TODAY AS OF 0600 PM LOCAL TIME.

CLIMATE NORMAL PERIOD 1981 TO 2010
CLIMATE RECORD PERIOD 1877 TO 2016


WEATHER ITEM   OBSERVED TIME   RECORD YEAR NORMAL DEPARTURE LAST
                VALUE   (LST)  VALUE       VALUE  FROM      YEAR
                                                  NORMAL
..................................................................
TEMPERATURE (F)
 TODAY
  MAXIMUM         97R  1113 AM  97    2006  84     13       82
                                      1890
                                      1887
  MINIMUM         71    402 AM  53    1903  64      7       68
                                      1880
  AVERAGE         84                        74     10       75

PRECIPITATION (IN)
  TODAY            0.00          0.08 1986   0.00   0.00     0.00
  MONTH TO DATE    0.00                      0.01  -0.01     0.38
  SINCE OCT 1      6.88                     14.65  -7.77     8.85
  SINCE JAN 1      5.85                     10.62  -4.77     4.24

SNOWFALL (IN)
  TODAY            0.0
  MONTH TO DATE    0.0
  SINCE JUN 1      0.0
  SINCE JUL 1      0.0

DEGREE DAYS
 HEATING
  TODAY            0                         0      0        0
  MONTH TO DATE    0                         0      0        0
  SINCE JUN 1      0                         8     -8        0
  SINCE JUL 1      0                         0      0        0

 COOLING
  TODAY           19                         9     10       10
  MONTH TO DATE  209                       189     20      189
  SINCE JUN 1    404                       323     81      364
  SINCE JAN 1    611                       477    134      652
..................................................................


WIND (MPH)
  HIGHEST WIND SPEED     9   HIGHEST WIND DIRECTION     W (270)
  HIGHEST GUST SPEED    14   HIGHEST GUST DIRECTION     W (280)
  AVERAGE WIND SPEED     1.1


SKY COVER
  POSSIBLE SUNSHINE  MM
  AVERAGE SKY COVER 0.4


WEATHER CONDITIONS
 THE FOLLOWING WEATHER WAS RECORDED TODAY.
  NO SIGNIFICANT WEATHER WAS OBSERVED.


RELATIVE HUMIDITY (PERCENT)
 HIGHEST    73           400 AM
 LOWEST     33          1100 AM
 AVERAGE    53

..........................................................


THE DOWNTOWN LOS ANGELES (USC) CA CLIMATE NORMALS FOR TOMORROW
                         NORMAL    RECORD    YEAR
 MAXIMUM TEMPERATURE (F)   84       103      1891
 MINIMUM TEMPERATURE (F)   64        52      1882


SUNRISE AND SUNSET
JULY 23 2016..........SUNRISE   559 AM PDT   SUNSET   800 PM PDT
JULY 24 2016..........SUNRISE   559 AM PDT   SUNSET   800 PM PDT


-  INDICATES NEGATIVE NUMBERS.
R  INDICATES RECORD WAS SET OR TIED.
MM INDICATES DATA IS MISSING.
T  INDICATES TRACE AMOUNT.




$$
