000
CDUS46 KLOX 300113
CLICQT


CLIMATE REPORT
NATIONAL WEATHER SERVICE LOS ANGELES/OXNARD CA
613 PM PDT FRI MAY 29 2015


...................................

...THE DOWNTOWN LOS ANGELES (USC) CA CLIMATE SUMMARY FOR MAY 29 2015...
VALID TODAY AS OF 0600 PM LOCAL TIME.

CLIMATE NORMAL PERIOD 1981 TO 2010
CLIMATE RECORD PERIOD 1877 TO 2015


WEATHER ITEM   OBSERVED TIME   RECORD YEAR NORMAL DEPARTURE LAST
                VALUE   (LST)  VALUE       VALUE  FROM      YEAR
                                                  NORMAL
..................................................................
TEMPERATURE (F)
 TODAY
  MAXIMUM         77   1135 AM  99    1978  75      2       78
  MINIMUM         58    141 AM  46    1881  58      0       63
  AVERAGE         68                        67      1       71

PRECIPITATION (IN)
  TODAY            0.00          0.09 1918   0.00   0.00     0.00
  MONTH TO DATE    0.93                      0.25   0.68     0.00
  SINCE OCT 1      8.46                     14.54  -6.08     5.99
  SINCE JAN 1      3.85                     10.51  -6.66     5.11

SNOWFALL (IN)
  TODAY            0.0
  MONTH TO DATE    0.0
  SINCE MAR 1      0.0
  SINCE JUL 1      0.0

DEGREE DAYS
 HEATING
  TODAY            0                         1     -1        0
  MONTH TO DATE   41                        42     -1        9
  SINCE MAR 1    107                       300   -193      124
  SINCE JUL 1    470                      1075   -605      601

 COOLING
  TODAY            3                         2      1        6
  MONTH TO DATE   19                        58    -39      175
  SINCE MAR 1    227                       122    105      261
  SINCE JAN 1    284                       145    139      284
..................................................................


WIND (MPH)
  HIGHEST WIND SPEED     8   HIGHEST WIND DIRECTION     W (270)
  HIGHEST GUST SPEED    13   HIGHEST GUST DIRECTION     W (280)
  AVERAGE WIND SPEED     1.5


SKY COVER
  POSSIBLE SUNSHINE  MM
  AVERAGE SKY COVER 0.4


WEATHER CONDITIONS
 THE FOLLOWING WEATHER WAS RECORDED TODAY.
  FOG
  HAZE


RELATIVE HUMIDITY (PERCENT)
 HIGHEST    87          1200 AM
 LOWEST     54          1200 PM
 AVERAGE    71

..........................................................


THE DOWNTOWN LOS ANGELES (USC) CA CLIMATE NORMALS FOR TOMORROW
                         NORMAL    RECORD    YEAR
 MAXIMUM TEMPERATURE (F)   75        95      1972
 MINIMUM TEMPERATURE (F)   58        48      1878


SUNRISE AND SUNSET
MAY 29 2015...........SUNRISE   544 AM PDT   SUNSET   757 PM PDT
MAY 30 2015...........SUNRISE   544 AM PDT   SUNSET   758 PM PDT


-  INDICATES NEGATIVE NUMBERS.
R  INDICATES RECORD WAS SET OR TIED.
MM INDICATES DATA IS MISSING.
T  INDICATES TRACE AMOUNT.




$$
