000
CDUS46 KLOX 200909
CLICQT


CLIMATE REPORT
NATIONAL WEATHER SERVICE LOS ANGELES/OXNARD CA
108 AM PST TUE FEB 20 2018


...................................

...THE DOWNTOWN LOS ANGELES (USC) CA CLIMATE SUMMARY FOR FEBRUARY 19 2018...

CLIMATE NORMAL PERIOD 1981 TO 2010
CLIMATE RECORD PERIOD 1877 TO 2018


WEATHER ITEM   OBSERVED TIME   RECORD YEAR NORMAL DEPARTURE LAST
                VALUE   (LST)  VALUE       VALUE  FROM      YEAR
                                                  NORMAL
..................................................................
TEMPERATURE (F)
 YESTERDAY
  MAXIMUM         59   1125 AM  91    1995  69    -10       63
  MINIMUM         48   1159 PM  34    1880  50     -2       54
  AVERAGE         54                        59     -5       59

PRECIPITATION (IN)
  YESTERDAY        T             2.32 1958   0.15  -0.15     0.03
  MONTH TO DATE    0.01                      2.56  -2.55     4.05
  SINCE OCT 1      1.90                      9.71  -7.81    18.38
  SINCE JAN 1      1.78                      5.68  -3.90    12.43

SNOWFALL (IN)
  YESTERDAY       MM
  MONTH TO DATE    0.0
  SINCE DEC 1      0.0
  SINCE JUL 1      0.0

DEGREE DAYS
 HEATING
  YESTERDAY       11                         6      5        6
  MONTH TO DATE   53                       132    -79       73
  SINCE DEC 1    284                       592   -308      510
  SINCE JUL 1    302                       723   -421      581

 COOLING
  YESTERDAY        0                         1     -1        0
  MONTH TO DATE   13                         6      7        5
  SINCE DEC 1     48                        19     29       14
  SINCE JAN 1     36                        15     21        8
..................................................................


WIND (MPH)
  HIGHEST WIND SPEED    13   HIGHEST WIND DIRECTION     N (340)
  HIGHEST GUST SPEED    26   HIGHEST GUST DIRECTION     W (270)
  AVERAGE WIND SPEED     4.6


SKY COVER
  POSSIBLE SUNSHINE  MM
  AVERAGE SKY COVER 0.3


WEATHER CONDITIONS
 THE FOLLOWING WEATHER WAS RECORDED YESTERDAY.
  LIGHT RAIN


RELATIVE HUMIDITY (PERCENT)
 HIGHEST    77           200 AM
 LOWEST     24          1000 AM
 AVERAGE    51

..........................................................


THE DOWNTOWN LOS ANGELES (USC) CA CLIMATE NORMALS FOR TODAY
                         NORMAL    RECORD    YEAR
 MAXIMUM TEMPERATURE (F)   69        95      1995
 MINIMUM TEMPERATURE (F)   50        34      1882


SUNRISE AND SUNSET
FEBRUARY 20 2018......SUNRISE   632 AM PST   SUNSET   542 PM PST
FEBRUARY 21 2018......SUNRISE   631 AM PST   SUNSET   543 PM PST


-  INDICATES NEGATIVE NUMBERS.
R  INDICATES RECORD WAS SET OR TIED.
MM INDICATES DATA IS MISSING.
T  INDICATES TRACE AMOUNT.




$$
