000
CDUS42 KILM 202042
CLICRE


CLIMATE REPORT
NATIONAL WEATHER SERVICE WILMINGTON NC
442 PM EDT MON OCT 20 2014


...................................

...THE NORTH MYRTLE BEACH SC CLIMATE SUMMARY FOR OCTOBER 20 2014...
VALID TODAY AS OF 0400 PM LOCAL TIME.

CLIMATE NORMAL PERIOD 1981 TO 2010
CLIMATE RECORD PERIOD 1949 TO 2014


WEATHER ITEM   OBSERVED TIME   RECORD YEAR NORMAL DEPARTURE LAST
                VALUE   (LST)  VALUE       VALUE  FROM      YEAR
                                                  NORMAL
..................................................................
TEMPERATURE (F)
 TODAY
  MAXIMUM         73    259 PM  84    2006  74     -1       70
                                      1953
  MINIMUM         45    450 AM  36    1992  54     -9       54
  AVERAGE         59                        64     -5       62

PRECIPITATION (IN)
  TODAY            0.00                      0.13  -0.13     0.01
  MONTH TO DATE    0.35                      2.78  -2.43     1.15
  SINCE SEP 1      4.92                      9.06  -4.14     2.51
  SINCE JAN 1     33.57                     44.41 -10.84    43.27

DEGREE DAYS
 HEATING
  TODAY            6                         3      3        3
  MONTH TO DATE   26                        34     -8        4
  SINCE SEP 1     27                        38    -11        4
  SINCE JUL 1     27                        38    -11        4

 COOLING
  TODAY            0                         2     -2        0
  MONTH TO DATE  100                        78     22       89
  SINCE SEP 1    421                       386     35      366
  SINCE JAN 1   2009                      1862    147     1817
..................................................................


WIND (MPH)
  HIGHEST WIND SPEED    10   HIGHEST WIND DIRECTION    SE (120)
  HIGHEST GUST SPEED    15   HIGHEST GUST DIRECTION    SE (140)
  AVERAGE WIND SPEED     4.6


SKY COVER
  POSSIBLE SUNSHINE  MM
  AVERAGE SKY COVER 0.0


WEATHER CONDITIONS
 THE FOLLOWING WEATHER WAS RECORDED TODAY.
  NO SIGNIFICANT WEATHER WAS OBSERVED.


RELATIVE HUMIDITY (PERCENT)
 HIGHEST    93           300 AM
 LOWEST     52           900 AM
 AVERAGE    73

..........................................................


THE NORTH MYRTLE BEACH SC CLIMATE NORMALS FOR TOMORROW
                         NORMAL    RECORD    YEAR
 MAXIMUM TEMPERATURE (F)   74        83      1953
 MINIMUM TEMPERATURE (F)   54        34      1954


SUNRISE AND SUNSET
OCTOBER 20 2014.......SUNRISE   724 AM EDT   SUNSET   635 PM EDT
OCTOBER 21 2014.......SUNRISE   725 AM EDT   SUNSET   634 PM EDT


-  INDICATES NEGATIVE NUMBERS.
R  INDICATES RECORD WAS SET OR TIED.
MM INDICATES DATA IS MISSING.
T  INDICATES TRACE AMOUNT.




$$
