000
CDUS42 KILM 200843
CLICRE


CLIMATE REPORT
NATIONAL WEATHER SERVICE WILMINGTON NC
442 AM EDT SUN AUG 20 2017


...................................

...THE NORTH MYRTLE BEACH SC CLIMATE SUMMARY FOR AUGUST 19 2017...

CLIMATE NORMAL PERIOD 1981 TO 2010
CLIMATE RECORD PERIOD 1949 TO 2017


WEATHER ITEM   OBSERVED TIME   RECORD YEAR NORMAL DEPARTURE LAST
                VALUE   (LST)  VALUE       VALUE  FROM      YEAR
                                                  NORMAL
..................................................................
TEMPERATURE (F)
 YESTERDAY
  MAXIMUM         89    148 PM  94    1955  86      3       87
  MINIMUM         73    339 PM  69    2011  72      1       72
                                      1953
  AVERAGE         81                        79      2       80

PRECIPITATION (IN)
  YESTERDAY        2.18                      0.27   1.91      T
  MONTH TO DATE    9.79                      4.18   5.61     2.75
  SINCE JUN 1     15.71                     14.72   0.99     8.65
  SINCE JAN 1     28.92                     32.12  -3.20    24.39

DEGREE DAYS
 HEATING
  YESTERDAY        0                         0      0        0
  MONTH TO DATE    0                         0      0        0
  SINCE JUN 1      3                         0      3        0
  SINCE JUL 1      0                         0      0        0

 COOLING
  YESTERDAY       16                        14      2       15
  MONTH TO DATE  284                       271     13      354
  SINCE JUN 1   1136                      1104     32     1373
  SINCE JAN 1   1499                      1316    183     1669
..................................................................


WIND (MPH)
  HIGHEST WIND SPEED    23   HIGHEST WIND DIRECTION     W (290)
  HIGHEST GUST SPEED    37   HIGHEST GUST DIRECTION    NW (300)
  AVERAGE WIND SPEED    10.4


SKY COVER
  POSSIBLE SUNSHINE  MM
  AVERAGE SKY COVER 0.2


WEATHER CONDITIONS
 THE FOLLOWING WEATHER WAS RECORDED YESTERDAY.
  THUNDERSTORM
  HEAVY RAIN
  LIGHT RAIN
  FOG


RELATIVE HUMIDITY (PERCENT)
 HIGHEST   100           400 PM
 LOWEST     70          1000 AM
 AVERAGE    85

..........................................................


THE NORTH MYRTLE BEACH SC CLIMATE NORMALS FOR TODAY
                         NORMAL    RECORD    YEAR
 MAXIMUM TEMPERATURE (F)   86        95      2005
 MINIMUM TEMPERATURE (F)   72        64      1998


SUNRISE AND SUNSET
AUGUST 20 2017........SUNRISE   640 AM EDT   SUNSET   755 PM EDT
AUGUST 21 2017........SUNRISE   641 AM EDT   SUNSET   754 PM EDT


-  INDICATES NEGATIVE NUMBERS.
R  INDICATES RECORD WAS SET OR TIED.
MM INDICATES DATA IS MISSING.
T  INDICATES TRACE AMOUNT.




$$
