000
CDUS42 KILM 080940
CLICRE


CLIMATE REPORT
NATIONAL WEATHER SERVICE WILMINGTON NC
440 AM EST THU DEC 8 2016


...................................

...THE NORTH MYRTLE BEACH SC CLIMATE SUMMARY FOR DECEMBER 7 2016...

CLIMATE NORMAL PERIOD 1981 TO 2010
CLIMATE RECORD PERIOD 1949 TO 2016


WEATHER ITEM   OBSERVED TIME   RECORD YEAR NORMAL DEPARTURE LAST
                VALUE   (LST)  VALUE       VALUE  FROM      YEAR
                                                  NORMAL
..................................................................
TEMPERATURE (F)
 YESTERDAY
  MAXIMUM         62    149 PM  79    1998  60      2       55
  MINIMUM         46   1044 PM  20    1954  41      5       49
  AVERAGE         54                        51      3       52

PRECIPITATION (IN)
  YESTERDAY        0.00                      0.11  -0.11     0.84
  MONTH TO DATE    1.17                      0.83   0.34     0.88
  SINCE DEC 1      1.17                      0.83   0.34     0.88
  SINCE JAN 1     54.74                     49.38   5.36    62.59

SNOWFALL (IN)
  YESTERDAY       MM
  MONTH TO DATE   MM
  SINCE DEC 1     MM
  SINCE JUL 1     MM
  SNOW DEPTH      MM

DEGREE DAYS
 HEATING
  YESTERDAY       11                        15     -4       13
  MONTH TO DATE   76                        97    -21       58
  SINCE DEC 1     76                        97    -21       58
  SINCE JUL 1    379                       458    -79      255

 COOLING
  YESTERDAY        0                         0      0        0
  MONTH TO DATE    0                         0      0        1
  SINCE DEC 1      0                         0      0        1
  SINCE JAN 1   2370                      1899    471     2211
..................................................................


WIND (MPH)
  HIGHEST WIND SPEED    13   HIGHEST WIND DIRECTION    NW (320)
  HIGHEST GUST SPEED    18   HIGHEST GUST DIRECTION    NW (320)
  AVERAGE WIND SPEED     5.4


SKY COVER
  POSSIBLE SUNSHINE  MM
  AVERAGE SKY COVER 0.4


WEATHER CONDITIONS
 THE FOLLOWING WEATHER WAS RECORDED YESTERDAY.
  FOG


RELATIVE HUMIDITY (PERCENT)
 HIGHEST   100           700 AM
 LOWEST     55           100 PM
 AVERAGE    78

..........................................................


THE NORTH MYRTLE BEACH SC CLIMATE NORMALS FOR TODAY
                         NORMAL    RECORD    YEAR
 MAXIMUM TEMPERATURE (F)   60        81      1998
 MINIMUM TEMPERATURE (F)   41        15      1954


SUNRISE AND SUNSET
DECEMBER  8 2016......SUNRISE   708 AM EST   SUNSET   506 PM EST
DECEMBER  9 2016......SUNRISE   709 AM EST   SUNSET   506 PM EST


-  INDICATES NEGATIVE NUMBERS.
R  INDICATES RECORD WAS SET OR TIED.
MM INDICATES DATA IS MISSING.
T  INDICATES TRACE AMOUNT.




$$
