323
CDUS42 KILM 060943
CLICRE


CLIMATE REPORT
NATIONAL WEATHER SERVICE WILMINGTON NC
442 AM EST SAT FEB 6 2016


...................................

...THE NORTH MYRTLE BEACH SC CLIMATE SUMMARY FOR FEBRUARY 5 2016...

CLIMATE NORMAL PERIOD 1981 TO 2010
CLIMATE RECORD PERIOD 1949 TO 2016


WEATHER ITEM   OBSERVED TIME   RECORD YEAR NORMAL DEPARTURE LAST
                VALUE   (LST)  VALUE       VALUE  FROM      YEAR
                                                  NORMAL
..................................................................
TEMPERATURE (F)
 YESTERDAY
  MAXIMUM         55   1200 AM  73    2012  56     -1       58
  MINIMUM         34   1159 PM  11    1996  37     -3       35
  AVERAGE         45                        46     -1       47

PRECIPITATION (IN)
  YESTERDAY        0.03                      0.11  -0.08     0.01
  MONTH TO DATE    3.01                      0.54   2.47     0.29
  SINCE DEC 1      8.03                      7.69   0.34     7.61
  SINCE JAN 1      4.91                      4.23   0.68     4.41

SNOWFALL (IN)
  YESTERDAY       MM
  MONTH TO DATE   MM
  SINCE DEC 1     MM
  SINCE JUL 1     MM
  SNOW DEPTH      MM

DEGREE DAYS
 HEATING
  YESTERDAY       20                        19      1       18
  MONTH TO DATE   43                        95    -52      102
  SINCE DEC 1    848                      1202   -354     1094
  SINCE JUL 1   1045                      1563   -518     1544

 COOLING
  YESTERDAY        0                         0      0        0
  MONTH TO DATE    0                         0      0        0
  SINCE DEC 1     51                         3     48        3
  SINCE JAN 1      0                         0      0        1
..................................................................


WIND (MPH)
  HIGHEST WIND SPEED    22   HIGHEST WIND DIRECTION     N (350)
  HIGHEST GUST SPEED    32   HIGHEST GUST DIRECTION     N (350)
  AVERAGE WIND SPEED     7.9


SKY COVER
  POSSIBLE SUNSHINE  MM
  AVERAGE SKY COVER 0.6


WEATHER CONDITIONS
 THE FOLLOWING WEATHER WAS RECORDED YESTERDAY.
  RAIN
  LIGHT RAIN
  FOG


RELATIVE HUMIDITY (PERCENT)
 HIGHEST    93          1200 AM
 LOWEST     39           500 PM
 AVERAGE    66

..........................................................


THE NORTH MYRTLE BEACH SC CLIMATE NORMALS FOR TODAY
                         NORMAL    RECORD    YEAR
 MAXIMUM TEMPERATURE (F)   56        71      1956
 MINIMUM TEMPERATURE (F)   37        15      1996


SUNRISE AND SUNSET
FEBRUARY  6 2016......SUNRISE   708 AM EST   SUNSET   550 PM EST
FEBRUARY  7 2016......SUNRISE   707 AM EST   SUNSET   551 PM EST


-  INDICATES NEGATIVE NUMBERS.
R  INDICATES RECORD WAS SET OR TIED.
MM INDICATES DATA IS MISSING.
T  INDICATES TRACE AMOUNT.




$$
