000
CDUS44 KCRP 060942
CLICRP

CLIMATE REPORT
NATIONAL WEATHER SERVICE CORPUS CHRISTI TX
339 AM CST FRI MAR 6 2015


...................................

...THE CORPUS CHRISTI CLIMATE SUMMARY FOR MARCH 5 2015...

CLIMATE NORMAL PERIOD 1981 TO 2010
CLIMATE RECORD PERIOD 1887 TO 2015


WEATHER ITEM   OBSERVED TIME   RECORD YEAR NORMAL DEPARTURE LAST
                VALUE   (LST)  VALUE       VALUE  FROM      YEAR
                                                  NORMAL
..................................................................
TEMPERATURE (F)
 YESTERDAY
  MAXIMUM         54    443 PM  93    1991  74    -20       61
  MINIMUM         38    934 AM  32    2007  54    -16       43
                                      1966
  AVERAGE         46                        64    -18       52

PRECIPITATION (IN)
  YESTERDAY        T             1.89 1948   0.08  -0.08      T
  MONTH TO DATE    0.06                      0.36  -0.30     0.86
  SINCE MAR 1      0.06                      0.36  -0.30     0.86
  SINCE JAN 1      3.51                      3.83  -0.32     1.77

SNOWFALL (IN)
  YESTERDAY       MM
  MONTH TO DATE    0.0
  SINCE MAR 1      0.0
  SINCE JUL 1      0.0
  SNOW DEPTH       0

DEGREE DAYS
 HEATING
  YESTERDAY       19                         4     15       13
  MONTH TO DATE   55                        20     35       66
  SINCE MAR 1     55                        20     35       66
  SINCE JUL 1    992                       820    172     1065

 COOLING
  YESTERDAY        0                         3     -3        0
  MONTH TO DATE    0                        14    -14        4
  SINCE MAR 1      0                        14    -14        4
  SINCE JAN 1     28                        90    -62       81
..................................................................


WIND (MPH)
  HIGHEST WIND SPEED    36   HIGHEST WIND DIRECTION     N (360)
  HIGHEST GUST SPEED    46   HIGHEST GUST DIRECTION     N (360)
  AVERAGE WIND SPEED    22.7


SKY COVER
  POSSIBLE SUNSHINE  MM
  AVERAGE SKY COVER 0.9


WEATHER CONDITIONS
 THE FOLLOWING WEATHER WAS RECORDED YESTERDAY.
  LIGHT RAIN
  FOG


RELATIVE HUMIDITY (PERCENT)
 HIGHEST    93          1200 AM
 LOWEST     46           500 PM
 AVERAGE    70

..........................................................


THE CORPUS CHRISTI CLIMATE NORMALS FOR TODAY
                         NORMAL    RECORD    YEAR
 MAXIMUM TEMPERATURE (F)   74        99      1991
 MINIMUM TEMPERATURE (F)   54        29      1989


SUNRISE AND SUNSET
MARCH  6 2015.........SUNRISE   650 AM CST   SUNSET   633 PM CST
MARCH  7 2015.........SUNRISE   648 AM CST   SUNSET   634 PM CST


-  INDICATES NEGATIVE NUMBERS.
R  INDICATES RECORD WAS SET OR TIED.
MM INDICATES DATA IS MISSING.
T  INDICATES TRACE AMOUNT.




$$
