541
CDUS44 KCRP 220913
CLICRP

CLIMATE REPORT
NATIONAL WEATHER SERVICE CORPUS CHRISTI TX
311 AM CST SUN JAN 22 2017


...................................

...THE CORPUS CHRISTI CLIMATE SUMMARY FOR JANUARY 21 2017...

CLIMATE NORMAL PERIOD 1981 TO 2010
CLIMATE RECORD PERIOD 1887 TO 2017


WEATHER ITEM   OBSERVED TIME   RECORD YEAR NORMAL DEPARTURE LAST
                VALUE   (LST)  VALUE       VALUE  FROM      YEAR
                                                  NORMAL
..................................................................
TEMPERATURE (F)
 YESTERDAY
  MAXIMUM         92R   407 PM  88    1999  67     25       79
  MINIMUM         63    312 AM  22    1985  47     16       50
  AVERAGE         78                        57     21       65

PRECIPITATION (IN)
  YESTERDAY        T             1.02 1980   0.05  -0.05      T
  MONTH TO DATE    0.22                      1.04  -0.82     2.08
  SINCE DEC 1      2.42                      2.87  -0.45     2.97
  SINCE JAN 1      0.22                      1.04  -0.82     2.08

SNOWFALL (IN)
  YESTERDAY        0.0
  MONTH TO DATE    0.0
  SINCE DEC 1      0.0
  SINCE JUL 1      0.0
  SNOW DEPTH       0

DEGREE DAYS
 HEATING
  YESTERDAY        0                         9     -9        0
  MONTH TO DATE   96                       189    -93      198
  SINCE DEC 1    245                       439   -194      357
  SINCE JUL 1    263                       540   -277      431

 COOLING
  YESTERDAY       13                         1     12        0
  MONTH TO DATE   84                        21     63        2
  SINCE DEC 1    172                        70    102       80
  SINCE JAN 1     84                        21     63        2
..................................................................


WIND (MPH)
  HIGHEST WIND SPEED    30   HIGHEST WIND DIRECTION     N (340)
  HIGHEST GUST SPEED    40   HIGHEST GUST DIRECTION    NW (330)
  AVERAGE WIND SPEED    13.1


SKY COVER
  POSSIBLE SUNSHINE  MM
  AVERAGE SKY COVER 0.5


WEATHER CONDITIONS
 THE FOLLOWING WEATHER WAS RECORDED YESTERDAY.
  LIGHT RAIN
  FOG


RELATIVE HUMIDITY (PERCENT)
 HIGHEST   100          1200 AM
 LOWEST     14           400 PM
 AVERAGE    57

..........................................................


THE CORPUS CHRISTI CLIMATE NORMALS FOR TODAY
                         NORMAL    RECORD    YEAR
 MAXIMUM TEMPERATURE (F)   67        89      1972
 MINIMUM TEMPERATURE (F)   47        20      1930


SUNRISE AND SUNSET
JANUARY 22 2017.......SUNRISE   721 AM CST   SUNSET   603 PM CST
JANUARY 23 2017.......SUNRISE   720 AM CST   SUNSET   604 PM CST


-  INDICATES NEGATIVE NUMBERS.
R  INDICATES RECORD WAS SET OR TIED.
MM INDICATES DATA IS MISSING.
T  INDICATES TRACE AMOUNT.




$$
