000
CDUS44 KCRP 191005
CLICRP

CLIMATE REPORT
NATIONAL WEATHER SERVICE CORPUS CHRISTI TX
404 AM CST FRI JAN 19 2018


...................................

...THE CORPUS CHRISTI CLIMATE SUMMARY FOR JANUARY 18 2018...

CLIMATE NORMAL PERIOD 1981 TO 2010
CLIMATE RECORD PERIOD 1887 TO 2018


WEATHER ITEM   OBSERVED TIME   RECORD YEAR NORMAL DEPARTURE LAST
                VALUE   (LST)  VALUE       VALUE  FROM      YEAR
                                                  NORMAL
..................................................................
TEMPERATURE (F)
 YESTERDAY
  MAXIMUM         47    257 PM  85    2000  67    -20       72
  MINIMUM         35    728 AM  14    1930  47    -12       55
  AVERAGE         41                        57    -16       64

PRECIPITATION (IN)
  YESTERDAY        0.00          0.67 1968   0.04  -0.04     0.08
  MONTH TO DATE    0.27                      0.89  -0.62     0.21
  SINCE DEC 1      4.65                      2.72   1.93     2.41
  SINCE JAN 1      0.27                      0.89  -0.62     0.21

SNOWFALL (IN)
  YESTERDAY        0.0
  MONTH TO DATE    0.0
  SINCE DEC 1      1.0
  SINCE JUL 1      1.0
  SNOW DEPTH       0

DEGREE DAYS
 HEATING
  YESTERDAY       24                         9     15        1
  MONTH TO DATE  272                       162    110       93
  SINCE DEC 1    561                       412    149      242
  SINCE JUL 1    625                       513    112      260

 COOLING
  YESTERDAY        0                         1     -1        0
  MONTH TO DATE    1                        18    -17       71
  SINCE DEC 1     39                        67    -28      159
  SINCE JAN 1      1                        18    -17       71
..................................................................


WIND (MPH)
  HIGHEST WIND SPEED    16   HIGHEST WIND DIRECTION     N (10)
  HIGHEST GUST SPEED    22   HIGHEST GUST DIRECTION    NE (30)
  AVERAGE WIND SPEED    12.2


SKY COVER
  POSSIBLE SUNSHINE  MM
  AVERAGE SKY COVER 1.0


WEATHER CONDITIONS
 THE FOLLOWING WEATHER WAS RECORDED YESTERDAY.
  NO SIGNIFICANT WEATHER WAS OBSERVED.


RELATIVE HUMIDITY (PERCENT)
 HIGHEST    67           700 PM
 LOWEST     38           200 PM
 AVERAGE    53

..........................................................


THE CORPUS CHRISTI CLIMATE NORMALS FOR TODAY
                         NORMAL    RECORD    YEAR
 MAXIMUM TEMPERATURE (F)   67        87      2000
 MINIMUM TEMPERATURE (F)   47        19      1940


SUNRISE AND SUNSET
JANUARY 19 2018.......SUNRISE   721 AM CST   SUNSET   600 PM CST
JANUARY 20 2018.......SUNRISE   721 AM CST   SUNSET   601 PM CST


-  INDICATES NEGATIVE NUMBERS.
R  INDICATES RECORD WAS SET OR TIED.
MM INDICATES DATA IS MISSING.
T  INDICATES TRACE AMOUNT.




$$
