000
CDUS44 KCRP 240728
CLICRP

CLIMATE REPORT
NATIONAL WEATHER SERVICE CORPUS CHRISTI TX
227 AM CDT FRI MAR 24 2017


...................................

...THE CORPUS CHRISTI CLIMATE SUMMARY FOR MARCH 23 2017...

CLIMATE NORMAL PERIOD 1981 TO 2010
CLIMATE RECORD PERIOD 1887 TO 2017


WEATHER ITEM   OBSERVED TIME   RECORD YEAR NORMAL DEPARTURE LAST
                VALUE   (LST)  VALUE       VALUE  FROM      YEAR
                                                  NORMAL
..................................................................
TEMPERATURE (F)
 YESTERDAY
  MAXIMUM         82    211 PM  95    1980  77      5       80
  MINIMUM         67    658 AM  39    1968  58      9       68
  AVERAGE         75                        68      7       74

PRECIPITATION (IN)
  YESTERDAY        0.00          1.04 1891   0.06  -0.06     0.00
  MONTH TO DATE    4.89                      1.43   3.46     6.54
  SINCE MAR 1      4.89                      1.43   3.46     6.54
  SINCE JAN 1      7.73                      4.90   2.83     8.83

SNOWFALL (IN)
  YESTERDAY        0.0
  MONTH TO DATE    0.0
  SINCE MAR 1      0.0
  SINCE JUL 1      0.0
  SNOW DEPTH       0

DEGREE DAYS
 HEATING
  YESTERDAY        0                         2     -2        0
  MONTH TO DATE   16                        69    -53       18
  SINCE MAR 1     16                        69    -53       18
  SINCE JUL 1    368                       869   -501      637

 COOLING
  YESTERDAY       10                         4      6        9
  MONTH TO DATE  116                        76     40      146
  SINCE MAR 1    116                        76     40      146
  SINCE JAN 1    385                       152    233      223
..................................................................


WIND (MPH)
  HIGHEST WIND SPEED    33   HIGHEST WIND DIRECTION    SE (140)
  HIGHEST GUST SPEED    41   HIGHEST GUST DIRECTION     S (160)
  AVERAGE WIND SPEED    21.1


SKY COVER
  POSSIBLE SUNSHINE  MM
  AVERAGE SKY COVER 0.4


WEATHER CONDITIONS
 THE FOLLOWING WEATHER WAS RECORDED YESTERDAY.
  NO SIGNIFICANT WEATHER WAS OBSERVED.


RELATIVE HUMIDITY (PERCENT)
 HIGHEST   100           400 AM
 LOWEST     51           200 PM
 AVERAGE    76

..........................................................


THE CORPUS CHRISTI CLIMATE NORMALS FOR TODAY
                         NORMAL    RECORD    YEAR
 MAXIMUM TEMPERATURE (F)   78        95      1928
 MINIMUM TEMPERATURE (F)   58        39      1952


SUNRISE AND SUNSET
MARCH 24 2017.........SUNRISE   729 AM CDT   SUNSET   744 PM CDT
MARCH 25 2017.........SUNRISE   728 AM CDT   SUNSET   744 PM CDT


-  INDICATES NEGATIVE NUMBERS.
R  INDICATES RECORD WAS SET OR TIED.
MM INDICATES DATA IS MISSING.
T  INDICATES TRACE AMOUNT.




$$
ZCZC SATCLICR1 ALL
TTAA00 KSAT 042156

CLIMATE REPORT
NATIONAL WEATHER SERVICE CORPUS CHRISTI TX
450 PM CDT SAT APR 4 2015

...................................

...THE CORPUS CHRISTI CLIMATE SUMMARY FOR APRIL 4 2015...
VALID TODAY AS OF 450 PM LOCAL TIME.

CLIMATE NORMAL PERIOD 1981 TO 2010
CLIMATE RECORD PERIOD 1887 TO 2015


WEATHER ITEM   OBSERVED TIME   RECORD YEAR NORMAL DEPARTURE LAST
                VALUE   (LST)  VALUE       VALUE  FROM      YEAR
                                                  NORMAL
..................................................................
TEMPERATURE (F)
 TODAY
  MAXIMUM         74    214 AM  96    2011  80     -6       81
  MINIMUM         64    856 AM  39    1987  60      4       64
  AVERAGE         69                        70     -1       73

PRECIPITATION (IN)
  TODAY            0.03          0.94 1971   0.05  -0.02     0.14
  MONTH TO DATE    0.03                      0.21  -0.18     0.14
  SINCE MAR 1      6.16                      2.10   4.06     1.79
  SINCE JAN 1      9.61                      5.57   4.04     2.70

SNOWFALL (IN)
  TODAY            0.0
  MONTH TO DATE    0.0
  SINCE MAR 1      0.0
  SINCE JUL 1      0.0
  SNOW DEPTH       0

DEGREE DAYS
 HEATING
  TODAY            0                         1     -1        0
  MONTH TO DATE    0                         4     -4        0
  SINCE MAR 1    116                        85     31      132
  SINCE JUL 1   1053                       885    168     1131

 COOLING
  TODAY            4                         6     -2        8
  MONTH TO DATE   37                        24     13       47
  SINCE MAR 1    112                       139    -27      131
  SINCE JAN 1    140                       215    -75      208
..................................................................


WIND (MPH)
  HIGHEST WIND SPEED    26   HIGHEST WIND DIRECTION    NE (40)
  HIGHEST GUST SPEED    34   HIGHEST GUST DIRECTION     N (20)


SKY COVER
  POSSIBLE SUNSHINE  MM
  AVERAGE SKY COVER 1.0


WEATHER CONDITIONS
 THE FOLLOWING WEATHER WAS RECORDED TODAY.
  LIGHT RAIN


RELATIVE HUMIDITY (PERCENT)
 HIGHEST    93          1200 AM
 LOWEST     59           600 AM
 AVERAGE    76

..........................................................


THE CORPUS CHRISTI CLIMATE NORMALS FOR TOMORROW
                         NORMAL    RECORD    YEAR
 MAXIMUM TEMPERATURE (F)   80        97      2012
 MINIMUM TEMPERATURE (F)   60        44      1977


SUNRISE AND SUNSET
APRIL  4 2015.........SUNRISE   717 AM CDT   SUNSET   749 PM CDT
APRIL  5 2015.........SUNRISE   716 AM CDT   SUNSET   750 PM CDT


-  INDICATES NEGATIVE NUMBERS.
R  INDICATES RECORD WAS SET OR TIED.
MM INDICATES DATA IS MISSING.
T  INDICATES TRACE AMOUNT.




$$
!--NOT SENT--!
