000
CDUS44 KCRP 290842
CLICRP

CLIMATE REPORT
NATIONAL WEATHER SERVICE CORPUS CHRISTI TX
341 AM CDT WED JUL 29 2015


...................................

...THE CORPUS CHRISTI CLIMATE SUMMARY FOR JULY 28 2015...

CLIMATE NORMAL PERIOD 1981 TO 2010
CLIMATE RECORD PERIOD 1887 TO 2015


WEATHER ITEM   OBSERVED TIME   RECORD YEAR NORMAL DEPARTURE LAST
                VALUE   (LST)  VALUE       VALUE  FROM      YEAR
                                                  NORMAL
..................................................................
TEMPERATURE (F)
 YESTERDAY
  MAXIMUM         96    247 PM 100    1965  94      2       97
  MINIMUM         80    608 AM  68    1908  75      5       74
                                      1903
  AVERAGE         88                        84      4       86

PRECIPITATION (IN)
  YESTERDAY        0.00          1.80 2010   0.06  -0.06     0.00
  MONTH TO DATE    0.57                      2.61  -2.04     0.74
  SINCE JUN 1      2.20                      5.97  -3.77     2.15
  SINCE JAN 1     32.46                     16.24  16.22     9.25

SNOWFALL (IN)
  YESTERDAY        0.0
  MONTH TO DATE    0.0
  SINCE JUN 1      0.0
  SINCE JUL 1      0.0
  SNOW DEPTH       0

DEGREE DAYS
 HEATING
  YESTERDAY        0                         0      0        0
  MONTH TO DATE    0                         0      0        0
  SINCE JUN 1      0                         0      0        0
  SINCE JUL 1      0                         0      0        0

 COOLING
  YESTERDAY       23                        19      4       21
  MONTH TO DATE  580                       528     52      555
  SINCE JUN 1   1119                      1050     69     1162
  SINCE JAN 1   1949                      1891     58     1968
..................................................................


WIND (MPH)
  HIGHEST WIND SPEED    28   HIGHEST WIND DIRECTION    SE (140)
  HIGHEST GUST SPEED    34   HIGHEST GUST DIRECTION    SE (130)
  AVERAGE WIND SPEED    16.5


SKY COVER
  POSSIBLE SUNSHINE  MM
  AVERAGE SKY COVER 0.3


WEATHER CONDITIONS
 THE FOLLOWING WEATHER WAS RECORDED YESTERDAY.
  NO SIGNIFICANT WEATHER WAS OBSERVED.


RELATIVE HUMIDITY (PERCENT)
 HIGHEST    91           200 AM
 LOWEST     48           100 PM
 AVERAGE    70

..........................................................


THE CORPUS CHRISTI CLIMATE NORMALS FOR TODAY
                         NORMAL    RECORD    YEAR
 MAXIMUM TEMPERATURE (F)   94       100      2014
                                             1975
                                             1960
 MINIMUM TEMPERATURE (F)   75        71      2014
                                             2000
                                             1987


SUNRISE AND SUNSET
JULY 29 2015..........SUNRISE   651 AM CDT   SUNSET   821 PM CDT
JULY 30 2015..........SUNRISE   652 AM CDT   SUNSET   821 PM CDT


-  INDICATES NEGATIVE NUMBERS.
R  INDICATES RECORD WAS SET OR TIED.
MM INDICATES DATA IS MISSING.
T  INDICATES TRACE AMOUNT.




$$
