000
CDUS44 KCRP 140021
CLICRP

CLIMATE REPORT
NATIONAL WEATHER SERVICE CORPUS CHRISTI TX
717 PM CDT SUN JUL 13 2014


...................................

...THE CORPUS CHRISTI CLIMATE SUMMARY FOR JULY 13 2014...
VALID TODAY AS OF 700 PM LOCAL TIME.

CLIMATE NORMAL PERIOD 1981 TO 2010
CLIMATE RECORD PERIOD 1887 TO 2014


WEATHER ITEM   OBSERVED TIME   RECORD YEAR NORMAL DEPARTURE LAST
                VALUE   (LST)  VALUE       VALUE  FROM      YEAR
                                                  NORMAL
..................................................................
TEMPERATURE (F)
 TODAY
  MAXIMUM         95    327 PM  99    2009  93      2       98
  MINIMUM         71    525 AM  70    2000  75     -4       76
                                      1940
                                      1894
  AVERAGE         83                        84     -1       87

PRECIPITATION (IN)
  TODAY            0.00          1.86 1940   0.11  -0.11     0.00
  MONTH TO DATE    0.46                      1.51  -1.05      T
  SINCE JUN 1      1.87                      4.87  -3.00     2.34
  SINCE JAN 1      8.97                     15.14  -6.17     7.07

SNOWFALL (IN)
  TODAY            0.0
  MONTH TO DATE    0.0
  SINCE JUN 1      0.0
  SINCE JUL 1      0.0
  SNOW DEPTH       0

DEGREE DAYS
 HEATING
  TODAY            0                         0      0        0
  MONTH TO DATE    0                         0      0        0
  SINCE JUN 1      0                         0      0        0
  SINCE JUL 1      0                         0      0        0

 COOLING
  TODAY           18                        19     -1       22
  MONTH TO DATE  245                       243      2      275
  SINCE JUN 1    852                       765     87      933
  SINCE JAN 1   1658                      1606     52     1951
..................................................................


WIND (MPH)
  HIGHEST WIND SPEED    21   HIGHEST WIND DIRECTION     E (110)
  HIGHEST GUST SPEED    27   HIGHEST GUST DIRECTION     E (110)


SKY COVER
  POSSIBLE SUNSHINE  MM
  AVERAGE SKY COVER 0.3


WEATHER CONDITIONS
 THE FOLLOWING WEATHER WAS RECORDED TODAY.
  FOG


RELATIVE HUMIDITY (PERCENT)
 HIGHEST   100           400 AM
 LOWEST     44           200 PM
 AVERAGE    72

..........................................................


THE CORPUS CHRISTI CLIMATE NORMALS FOR TOMORROW
                         NORMAL    RECORD    YEAR
 MAXIMUM TEMPERATURE (F)   93       101      2000
 MINIMUM TEMPERATURE (F)   75        67      1974


SUNRISE AND SUNSET
JULY 13 2014..........SUNRISE   643 AM CDT   SUNSET   828 PM CDT
JULY 14 2014..........SUNRISE   643 AM CDT   SUNSET   828 PM CDT


-  INDICATES NEGATIVE NUMBERS.
R  INDICATES RECORD WAS SET OR TIED.
MM INDICATES DATA IS MISSING.
T  INDICATES TRACE AMOUNT.




$$
