000
CDUS44 KCRP 080650
CLICRP

CLIMATE REPORT
NATIONAL WEATHER SERVICE CORPUS CHRISTI TX
1248 AM CST THU DEC 8 2016


...................................

...THE CORPUS CHRISTI CLIMATE SUMMARY FOR DECEMBER 7 2016...

CLIMATE NORMAL PERIOD 1981 TO 2010
CLIMATE RECORD PERIOD 1887 TO 2016


WEATHER ITEM   OBSERVED TIME   RECORD YEAR NORMAL DEPARTURE LAST
                VALUE   (LST)  VALUE       VALUE  FROM      YEAR
                                                  NORMAL
..................................................................
TEMPERATURE (F)
 YESTERDAY
  MAXIMUM         64    420 PM  88    1924  70     -6       73
  MINIMUM         51    443 AM  24    1950  50      1       47
  AVERAGE         58                        60     -2       60

PRECIPITATION (IN)
  YESTERDAY        0.02          1.98 1960   0.05  -0.03     0.00
  MONTH TO DATE    1.98                      0.35   1.63     0.01
  SINCE DEC 1      1.98                      0.35   1.63     0.01
  SINCE JAN 1     32.51                     30.28   2.23    44.14

SNOWFALL (IN)
  YESTERDAY        0.0
  MONTH TO DATE    0.0
  SINCE DEC 1      0.0
  SINCE JUL 1      0.0
  SNOW DEPTH       0

DEGREE DAYS
 HEATING
  YESTERDAY        7                         7      0        5
  MONTH TO DATE   27                        45    -18       60
  SINCE DEC 1     27                        45    -18       60
  SINCE JUL 1     45                       146   -101      134

 COOLING
  YESTERDAY        0                         2     -2        0
  MONTH TO DATE    8                        14     -6        0
  SINCE DEC 1      8                        14     -6        0
  SINCE JAN 1   4190                      3489    701     3672
..................................................................


WIND (MPH)
  HIGHEST WIND SPEED    20   HIGHEST WIND DIRECTION     N (20)
  HIGHEST GUST SPEED    23   HIGHEST GUST DIRECTION    NE (30)
  AVERAGE WIND SPEED    11.7


SKY COVER
  POSSIBLE SUNSHINE  MM
  AVERAGE SKY COVER 0.8


WEATHER CONDITIONS
 THE FOLLOWING WEATHER WAS RECORDED YESTERDAY.
  LIGHT RAIN
  FOG
  HAZE


RELATIVE HUMIDITY (PERCENT)
 HIGHEST   100           500 AM
 LOWEST     83          1200 AM
 AVERAGE    92

..........................................................


THE CORPUS CHRISTI CLIMATE NORMALS FOR TODAY
                         NORMAL    RECORD    YEAR
 MAXIMUM TEMPERATURE (F)   70        85      2012
 MINIMUM TEMPERATURE (F)   50        30      2011


SUNRISE AND SUNSET
DECEMBER  8 2016......SUNRISE   709 AM CST   SUNSET   535 PM CST
DECEMBER  9 2016......SUNRISE   710 AM CST   SUNSET   535 PM CST


-  INDICATES NEGATIVE NUMBERS.
R  INDICATES RECORD WAS SET OR TIED.
MM INDICATES DATA IS MISSING.
T  INDICATES TRACE AMOUNT.

$$

GW
