000
CDUS41 KRLX 242117
CLICRW


CLIMATE REPORT
NATIONAL WEATHER SERVICE CHARLESTON WV
517 PM EDT MON JUL 24 2017


...................................

...THE CHARLESTON WV CLIMATE SUMMARY FOR JULY 24 2017...
VALID TODAY AS OF 0500 PM LOCAL TIME.

CLIMATE NORMAL PERIOD 1981 TO 2010
CLIMATE RECORD PERIOD 1901 TO 2017


WEATHER ITEM   OBSERVED TIME   RECORD YEAR NORMAL DEPARTURE LAST
                VALUE   (LST)  VALUE       VALUE  FROM      YEAR
                                                  NORMAL
..................................................................
TEMPERATURE (F)
 TODAY
  MAXIMUM         87    347 PM 104    1934  85      2       96
  MINIMUM         71    340 AM  50    1947  66      5       71
  AVERAGE         79                        76      3       84

PRECIPITATION (IN)
  TODAY            0.03          2.49 1955   0.16  -0.13     0.00
  MONTH TO DATE    2.54                      3.82  -1.28     2.68
  SINCE JUN 1     10.87                      8.11   2.76     7.44
  SINCE JAN 1     30.60                     26.25   4.35    24.30

DEGREE DAYS
 HEATING
  TODAY            0                         0      0        0
  MONTH TO DATE    0                         0      0        0
  SINCE JUN 1      5                        13     -8        3
  SINCE JUL 1      0                         0      0        0

 COOLING
  TODAY           14                        10      4       19
  MONTH TO DATE  297                       255     42      277
  SINCE JUN 1    493                       475     18      532
  SINCE JAN 1    638                       585     53      662
..................................................................


WIND (MPH)
  HIGHEST WIND SPEED    16   HIGHEST WIND DIRECTION    SW (230)
  HIGHEST GUST SPEED    22   HIGHEST GUST DIRECTION     W (250)
  AVERAGE WIND SPEED     6.2


SKY COVER
  POSSIBLE SUNSHINE  MM
  AVERAGE SKY COVER 0.6


WEATHER CONDITIONS
 THE FOLLOWING WEATHER WAS RECORDED TODAY.
  LIGHT RAIN
  FOG
  HAZE


RELATIVE HUMIDITY (PERCENT)
 HIGHEST    93          1200 AM
 LOWEST     51           100 PM
 AVERAGE    72

..........................................................


THE CHARLESTON WV CLIMATE NORMALS FOR TOMORROW
                         NORMAL    RECORD    YEAR
 MAXIMUM TEMPERATURE (F)   85       106      1934
 MINIMUM TEMPERATURE (F)   66        51      1947


SUNRISE AND SUNSET
JULY 24 2017..........SUNRISE   622 AM EDT   SUNSET   843 PM EDT
JULY 25 2017..........SUNRISE   623 AM EDT   SUNSET   842 PM EDT


-  INDICATES NEGATIVE NUMBERS.
R  INDICATES RECORD WAS SET OR TIED.
MM INDICATES DATA IS MISSING.
T  INDICATES TRACE AMOUNT.




$$
