000
CDUS41 KRLX 280828
CLICRW


CLIMATE REPORT
NATIONAL WEATHER SERVICE CHARLESTON WV
326 AM EST SAT FEB 28 2015


...................................

...THE CHARLESTON WV CLIMATE SUMMARY FOR FEBRUARY 27 2015...

CLIMATE NORMAL PERIOD 1981 TO 2010
CLIMATE RECORD PERIOD 1901 TO 2015


WEATHER ITEM   OBSERVED TIME   RECORD YEAR NORMAL DEPARTURE LAST
                VALUE   (LST)  VALUE       VALUE  FROM      YEAR
                                                  NORMAL
..................................................................
TEMPERATURE (F)
 YESTERDAY
  MAXIMUM         23    532 PM  77    1932  50    -27       34
  MINIMUM         13   1145 PM   1    1963  31    -18       18
  AVERAGE         18                        40    -22       26

PRECIPITATION (IN)
  YESTERDAY        0.01          1.95 1962   0.13  -0.12     0.00
  MONTH TO DATE    2.97                      3.07  -0.10     4.56
  SINCE JAN 1      5.20                      6.07  -0.87     7.06

SNOWFALL (IN)
  YESTERDAY        1.6
  MONTH TO DATE   15.1
  SINCE SEP 1     19.1
  SNOW DEPTH       3

DEGREE DAYS
 HEATING
  YESTERDAY       47                        25     22       39
  MONTH TO DATE 1057                       742    315      826
  SINCE DEC 1   2824                      2546    278     2771
  SINCE JUL 1   3867                      3430    437     3728

 COOLING
  YESTERDAY        0                         0      0        0
  MONTH TO DATE    0                         0      0        0
  SINCE DEC 1      0                         1     -1        2
  SINCE JAN 1      0                         0      0        0
..................................................................


WIND (MPH)
  HIGHEST WIND SPEED    13   HIGHEST WIND DIRECTION     N (350)
  HIGHEST GUST SPEED    18   HIGHEST GUST DIRECTION     N (340)
  AVERAGE WIND SPEED     5.7


SKY COVER
  POSSIBLE SUNSHINE  MM
  AVERAGE SKY COVER 0.6


WEATHER CONDITIONS
 THE FOLLOWING WEATHER WAS RECORDED YESTERDAY.
  LIGHT SNOW
  FOG


RELATIVE HUMIDITY (PERCENT)
 HIGHEST    84           100 AM
 LOWEST     45           500 PM
 AVERAGE    65

..........................................................


THE CHARLESTON WV CLIMATE NORMALS FOR TODAY
                         NORMAL    RECORD    YEAR
 MAXIMUM TEMPERATURE (F)   50        79      1918
 MINIMUM TEMPERATURE (F)   31        -3      1934


SUNRISE AND SUNSET
FEBRUARY 28 2015......SUNRISE   700 AM EST   SUNSET   618 PM EST
MARCH  1 2015.........SUNRISE   659 AM EST   SUNSET   619 PM EST


-  INDICATES NEGATIVE NUMBERS.
R  INDICATES RECORD WAS SET OR TIED.
MM INDICATES DATA IS MISSING.
T  INDICATES TRACE AMOUNT.




$$
