000
CDUS41 KRLX 230721
CLICRW


CLIMATE REPORT
NATIONAL WEATHER SERVICE CHARLESTON WV
320 AM EDT THU OCT 23 2014


...................................

...THE CHARLESTON WV CLIMATE SUMMARY FOR OCTOBER 22 2014...

CLIMATE NORMAL PERIOD 1981 TO 2010
CLIMATE RECORD PERIOD 1901 TO 2014


WEATHER ITEM   OBSERVED TIME   RECORD YEAR NORMAL DEPARTURE LAST
                VALUE   (LST)  VALUE       VALUE  FROM      YEAR
                                                  NORMAL
..................................................................
TEMPERATURE (F)
 YESTERDAY
  MAXIMUM         52    231 PM  88    1920  66    -14       54
  MINIMUM         45    707 AM  23    1952  43      2       38
  AVERAGE         49                        55     -6       46

PRECIPITATION (IN)
  YESTERDAY        T             0.91 1983   0.09  -0.09     0.17
  MONTH TO DATE    3.30                      1.83   1.47     0.76
  SINCE JAN 1     39.94                     36.19   3.75    37.29

SNOWFALL (IN)
  YESTERDAY       MM
  MONTH TO DATE    0.0
  SINCE SEP 1      0.0
  SNOW DEPTH       0

DEGREE DAYS
 HEATING
  YESTERDAY       16                        11      5       19
  MONTH TO DATE  177                       174      3      116
  SINCE SEP 1    222                       230     -8      155
  SINCE JUL 1    222                       232    -10      158

 COOLING
  YESTERDAY        0                         0      0        0
  MONTH TO DATE   14                        16     -2       39
  SINCE SEP 1    141                       143     -2      154
  SINCE JAN 1   1048                      1089    -41     1120
..................................................................


WIND (MPH)
  HIGHEST WIND SPEED    14   HIGHEST WIND DIRECTION    NW (330)
  HIGHEST GUST SPEED    19   HIGHEST GUST DIRECTION    NW (310)
  AVERAGE WIND SPEED     6.5


SKY COVER
  POSSIBLE SUNSHINE  MM
  AVERAGE SKY COVER 1.0


WEATHER CONDITIONS
 THE FOLLOWING WEATHER WAS RECORDED YESTERDAY.
  LIGHT RAIN
  FOG


RELATIVE HUMIDITY (PERCENT)
 HIGHEST    92           400 AM
 LOWEST     71           200 PM
 AVERAGE    82

..........................................................


THE CHARLESTON WV CLIMATE NORMALS FOR TODAY
                         NORMAL    RECORD    YEAR
 MAXIMUM TEMPERATURE (F)   66        85      1947
                                             1931
                                             1920
 MINIMUM TEMPERATURE (F)   43        24      1997
                                             1976
                                             1930


SUNRISE AND SUNSET
OCTOBER 23 2014.......SUNRISE   743 AM EDT   SUNSET   638 PM EDT
OCTOBER 24 2014.......SUNRISE   744 AM EDT   SUNSET   636 PM EDT


-  INDICATES NEGATIVE NUMBERS.
R  INDICATES RECORD WAS SET OR TIED.
MM INDICATES DATA IS MISSING.
T  INDICATES TRACE AMOUNT.




$$
