000
CDUS41 KRLX 170736
CLICRW


CLIMATE REPORT
NATIONAL WEATHER SERVICE CHARLESTON WV
334 AM EDT WED SEP 17 2014


...................................

...THE CHARLESTON WV CLIMATE SUMMARY FOR SEPTEMBER 16 2014...

CLIMATE NORMAL PERIOD 1981 TO 2010
CLIMATE RECORD PERIOD 1901 TO 2014


WEATHER ITEM   OBSERVED TIME   RECORD YEAR NORMAL DEPARTURE LAST
                VALUE   (LST)  VALUE       VALUE  FROM      YEAR
                                                  NORMAL
..................................................................
TEMPERATURE (F)
 YESTERDAY
  MAXIMUM         65        MM  98    1928  78    -13       73
                                      1903
  MINIMUM         55        MM  41    2007  57     -2       54
                                      1902
                                      1892
  AVERAGE         60                        67     -7       64

PRECIPITATION (IN)
  YESTERDAY        0.01          1.40 1996   0.10  -0.09     0.02
  MONTH TO DATE    4.49                      1.77   2.72     1.50
  SINCE JAN 1     36.64                     32.88   3.76    35.54

SNOWFALL (IN)
  YESTERDAY        0.0
  MONTH TO DATE    0.0
  SINCE SEP 1      0.0
  SNOW DEPTH       0

DEGREE DAYS
 HEATING
  YESTERDAY        5                         2      3        1
  MONTH TO DATE   19                        10      9       13
  SINCE SEP 1     19                        10      9       13
  SINCE JUL 1     19                        12      7       16

 COOLING
  YESTERDAY        0                         4     -4        0
  MONTH TO DATE  104                        88     16       98
  SINCE SEP 1    104                        88     16       98
  SINCE JAN 1   1011                      1034    -23     1064
..................................................................


WIND (MPH)
  HIGHEST WIND SPEED     7   HIGHEST WIND DIRECTION     N (360)
  HIGHEST GUST SPEED    MM   HIGHEST GUST DIRECTION    MM
  AVERAGE WIND SPEED     2.5


SKY COVER
  POSSIBLE SUNSHINE  MM
  AVERAGE SKY COVER 0.9


WEATHER CONDITIONS
 THE FOLLOWING WEATHER WAS RECORDED YESTERDAY.
  LIGHT RAIN
  FOG
  FOG W/VISIBILITY <= 1/4 MILE


RELATIVE HUMIDITY (PERCENT)
 HIGHEST   100           800 AM
 LOWEST     78           100 PM
 AVERAGE    89

..........................................................


THE CHARLESTON WV CLIMATE NORMALS FOR TODAY
                         NORMAL    RECORD    YEAR
 MAXIMUM TEMPERATURE (F)   77        99      1931
 MINIMUM TEMPERATURE (F)   57        39      2000


SUNRISE AND SUNSET
SEPTEMBER 17 2014.....SUNRISE   710 AM EDT   SUNSET   731 PM EDT
SEPTEMBER 18 2014.....SUNRISE   711 AM EDT   SUNSET   730 PM EDT


-  INDICATES NEGATIVE NUMBERS.
R  INDICATES RECORD WAS SET OR TIED.
MM INDICATES DATA IS MISSING.
T  INDICATES TRACE AMOUNT.




$$
