000
CDUS41 KRLX 012223
CLICRW


CLIMATE REPORT
NATIONAL WEATHER SERVICE CHARLESTON WV
523 PM EST SUN FEB 1 2015


...................................

...THE CHARLESTON WV CLIMATE SUMMARY FOR FEBRUARY 1 2015...
VALID TODAY AS OF 0500 PM LOCAL TIME.

CLIMATE NORMAL PERIOD 1981 TO 2010
CLIMATE RECORD PERIOD 1901 TO 2015


WEATHER ITEM   OBSERVED TIME   RECORD YEAR NORMAL DEPARTURE LAST
                VALUE   (LST)  VALUE       VALUE  FROM      YEAR
                                                  NORMAL
..................................................................
TEMPERATURE (F)
 TODAY
  MAXIMUM         50    359 PM  73    1988  44      6       66
  MINIMUM         30    811 AM  -1    1936  27      3       31
  AVERAGE         40                        35      5       49

PRECIPITATION (IN)
  TODAY            T             1.59 1951   0.11  -0.11     0.00
  MONTH TO DATE    T                         0.11  -0.11     0.00
  SINCE DEC 1      5.08                      6.38  -1.30     8.74
  SINCE JAN 1      2.23                      3.11  -0.88     2.50

DEGREE DAYS
 HEATING
  TODAY           25                        30     -5       16
  MONTH TO DATE   25                        30     -5       16
  SINCE DEC 1   1792                      1834    -42     1961
  SINCE JUL 1   2835                      2718    117     2918

 COOLING
  TODAY            0                         0      0        0
  MONTH TO DATE    0                         0      0        0
  SINCE DEC 1      0                         1     -1        2
  SINCE JAN 1      0                         0      0        0
..................................................................


WIND (MPH)
  HIGHEST WIND SPEED    30   HIGHEST WIND DIRECTION     S (190)
  HIGHEST GUST SPEED    39   HIGHEST GUST DIRECTION     S (200)
  AVERAGE WIND SPEED     2.1


SKY COVER
  POSSIBLE SUNSHINE  MM
  AVERAGE SKY COVER 1.0


WEATHER CONDITIONS
 THE FOLLOWING WEATHER WAS RECORDED TODAY.
  LIGHT RAIN
  LIGHT SNOW


RELATIVE HUMIDITY (PERCENT)
 HIGHEST    78           700 AM
 LOWEST     36           300 PM
 AVERAGE    57

..........................................................


THE CHARLESTON WV CLIMATE NORMALS FOR TOMORROW
                         NORMAL    RECORD    YEAR
 MAXIMUM TEMPERATURE (F)   44        73      1990
 MINIMUM TEMPERATURE (F)   27         1      1951


SUNRISE AND SUNSET
FEBRUARY  1 2015......SUNRISE   732 AM EST   SUNSET   549 PM EST
FEBRUARY  2 2015......SUNRISE   731 AM EST   SUNSET   550 PM EST


-  INDICATES NEGATIVE NUMBERS.
R  INDICATES RECORD WAS SET OR TIED.
MM INDICATES DATA IS MISSING.
T  INDICATES TRACE AMOUNT.




$$
