000
CDUS41 KRLX 180834
CLICRW


CLIMATE REPORT
NATIONAL WEATHER SERVICE CHARLESTON WV
333 AM EST MON DEC 18 2017


...................................

...THE CHARLESTON WV CLIMATE SUMMARY FOR DECEMBER 17 2017...

CLIMATE NORMAL PERIOD 1981 TO 2010
CLIMATE RECORD PERIOD 1901 TO 2017


WEATHER ITEM   OBSERVED TIME   RECORD YEAR NORMAL DEPARTURE LAST
                VALUE   (LST)  VALUE       VALUE  FROM      YEAR
                                                  NORMAL
..................................................................
TEMPERATURE (F)
 YESTERDAY
  MAXIMUM         44    224 PM  76    1924  45     -1       68
  MINIMUM         28    711 AM  -2    1989  29     -1       37
  AVERAGE         36                        37     -1       53

PRECIPITATION (IN)
  YESTERDAY        0.02          1.36 1906   0.10  -0.08     0.04
  MONTH TO DATE    0.50                      1.86  -1.36     1.11
  SINCE JAN 1     44.71                     42.62   2.09    39.21

SNOWFALL (IN)
  YESTERDAY        T             3.3  1988   0.2   -0.2      0.0
                                      2007
  MONTH TO DATE    1.2                       3.0   -1.8      0.2
  SINCE SEP 1      1.2                       4.4   -3.2      0.3
  SNOW DEPTH       0

DEGREE DAYS
 HEATING
  YESTERDAY       29                        28      1       12
  MONTH TO DATE  455                       443     12      466
  SINCE DEC 1    455                       443     12      466
  SINCE JUL 1   1241                      1327    -86     1120

 COOLING
  YESTERDAY        0                         0      0        0
  MONTH TO DATE    0                         0      0        0
  SINCE DEC 1      0                         0      0        0
  SINCE JAN 1   1138                      1096     42     1473
..................................................................


WIND (MPH)
  HIGHEST WIND SPEED     7   HIGHEST WIND DIRECTION     S (160)
  HIGHEST GUST SPEED    10   HIGHEST GUST DIRECTION     S (170)
  AVERAGE WIND SPEED     1.4


SKY COVER
  POSSIBLE SUNSHINE  MM
  AVERAGE SKY COVER 0.7


WEATHER CONDITIONS
 THE FOLLOWING WEATHER WAS RECORDED YESTERDAY.
  LIGHT RAIN


RELATIVE HUMIDITY (PERCENT)
 HIGHEST    92          1000 PM
 LOWEST     62           200 PM
 AVERAGE    77

..........................................................


THE CHARLESTON WV CLIMATE NORMALS FOR TODAY
                         NORMAL    RECORD    YEAR
 MAXIMUM TEMPERATURE (F)   45        78      1933
 MINIMUM TEMPERATURE (F)   29         2      1989


SUNRISE AND SUNSET
DECEMBER 18 2017......SUNRISE   738 AM EST   SUNSET   508 PM EST
DECEMBER 19 2017......SUNRISE   739 AM EST   SUNSET   508 PM EST


-  INDICATES NEGATIVE NUMBERS.
R  INDICATES RECORD WAS SET OR TIED.
MM INDICATES DATA IS MISSING.
T  INDICATES TRACE AMOUNT.




$$
