000
CDUS41 KRLX 240726
CLICRW


CLIMATE REPORT
NATIONAL WEATHER SERVICE CHARLESTON WV
323 AM EDT THU JUL 24 2014


...................................

...THE CHARLESTON WV CLIMATE SUMMARY FOR JULY 23 2014...

CLIMATE NORMAL PERIOD 1981 TO 2010
CLIMATE RECORD PERIOD 1901 TO 2014


WEATHER ITEM   OBSERVED TIME   RECORD YEAR NORMAL DEPARTURE LAST
                VALUE   (LST)  VALUE       VALUE  FROM      YEAR
                                                  NORMAL
..................................................................
TEMPERATURE (F)
 YESTERDAY
  MAXIMUM         90    413 PM  99    1930  85      5       86
                                      1926
                                      1920
  MINIMUM         69    525 AM  49    1947  66      3       71
  AVERAGE         80                        76      4       79

PRECIPITATION (IN)
  YESTERDAY        1.20          2.33 1938   0.16   1.04     0.01
  MONTH TO DATE    4.21                      3.66   0.55     6.19
  SINCE JAN 1     26.87                     26.09   0.78    28.74

SNOWFALL (IN)
  YESTERDAY        0.0
  MONTH TO DATE    0.0
  SINCE SEP 1     51.7
  SNOW DEPTH       0

DEGREE DAYS
 HEATING
  YESTERDAY        0                         0      0        0
  MONTH TO DATE    0                         0      0        0
  SINCE JUN 1      0                        13    -13        0
  SINCE JUL 1      0                         0      0        0

 COOLING
  YESTERDAY       15                        10      5       14
  MONTH TO DATE  218                       245    -27      284
  SINCE JUN 1    482                       465     17      519
  SINCE JAN 1    603                       575     28      666
..................................................................


WIND (MPH)
  HIGHEST WIND SPEED    16   HIGHEST WIND DIRECTION     W (270)
  HIGHEST GUST SPEED    16   HIGHEST GUST DIRECTION     W (270)
  AVERAGE WIND SPEED     4.6


SKY COVER
  POSSIBLE SUNSHINE  MM
  AVERAGE SKY COVER 0.6


WEATHER CONDITIONS
 THE FOLLOWING WEATHER WAS RECORDED YESTERDAY.
  THUNDERSTORM
  HEAVY RAIN
  RAIN
  LIGHT RAIN
  FOG


RELATIVE HUMIDITY (PERCENT)
 HIGHEST   100          1200 AM
 LOWEST     52           400 PM
 AVERAGE    76

..........................................................


THE CHARLESTON WV CLIMATE NORMALS FOR TODAY
                         NORMAL    RECORD    YEAR
 MAXIMUM TEMPERATURE (F)   85       104      1934
 MINIMUM TEMPERATURE (F)   66        50      1947


SUNRISE AND SUNSET
JULY 24 2014..........SUNRISE   622 AM EDT   SUNSET   844 PM EDT
JULY 25 2014..........SUNRISE   623 AM EDT   SUNSET   843 PM EDT


-  INDICATES NEGATIVE NUMBERS.
R  INDICATES RECORD WAS SET OR TIED.
MM INDICATES DATA IS MISSING.
T  INDICATES TRACE AMOUNT.




$$
