000
CDUS41 KRLX 050718
CLICRW


CLIMATE REPORT
NATIONAL WEATHER SERVICE CHARLESTON WV
317 AM EDT SUN JUL 5 2015


...................................

...THE CHARLESTON WV CLIMATE SUMMARY FOR JULY 4 2015...

CLIMATE NORMAL PERIOD 1981 TO 2010
CLIMATE RECORD PERIOD 1901 TO 2015


WEATHER ITEM   OBSERVED TIME   RECORD YEAR NORMAL DEPARTURE LAST
                VALUE   (LST)  VALUE       VALUE  FROM      YEAR
                                                  NORMAL
..................................................................
TEMPERATURE (F)
 YESTERDAY
  MAXIMUM         81    333 PM 108    1931  85     -4       80
  MINIMUM         67   1159 PM  50    1968  65      2       59
                                      1963
                                      1941
  AVERAGE         74                        75     -1       70

PRECIPITATION (IN)
  YESTERDAY        0.32          2.11 1951   0.15   0.17     0.00
  MONTH TO DATE    1.01                      0.57   0.44      T
  SINCE JAN 1     26.19                     23.00   3.19    22.66

SNOWFALL (IN)
  YESTERDAY        0.0
  MONTH TO DATE    0.0
  SINCE SEP 1     29.1
  SNOW DEPTH       0

DEGREE DAYS
 HEATING
  YESTERDAY        0                         0      0        0
  MONTH TO DATE    0                         0      0        0
  SINCE JUN 1      8                        13     -5        0
  SINCE JUL 1      0                         0      0        0

 COOLING
  YESTERDAY        9                        10     -1        5
  MONTH TO DATE   24                        40    -16       43
  SINCE JUN 1    311                       260     51      307
  SINCE JAN 1    500                       370    130      428
..................................................................


WIND (MPH)
  HIGHEST WIND SPEED    12   HIGHEST WIND DIRECTION    SW (240)
  HIGHEST GUST SPEED    14   HIGHEST GUST DIRECTION    SW (240)
  AVERAGE WIND SPEED     3.5


SKY COVER
  POSSIBLE SUNSHINE  MM
  AVERAGE SKY COVER 0.6


WEATHER CONDITIONS
 THE FOLLOWING WEATHER WAS RECORDED YESTERDAY.
  THUNDERSTORM
  HEAVY RAIN
  RAIN
  LIGHT RAIN
  FOG
  HAZE


RELATIVE HUMIDITY (PERCENT)
 HIGHEST    97           100 AM
 LOWEST     58           200 PM
 AVERAGE    78

..........................................................


THE CHARLESTON WV CLIMATE NORMALS FOR TODAY
                         NORMAL    RECORD    YEAR
 MAXIMUM TEMPERATURE (F)   85       100      1934
 MINIMUM TEMPERATURE (F)   65        47      1968


SUNRISE AND SUNSET
JULY  5 2015..........SUNRISE   608 AM EDT   SUNSET   853 PM EDT
JULY  6 2015..........SUNRISE   609 AM EDT   SUNSET   853 PM EDT


-  INDICATES NEGATIVE NUMBERS.
R  INDICATES RECORD WAS SET OR TIED.
MM INDICATES DATA IS MISSING.
T  INDICATES TRACE AMOUNT.




$$
