000
CDUS41 KRLX 222118
CLICRW


CLIMATE REPORT
NATIONAL WEATHER SERVICE CHARLESTON WV
518 PM EDT FRI MAY 22 2015


...................................

...THE CHARLESTON WV CLIMATE SUMMARY FOR MAY 22 2015...
VALID TODAY AS OF 0500 PM LOCAL TIME.

CLIMATE NORMAL PERIOD 1981 TO 2010
CLIMATE RECORD PERIOD 1901 TO 2015


WEATHER ITEM   OBSERVED TIME   RECORD YEAR NORMAL DEPARTURE LAST
                VALUE   (LST)  VALUE       VALUE  FROM      YEAR
                                                  NORMAL
..................................................................
TEMPERATURE (F)
 TODAY
  MAXIMUM         72    355 PM  96    1941  76     -4       82
  MINIMUM         44    540 AM  30    2002  54    -10       62
  AVERAGE         58                        65     -7       72

PRECIPITATION (IN)
  TODAY            0.00          1.57 1975   0.15  -0.15     0.00
  MONTH TO DATE    1.16                      3.33  -2.17     2.24
  SINCE MAR 1     13.22                     10.48   2.74     8.93
  SINCE JAN 1     18.42                     16.67   1.75    15.99

DEGREE DAYS
 HEATING
  TODAY            7                         3      4        0
  MONTH TO DATE   52                        97    -45       83
  SINCE MAR 1    928                       991    -63     1002
  SINCE JUL 1   4833                      4445    388     4769

 COOLING
  TODAY            0                         3     -3        7
  MONTH TO DATE  104                        43     61       65
  SINCE MAR 1    119                        75     44       83
  SINCE JAN 1    119                        75     44       83
..................................................................


WIND (MPH)
  HIGHEST WIND SPEED    15   HIGHEST WIND DIRECTION     W (250)
  HIGHEST GUST SPEED    22   HIGHEST GUST DIRECTION     W (250)
  AVERAGE WIND SPEED     6.8


SKY COVER
  POSSIBLE SUNSHINE  MM
  AVERAGE SKY COVER 0.3


WEATHER CONDITIONS
 THE FOLLOWING WEATHER WAS RECORDED TODAY.
  FOG


RELATIVE HUMIDITY (PERCENT)
 HIGHEST   100           100 AM
 LOWEST     38           300 PM
 AVERAGE    69

..........................................................


THE CHARLESTON WV CLIMATE NORMALS FOR TOMORROW
                         NORMAL    RECORD    YEAR
 MAXIMUM TEMPERATURE (F)   76        92      1925
                                             1921
 MINIMUM TEMPERATURE (F)   55        34      1963


SUNRISE AND SUNSET
MAY 22 2015...........SUNRISE   610 AM EDT   SUNSET   837 PM EDT
MAY 23 2015...........SUNRISE   609 AM EDT   SUNSET   837 PM EDT


-  INDICATES NEGATIVE NUMBERS.
R  INDICATES RECORD WAS SET OR TIED.
MM INDICATES DATA IS MISSING.
T  INDICATES TRACE AMOUNT.




$$
