000
CDUS41 KRLX 140719
CLICRW


CLIMATE REPORT
NATIONAL WEATHER SERVICE CHARLESTON WV
316 AM EDT MON JUL 14 2014


...................................

...THE CHARLESTON WV CLIMATE SUMMARY FOR JULY 13 2014...

CLIMATE NORMAL PERIOD 1981 TO 2010
CLIMATE RECORD PERIOD 1901 TO 2014


WEATHER ITEM   OBSERVED TIME   RECORD YEAR NORMAL DEPARTURE LAST
                VALUE   (LST)  VALUE       VALUE  FROM      YEAR
                                                  NORMAL
..................................................................
TEMPERATURE (F)
 YESTERDAY
  MAXIMUM         94    428 PM 103    1929  85      9       86
  MINIMUM         68    541 AM  53    1973  66      2       60
  AVERAGE         81                        76      5       73

PRECIPITATION (IN)
  YESTERDAY        0.28          3.10 2006   0.16   0.12     0.00
  MONTH TO DATE    0.58                      1.98  -1.40     4.15
  SINCE JAN 1     23.24                     24.41  -1.17    26.70

SNOWFALL (IN)
  YESTERDAY        0.0
  MONTH TO DATE    0.0
  SINCE SEP 1     51.7
  SNOW DEPTH       0

DEGREE DAYS
 HEATING
  YESTERDAY        0                         0      0        0
  MONTH TO DATE    0                         0      0        0
  SINCE JUN 1      0                        13    -13        0
  SINCE JUL 1      0                         0      0        0

 COOLING
  YESTERDAY       16                        11      5        8
  MONTH TO DATE  145                       136      9      135
  SINCE JUN 1    409                       356     53      370
  SINCE JAN 1    530                       466     64      517
..................................................................


WIND (MPH)
  HIGHEST WIND SPEED    20   HIGHEST WIND DIRECTION    SW (230)
  HIGHEST GUST SPEED    29   HIGHEST GUST DIRECTION     W (250)
  AVERAGE WIND SPEED     6.6


SKY COVER
  POSSIBLE SUNSHINE  MM
  AVERAGE SKY COVER 0.7


WEATHER CONDITIONS
 THE FOLLOWING WEATHER WAS RECORDED YESTERDAY.
  THUNDERSTORM
  RAIN
  LIGHT RAIN
  FOG


RELATIVE HUMIDITY (PERCENT)
 HIGHEST    90          1200 AM
 LOWEST     36           400 PM
 AVERAGE    63

..........................................................


THE CHARLESTON WV CLIMATE NORMALS FOR TODAY
                         NORMAL    RECORD    YEAR
 MAXIMUM TEMPERATURE (F)   85       102      1954
 MINIMUM TEMPERATURE (F)   66        54      2009


SUNRISE AND SUNSET
JULY 14 2014..........SUNRISE   614 AM EDT   SUNSET   850 PM EDT
JULY 15 2014..........SUNRISE   615 AM EDT   SUNSET   850 PM EDT


-  INDICATES NEGATIVE NUMBERS.
R  INDICATES RECORD WAS SET OR TIED.
MM INDICATES DATA IS MISSING.
T  INDICATES TRACE AMOUNT.




$$
