000
CDUS41 KRLX 302133
CLICRW


CLIMATE REPORT
NATIONAL WEATHER SERVICE CHARLESTON WV
533 PM EDT SAT APR 30 2016


...................................

...THE CHARLESTON WV CLIMATE SUMMARY FOR APRIL 30 2016...
VALID TODAY AS OF 0500 PM LOCAL TIME.

CLIMATE NORMAL PERIOD 1981 TO 2010
CLIMATE RECORD PERIOD 1901 TO 2016


WEATHER ITEM   OBSERVED TIME   RECORD YEAR NORMAL DEPARTURE LAST
                VALUE   (LST)  VALUE       VALUE  FROM      YEAR
                                                  NORMAL
..................................................................
TEMPERATURE (F)
 TODAY
  MAXIMUM         65   1206 PM  94    1942  72     -7       63
  MINIMUM         54    602 AM  31    1977  48      6       43
  AVERAGE         60                        60      0       53

PRECIPITATION (IN)
  TODAY            0.07          1.49 1966   0.11  -0.04     0.02
  MONTH TO DATE    2.76                      3.24  -0.48     6.29
  SINCE MAR 1      5.41                      7.15  -1.74    12.06
  SINCE JAN 1     11.58                     13.34  -1.76    17.26

DEGREE DAYS
 HEATING
  TODAY            5                         6     -1       12
  MONTH TO DATE  258                       294    -36      263
  SINCE MAR 1    643                       894   -251      876
  SINCE JUL 1   3578                      4348   -770     4781

 COOLING
  TODAY            0                         1     -1        0
  MONTH TO DATE   42                        27     15       15
  SINCE MAR 1     46                        32     14       15
  SINCE JAN 1     46                        32     14       15
..................................................................


WIND (MPH)
  HIGHEST WIND SPEED     9   HIGHEST WIND DIRECTION    NE (60)
  HIGHEST GUST SPEED    12   HIGHEST GUST DIRECTION    NE (60)
  AVERAGE WIND SPEED     3.1


SKY COVER
  POSSIBLE SUNSHINE  MM
  AVERAGE SKY COVER 0.8


WEATHER CONDITIONS
 THE FOLLOWING WEATHER WAS RECORDED TODAY.
  LIGHT RAIN
  FOG


RELATIVE HUMIDITY (PERCENT)
 HIGHEST    90           400 PM
 LOWEST     67          1200 PM
 AVERAGE    79

..........................................................


THE CHARLESTON WV CLIMATE NORMALS FOR TOMORROW
                         NORMAL    RECORD    YEAR
 MAXIMUM TEMPERATURE (F)   72        94      1942
 MINIMUM TEMPERATURE (F)   49        31      1969


SUNRISE AND SUNSET
APRIL 30 2016.........SUNRISE   630 AM EDT   SUNSET   817 PM EDT
MAY  1 2016...........SUNRISE   629 AM EDT   SUNSET   818 PM EDT


-  INDICATES NEGATIVE NUMBERS.
R  INDICATES RECORD WAS SET OR TIED.
MM INDICATES DATA IS MISSING.
T  INDICATES TRACE AMOUNT.




$$
