000
CDUS41 KRLX 220823
CLICRW


CLIMATE REPORT
NATIONAL WEATHER SERVICE CHARLESTON WV
319 AM EST SAT NOV 22 2014


...................................

...THE CHARLESTON WV CLIMATE SUMMARY FOR NOVEMBER 21 2014...

CLIMATE NORMAL PERIOD 1981 TO 2010
CLIMATE RECORD PERIOD 1901 TO 2014


WEATHER ITEM   OBSERVED TIME   RECORD YEAR NORMAL DEPARTURE LAST
                VALUE   (LST)  VALUE       VALUE  FROM      YEAR
                                                  NORMAL
..................................................................
TEMPERATURE (F)
 YESTERDAY
  MAXIMUM         36    412 PM  83    1931  55    -19       60
  MINIMUM         21   1159 PM  16    1951  36    -15       41
  AVERAGE         29                        45    -16       51

PRECIPITATION (IN)
  YESTERDAY        0.00          1.26 1962   0.13  -0.13     0.00
  MONTH TO DATE    1.89                      2.60  -0.71     1.31
  SINCE JAN 1     43.01                     39.63   3.38    39.11

SNOWFALL (IN)
  YESTERDAY        0.0
  MONTH TO DATE    0.3
  SINCE SEP 1      0.3
  SNOW DEPTH       0

DEGREE DAYS
 HEATING
  YESTERDAY       36                        20     16       14
  MONTH TO DATE  518                       349    169      369
  SINCE SEP 1    855                       687    168      672
  SINCE JUL 1    855                       689    166      675

 COOLING
  YESTERDAY        0                         0      0        0
  MONTH TO DATE    0                         0      0        0
  SINCE SEP 1    142                       148     -6      155
  SINCE JAN 1   1049                      1094    -45     1121
..................................................................


WIND (MPH)
  HIGHEST WIND SPEED    10   HIGHEST WIND DIRECTION    NW (310)
  HIGHEST GUST SPEED    14   HIGHEST GUST DIRECTION    NW (310)
  AVERAGE WIND SPEED     3.8


SKY COVER
  POSSIBLE SUNSHINE  MM
  AVERAGE SKY COVER 0.1


WEATHER CONDITIONS
 THE FOLLOWING WEATHER WAS RECORDED YESTERDAY.
  NO SIGNIFICANT WEATHER WAS OBSERVED.


RELATIVE HUMIDITY (PERCENT)
 HIGHEST    84           800 AM
 LOWEST     27           400 PM
 AVERAGE    56

..........................................................


THE CHARLESTON WV CLIMATE NORMALS FOR TODAY
                         NORMAL    RECORD    YEAR
 MAXIMUM TEMPERATURE (F)   54        78      1931
 MINIMUM TEMPERATURE (F)   35        11      1964


SUNRISE AND SUNSET
NOVEMBER 22 2014......SUNRISE   715 AM EST   SUNSET   509 PM EST
NOVEMBER 23 2014......SUNRISE   716 AM EST   SUNSET   509 PM EST


-  INDICATES NEGATIVE NUMBERS.
R  INDICATES RECORD WAS SET OR TIED.
MM INDICATES DATA IS MISSING.
T  INDICATES TRACE AMOUNT.




$$
