000
CDUS42 KFFC 210819
CLICSG


CLIMATE REPORT
NATIONAL WEATHER SERVICE PEACHTREE CITY GA
419 AM EDT THU AUG 21 2014


...................................

...THE COLUMBUS CLIMATE SUMMARY FOR AUGUST 20 2014...

CLIMATE NORMAL PERIOD 1981 TO 2010
CLIMATE RECORD PERIOD 1948 TO 2014


WEATHER ITEM   OBSERVED TIME   RECORD YEAR NORMAL DEPARTURE LAST
                VALUE   (LST)  VALUE       VALUE  FROM      YEAR
                                                  NORMAL
..................................................................
TEMPERATURE (F)
 YESTERDAY
  MAXIMUM         93    449 PM 102    1983  91      2       88
  MINIMUM         70    709 AM  66    1961  72     -2       72
                                      1948
  AVERAGE         82                        82      0       80

PRECIPITATION (IN)
  YESTERDAY        0.01          0.97 2003   0.12  -0.11     0.17
  MONTH TO DATE    1.18                      2.48  -1.30     8.57
  SINCE JUN 1      9.88                     10.96  -1.08    24.70
  SINCE JAN 1     35.67                     31.45   4.22    50.31

DEGREE DAYS
 HEATING
  YESTERDAY        0                         0      0        0
  MONTH TO DATE    0                         0      0        0
  SINCE JUN 1      0                         0      0        0
  SINCE JUL 1      0                         0      0        0

 COOLING
  YESTERDAY       17                        17      0       15
  MONTH TO DATE  318                       344    -26      312
  SINCE JUN 1   1259                      1334    -75     1248
  SINCE JAN 1   1595                      1692    -97     1611
..................................................................


WIND (MPH)
  HIGHEST WIND SPEED    20   HIGHEST WIND DIRECTION    NE (50)
  HIGHEST GUST SPEED    30   HIGHEST GUST DIRECTION    NE (60)
  AVERAGE WIND SPEED     4.7


SKY COVER
  AVERAGE SKY COVER 0.2


WEATHER CONDITIONS
 THE FOLLOWING WEATHER WAS RECORDED YESTERDAY.
  THUNDERSTORM
  LIGHT RAIN
  FOG


RELATIVE HUMIDITY (PERCENT)
 HIGHEST   100           400 AM
 LOWEST     49           400 PM
 AVERAGE    75

..........................................................


THE COLUMBUS CLIMATE NORMALS FOR TODAY
                         NORMAL    RECORD    YEAR
 MAXIMUM TEMPERATURE (F)   91       102      1983
 MINIMUM TEMPERATURE (F)   72        62      1991


SUNRISE AND SUNSET
AUGUST 21 2014........SUNRISE   707 AM EDT   SUNSET   818 PM EDT
AUGUST 22 2014........SUNRISE   708 AM EDT   SUNSET   816 PM EDT


-  INDICATES NEGATIVE NUMBERS.
R  INDICATES RECORD WAS SET OR TIED.
MM INDICATES DATA IS MISSING.
T  INDICATES TRACE AMOUNT.




$$
