000
CDUS42 KFFC 250020
CLICSG


CLIMATE REPORT
NATIONAL WEATHER SERVICE PEACHTREE CITY GA
720 PM EST SAT JAN 24 2015


...................................

...THE COLUMBUS CLIMATE SUMMARY FOR JANUARY 24 2015...
VALID AS OF 0700 PM LOCAL TIME.

CLIMATE NORMAL PERIOD 1981 TO 2010
CLIMATE RECORD PERIOD 1948 TO 2015


WEATHER ITEM   OBSERVED TIME   RECORD YEAR NORMAL DEPARTURE LAST
                VALUE   (LST)  VALUE       VALUE  FROM      YEAR
                                                  NORMAL
..................................................................
TEMPERATURE (F)
 TODAY
  MAXIMUM         53    442 PM  77    2002  58     -5       39
  MINIMUM         41   1013 AM   3    1963  37      4       18
  AVERAGE         47                        48     -1       29

PRECIPITATION (IN)
  TODAY            0.02          1.74 1978   0.14  -0.12     0.00
  MONTH TO DATE    3.15                      2.91   0.24     2.56
  SINCE DEC 1      7.77                      7.18   0.59    11.43
  SINCE JAN 1      3.15                      2.91   0.24     2.56

SNOWFALL (IN)
  TODAY           MM             0.0  2002   0.0   MM        0.0
  MONTH TO DATE    0.0                       0.2   -0.2      0.0
  SINCE DEC 1      0.0                       0.3   -0.3      0.0
  SINCE JUL 1      0.0                       0.3   -0.3      0.0
  SNOW DEPTH       0

DEGREE DAYS
 HEATING
  TODAY           18                        18      0       36
  MONTH TO DATE  448                       432     16      575
  SINCE DEC 1    843                       929    -86     1003
  SINCE JUL 1   1311                      1261     50     1351
..................................................................


WIND (MPH)
  HIGHEST WIND SPEED    20   HIGHEST WIND DIRECTION    NW (310)
  HIGHEST GUST SPEED    29   HIGHEST GUST DIRECTION    NW (310)
  AVERAGE WIND SPEED    12.8


SKY COVER
  AVERAGE SKY COVER 0.6


WEATHER CONDITIONS
 THE FOLLOWING WEATHER WAS RECORDED TODAY.
  LIGHT RAIN
  FOG


RELATIVE HUMIDITY (PERCENT)
 HIGHEST    93          1200 AM
 LOWEST     32           300 PM

..........................................................


THE COLUMBUS CLIMATE NORMALS FOR TOMORROW
                         NORMAL    RECORD
 MAXIMUM TEMPERATURE (F)   58        80
 MINIMUM TEMPERATURE (F)   37        14


SUNRISE AND SUNSET
JANUARY 24 2015.......SUNRISE   739 AM EST   SUNSET   605 PM EST
JANUARY 25 2015.......SUNRISE   738 AM EST   SUNSET   606 PM EST


-  INDICATES NEGATIVE NUMBERS.
R  INDICATES RECORD WAS SET OR TIED.
MM INDICATES DATA IS MISSING.
T  INDICATES TRACE AMOUNT.




$$
