000
CDUS42 KFFC 010022
CLICSG


CLIMATE REPORT
NATIONAL WEATHER SERVICE PEACHTREE CITY GA
822 PM EDT TUE MAY 31 2016


...................................

...THE COLUMBUS CLIMATE SUMMARY FOR MAY 31 2016...
VALID AS OF 0800 PM LOCAL TIME.

CLIMATE NORMAL PERIOD 1981 TO 2010
CLIMATE RECORD PERIOD 1948 TO 2016


WEATHER ITEM   OBSERVED TIME   RECORD YEAR NORMAL DEPARTURE LAST
                VALUE   (LST)  VALUE       VALUE  FROM      YEAR
                                                  NORMAL
..................................................................
TEMPERATURE (F)
 TODAY
  MAXIMUM         96    510 PM  99    1945  87      9       91
  MINIMUM         68    525 AM  49    1984  66      2       69
  AVERAGE         82                        77      5       80

PRECIPITATION (IN)
  TODAY            0.00          3.49 2005   0.12  -0.12     0.26
  MONTH TO DATE    2.51                      3.19  -0.68     3.18
  SINCE MAR 1     12.01                     12.20  -0.19    12.11
  SINCE JAN 1     19.44                     20.49  -1.05    19.48

DEGREE DAYS
 COOLING
  TODAY           17                        12      5       15
  MONTH TO DATE  246                       254     -8      297
  SINCE MAR 1    384                       354     30      446
  SINCE JAN 1    386                       358     28      446
..................................................................


WIND (MPH)
  HIGHEST WIND SPEED    12   HIGHEST WIND DIRECTION    NW (330)
  HIGHEST GUST SPEED    17   HIGHEST GUST DIRECTION     W (280)
  AVERAGE WIND SPEED     3.1


SKY COVER
  AVERAGE SKY COVER 0.1


WEATHER CONDITIONS
 THE FOLLOWING WEATHER WAS RECORDED TODAY.
  NO SIGNIFICANT WEATHER WAS OBSERVED.


RELATIVE HUMIDITY (PERCENT)
 HIGHEST    84           200 AM
 LOWEST     28           500 PM

..........................................................


THE COLUMBUS CLIMATE NORMALS FOR TOMORROW
                         NORMAL    RECORD
 MAXIMUM TEMPERATURE (F)   88       102
 MINIMUM TEMPERATURE (F)   67        48


SUNRISE AND SUNSET
MAY 31 2016...........SUNRISE   633 AM EDT   SUNSET   842 PM EDT
JUNE  1 2016..........SUNRISE   633 AM EDT   SUNSET   842 PM EDT


-  INDICATES NEGATIVE NUMBERS.
R  INDICATES RECORD WAS SET OR TIED.
MM INDICATES DATA IS MISSING.
T  INDICATES TRACE AMOUNT.




$$
