000
CDUS42 KFFC 200022
CLICSG


CLIMATE REPORT
NATIONAL WEATHER SERVICE PEACHTREE CITY GA
822 PM EDT SAT AUG 19 2017


...................................

...THE COLUMBUS CLIMATE SUMMARY FOR AUGUST 19 2017...
VALID AS OF 0800 PM LOCAL TIME.

CLIMATE NORMAL PERIOD 1981 TO 2010
CLIMATE RECORD PERIOD 1948 TO 2017


WEATHER ITEM   OBSERVED TIME   RECORD YEAR NORMAL DEPARTURE LAST
                VALUE   (LST)  VALUE       VALUE  FROM      YEAR
                                                  NORMAL
..................................................................
TEMPERATURE (F)
 TODAY
  MAXIMUM         95    420 PM 101    1925  91      4       94
  MINIMUM         71    613 AM  64    1958  72     -1       73
  AVERAGE         83                        82      1       84

PRECIPITATION (IN)
  TODAY            0.00          2.60 1931   0.12  -0.12     0.15
  MONTH TO DATE    2.81                      2.36   0.45     3.50
  SINCE JUN 1     11.37                     10.84   0.53     6.61
  SINCE JAN 1     36.94                     31.33   5.61    26.05

DEGREE DAYS
 COOLING
  TODAY           18                        17      1       19
  MONTH TO DATE  329                       327      2      346
  SINCE JUN 1   1337                      1317     20     1449
  SINCE JAN 1   1889                      1675    214     1835
..................................................................


WIND (MPH)
  HIGHEST WIND SPEED    13   HIGHEST WIND DIRECTION     W (290)
  HIGHEST GUST SPEED    16   HIGHEST GUST DIRECTION     N (340)
  AVERAGE WIND SPEED     2.9


SKY COVER
  AVERAGE SKY COVER 0.0


WEATHER CONDITIONS
 THE FOLLOWING WEATHER WAS RECORDED TODAY.
  NO SIGNIFICANT WEATHER WAS OBSERVED.


RELATIVE HUMIDITY (PERCENT)
 HIGHEST    93           500 AM
 LOWEST     39           200 PM

..........................................................


THE COLUMBUS CLIMATE NORMALS FOR TOMORROW
                         NORMAL    RECORD
 MAXIMUM TEMPERATURE (F)   91       102
 MINIMUM TEMPERATURE (F)   72        65


SUNRISE AND SUNSET
AUGUST 19 2017........SUNRISE   706 AM EDT   SUNSET   820 PM EDT
AUGUST 20 2017........SUNRISE   707 AM EDT   SUNSET   818 PM EDT


-  INDICATES NEGATIVE NUMBERS.
R  INDICATES RECORD WAS SET OR TIED.
MM INDICATES DATA IS MISSING.
T  INDICATES TRACE AMOUNT.




$$
