000
CDUS42 KFFC 020932
CLICSG


CLIMATE REPORT
NATIONAL WEATHER SERVICE PEACHTREE CITY GA
432 AM EST MON MAR 2 2015


...................................

...THE COLUMBUS CLIMATE SUMMARY FOR MARCH 1 2015...

CLIMATE NORMAL PERIOD 1981 TO 2010
CLIMATE RECORD PERIOD 1948 TO 2015


WEATHER ITEM   OBSERVED TIME   RECORD YEAR NORMAL DEPARTURE LAST
                VALUE   (LST)  VALUE       VALUE  FROM      YEAR
                                                  NORMAL
..................................................................
TEMPERATURE (F)
 YESTERDAY
  MAXIMUM         51    524 PM  82    1997  66    -15       69
  MINIMUM         41   1011 AM  25    1984  43     -2       47
  AVERAGE         46                        54     -8       58

PRECIPITATION (IN)
  YESTERDAY        0.05          2.78 1991   0.17  -0.12      T
  MONTH TO DATE    0.05                      0.17  -0.12      T
  SINCE MAR 1      0.05                      0.17  -0.12      T
  SINCE JAN 1      7.42                      8.46  -1.04     8.32

SNOWFALL (IN)
  YESTERDAY       MM             6.5  2009   0.0   MM       MM
  MONTH TO DATE   MM                         0.0   MM       MM
  SINCE MAR 1     MM                         0.0   MM       MM
  SINCE JUL 1      0.0                       0.3   -0.3      1.2
  SNOW DEPTH       0

DEGREE DAYS
 HEATING
  YESTERDAY       19                        11      8        7
  MONTH TO DATE   19                        11      8        7
  SINCE MAR 1     19                        11      8        7
  SINCE JUL 1   2029                      1788    241     1950

 COOLING
  YESTERDAY        0                         0      0        0
  MONTH TO DATE    0                         0      0        0
  SINCE MAR 1      0                         0      0        0
  SINCE JAN 1      0                         4     -4        3
..................................................................


WIND (MPH)
  HIGHEST WIND SPEED    17   HIGHEST WIND DIRECTION     E (90)
  HIGHEST GUST SPEED    22   HIGHEST GUST DIRECTION     E (90)
  AVERAGE WIND SPEED     7.0


SKY COVER
  AVERAGE SKY COVER 0.9


WEATHER CONDITIONS
 THE FOLLOWING WEATHER WAS RECORDED YESTERDAY.
  LIGHT RAIN
  FOG


RELATIVE HUMIDITY (PERCENT)
 HIGHEST   100          1200 PM
 LOWEST     74           300 PM
 AVERAGE    87

..........................................................


THE COLUMBUS CLIMATE NORMALS FOR TODAY
                         NORMAL    RECORD    YEAR
 MAXIMUM TEMPERATURE (F)   66        82      1976
 MINIMUM TEMPERATURE (F)   43        20      1980


SUNRISE AND SUNSET
MARCH  2 2015.........SUNRISE   706 AM EST   SUNSET   638 PM EST
MARCH  3 2015.........SUNRISE   705 AM EST   SUNSET   639 PM EST


-  INDICATES NEGATIVE NUMBERS.
R  INDICATES RECORD WAS SET OR TIED.
MM INDICATES DATA IS MISSING.
T  INDICATES TRACE AMOUNT.




$$
