000
CDUS45 KTFX 232330
CLICTB


CLIMATE REPORT
NATIONAL WEATHER SERVICE GREAT FALLS MT
430 PM MST FRI FEB 23 2018


...................................

...THE CUT BANK MT CLIMATE SUMMARY FOR FEBRUARY 23 2018...
VALID TODAY AS OF 0400 PM LOCAL TIME.

CLIMATE NORMAL PERIOD 1981 TO 2010
CLIMATE RECORD PERIOD 1903 TO 2018


WEATHER ITEM   OBSERVED TIME   RECORD YEAR NORMAL DEPARTURE LAST
                VALUE   (LST)  VALUE       VALUE  FROM      YEAR
                                                  NORMAL
..................................................................
TEMPERATURE (F)
 TODAY
  MAXIMUM         19    322 PM  59    1981  37    -18       26
  MINIMUM        -15    446 AM -24    1922  14    -29       19
  AVERAGE          2                        25    -23       23

PRECIPITATION (IN)
  TODAY            T             0.20 1947   0.00   0.00     0.01
  MONTH TO DATE    T                         0.16  -0.16     0.77
  SINCE OCT 1      2.21                      1.38   0.83     2.80
  SINCE JAN 1      0.10                      0.36  -0.26     1.37

DEGREE DAYS
 HEATING
  TODAY           63                        40     23       42
  MONTH TO DATE 1363                       948    415     1000
  SINCE DEC 1   4086                      3603    483     4129
  SINCE JUL 1   6310                      5866    444     6107

 COOLING
  TODAY            0                         0      0        0
  MONTH TO DATE    0                         0      0        0
  SINCE DEC 1      0                         0      0        0
  SINCE JAN 1      0                         0      0        0
..................................................................


WIND (MPH)
  HIGHEST WIND SPEED    41   HIGHEST WIND DIRECTION     W (250)
  HIGHEST GUST SPEED    50   HIGHEST GUST DIRECTION    SW (240)
  AVERAGE WIND SPEED    17.1


SKY COVER
  AVERAGE SKY COVER 0.0


WEATHER CONDITIONS
 THE FOLLOWING WEATHER WAS RECORDED TODAY.
  HAZE


RELATIVE HUMIDITY (PERCENT)
 HIGHEST    86          1200 AM
 LOWEST     67          1000 AM
 AVERAGE    77

..........................................................


THE CUT BANK MT CLIMATE NORMALS FOR TOMORROW
                         NORMAL    RECORD    YEAR
 MAXIMUM TEMPERATURE (F)   37        66      1995
 MINIMUM TEMPERATURE (F)   14       -27      1922


SUNRISE AND SUNSET
FEBRUARY 23 2018......SUNRISE   722 AM MST   SUNSET   604 PM MST
FEBRUARY 24 2018......SUNRISE   721 AM MST   SUNSET   606 PM MST


-  INDICATES NEGATIVE NUMBERS.
R  INDICATES RECORD WAS SET OR TIED.
MM INDICATES DATA IS MISSING.
T  INDICATES TRACE AMOUNT.




$$
