000
CDUS42 KTAE 230639
CLICTY


CLIMATE REPORT
NATIONAL WEATHER SERVICE TALLAHASSEE FL
235 AM EDT SUN JUL 23 2017

...................................

...THE CROSS CITY  CLIMATE SUMMARY FOR JULY 22 2017...

CLIMATE NORMAL PERIOD 1981 TO 2010
CLIMATE RECORD PERIOD 1948 TO 2017


WEATHER ITEM   OBSERVED TIME   NORMAL DEPARTURE LAST
                VALUE   (LST)  VALUE  FROM      YEAR
                                      NORMAL
......................................................
TEMPERATURE (F)
 YESTERDAY
  MAXIMUM         88   1050 AM  91     -3       93
  MINIMUM         71    135 AM  72     -1       74
  AVERAGE         80            82     -2

PRECIPITATION (IN)
  YESTERDAY        0.93          0.19   0.74     0.12
  MONTH TO DATE    6.84          3.83   3.01     5.61
  SINCE JUN 1     21.07          8.92  12.15    10.69
  SINCE JAN 1     31.23         26.09   5.14    27.44

DEGREE DAYS
 HEATING
  YESTERDAY        0             0      0
  MONTH TO DATE    0             0      0
  SINCE JUN 1      0             0      0
  SINCE JUL 1      0             0      0

 COOLING
  YESTERDAY       15            17     -2
  MONTH TO DATE  385           358     27
  SINCE JUN 1    827           805     22
  SINCE JAN 1   1428          1284    144
......................................................


WIND (MPH)
  RESULTANT WIND SPEED   2   RESULTANT WIND DIRECTION   S (180)
  HIGHEST WIND SPEED     9   HIGHEST WIND DIRECTION    SW (210)
  HIGHEST GUST SPEED    MM   HIGHEST GUST DIRECTION    MM
  AVERAGE WIND SPEED     2.8



WEATHER CONDITIONS
 THE FOLLOWING WEATHER WAS RECORDED YESTERDAY.
  THUNDERSTORM
  HEAVY RAIN
  RAIN
  LIGHT RAIN
  FOG


RELATIVE HUMIDITY (PERCENT)
 HIGHEST   100
 LOWEST     75

..........................................................



SUNRISE AND SUNSET
JULY 23 2017..........SUNRISE   647 AM EDT   SUNSET   830 PM EDT
JULY 24 2017..........SUNRISE   648 AM EDT   SUNSET   830 PM EDT


-  INDICATES NEGATIVE NUMBERS.
R  INDICATES RECORD WAS SET OR TIED.
MM INDICATES DATA IS MISSING.
T  INDICATES TRACE AMOUNT.


$$
