686
CDUS42 KTAE 130631
CLICTY


CLIMATE REPORT
NATIONAL WEATHER SERVICE TALLAHASSEE FL
131 AM EST WED DEC 13 2017


...................................

...THE CROSS CITY  CLIMATE SUMMARY FOR DECEMBER 12 2017...

CLIMATE NORMAL PERIOD 1981 TO 2010
CLIMATE RECORD PERIOD 1948 TO 2017


WEATHER ITEM   OBSERVED TIME   NORMAL DEPARTURE LAST
                VALUE   (LST)  VALUE  FROM      YEAR
                                      NORMAL
......................................................
TEMPERATURE (F)
 YESTERDAY
  MAXIMUM         72        MM  67      5       79
  MINIMUM         36        MM  44     -8       55
  AVERAGE         54            55     -1

PRECIPITATION (IN)
  YESTERDAY        0.00          0.09  -0.09     0.03
  MONTH TO DATE    3.11          1.10   2.01     3.12
  SINCE DEC 1      3.11          1.10   2.01     3.12
  SINCE JAN 1     58.85         46.94  11.91    62.72

DEGREE DAYS
 HEATING
  YESTERDAY       11            10      1
  MONTH TO DATE  110           108      2
  SINCE DEC 1    110           108      2
  SINCE JUL 1    263           276    -13

 COOLING
  YESTERDAY        0             1     -1
  MONTH TO DATE    8            12     -4
  SINCE DEC 1      8            12     -4
  SINCE JAN 1   2897          2614    283
......................................................


WIND (MPH)
  RESULTANT WIND SPEED   7   RESULTANT WIND DIRECTION   W (270)
  HIGHEST WIND SPEED    23   HIGHEST WIND DIRECTION     W (270)
  HIGHEST GUST SPEED    32   HIGHEST GUST DIRECTION     W (260)
  AVERAGE WIND SPEED     7.5



WEATHER CONDITIONS
 THE FOLLOWING WEATHER WAS RECORDED YESTERDAY.
  FOG


RELATIVE HUMIDITY (PERCENT)
 HIGHEST   100
 LOWEST     40

..........................................................




SUNRISE AND SUNSET
DECEMBER 13 2017......SUNRISE   719 AM EST   SUNSET   535 PM EST
DECEMBER 14 2017......SUNRISE   719 AM EST   SUNSET   535 PM EST


-  INDICATES NEGATIVE NUMBERS.
R  INDICATES RECORD WAS SET OR TIED.
MM INDICATES DATA IS MISSING.
T  INDICATES TRACE AMOUNT.




$$
