000
CDUS42 KTAE 210633
CLICTY


CLIMATE REPORT
NATIONAL WEATHER SERVICE TALLAHASSEE FL
231 AM EDT THU SEP 21 2017


...................................

...THE CROSS CITY  CLIMATE SUMMARY FOR SEPTEMBER 20 2017...

CLIMATE NORMAL PERIOD 1981 TO 2010
CLIMATE RECORD PERIOD 1948 TO 2017


WEATHER ITEM   OBSERVED TIME   NORMAL DEPARTURE LAST
                VALUE   (LST)  VALUE  FROM      YEAR
                                      NORMAL
......................................................
TEMPERATURE (F)
 YESTERDAY
  MAXIMUM         93    255 PM  88      5       90
  MINIMUM         68    455 AM  68      0       73
  AVERAGE         81            78      3

PRECIPITATION (IN)
  YESTERDAY        0.00          0.12  -0.12     0.54
  MONTH TO DATE    4.69          3.34   1.35    14.17
  SINCE SEP 1      4.69          3.34   1.35    14.17
  SINCE JAN 1     51.14         38.71  12.43    58.52

DEGREE DAYS
 HEATING
  YESTERDAY        0             0      0
  MONTH TO DATE    0             0      0
  SINCE SEP 1      0             0      0
  SINCE JUL 1      0             0      0

 COOLING
  YESTERDAY       16            13      3
  MONTH TO DATE  264           286    -22
  SINCE SEP 1    264           286    -22
  SINCE JAN 1   2382          2224    158
......................................................


WIND (MPH)
  RESULTANT WIND SPEED   1   RESULTANT WIND DIRECTION   W (280)
  HIGHEST WIND SPEED     8   HIGHEST WIND DIRECTION     W (260)
  HIGHEST GUST SPEED    MM   HIGHEST GUST DIRECTION    MM
  AVERAGE WIND SPEED     1.7



WEATHER CONDITIONS
 THE FOLLOWING WEATHER WAS RECORDED YESTERDAY.
  FOG


RELATIVE HUMIDITY (PERCENT)
 HIGHEST    97
 LOWEST     45

..........................................................




SUNRISE AND SUNSET
SEPTEMBER 21 2017.....SUNRISE   720 AM EDT   SUNSET   730 PM EDT
SEPTEMBER 22 2017.....SUNRISE   721 AM EDT   SUNSET   729 PM EDT


-  INDICATES NEGATIVE NUMBERS.
R  INDICATES RECORD WAS SET OR TIED.
MM INDICATES DATA IS MISSING.
T  INDICATES TRACE AMOUNT.




$$
