000
CDUS42 KTAE 190637
CLICTY


CLIMATE REPORT
NATIONAL WEATHER SERVICE TALLAHASSEE FL
234 AM EDT SAT APR 19 2014


...................................

...THE CROSS CITY (AWOS) CLIMATE SUMMARY FOR APRIL 18 2014...

CLIMATE NORMAL PERIOD 1981 TO 2010
CLIMATE RECORD PERIOD 1948 TO 2014


WEATHER ITEM   OBSERVED TIME   NORMAL DEPARTURE LAST
                VALUE   (LST)  VALUE  FROM      YEAR
                                      NORMAL
......................................................
TEMPERATURE (F)
 YESTERDAY
  MAXIMUM         73    322 PM  80     -7
  MINIMUM         63    245 AM  54      9
  AVERAGE         68            67      1

PRECIPITATION (IN)
  YESTERDAY        1.45          0.07   1.38     0.00
  MONTH TO DATE    3.80          2.20   1.60     1.49
  SINCE MAR 1      8.76          6.41   2.35     2.70
  SINCE JAN 1     18.91         13.72   5.19     6.21

DEGREE DAYS
 HEATING
  YESTERDAY        0             1     -1
  MONTH TO DATE   18            39    -21
  SINCE MAR 1    183           174      9
  SINCE JUL 1   1178          1294   -116

 COOLING
  YESTERDAY        3             4     -1
  MONTH TO DATE   57            54      3
  SINCE MAR 1     74           101    -27
  SINCE JAN 1    109           128    -19
......................................................


WIND (MPH)
  RESULTANT WIND SPEED   3   RESULTANT WIND DIRECTION  SE (120)
  HIGHEST WIND SPEED    23   HIGHEST WIND DIRECTION     S (200)
  HIGHEST GUST SPEED    30   HIGHEST GUST DIRECTION     S (190)
  AVERAGE WIND SPEED     5.5



WEATHER CONDITIONS
 THE FOLLOWING WEATHER WAS RECORDED YESTERDAY.
  NO SIGNIFICANT WEATHER WAS OBSERVED.


RELATIVE HUMIDITY (PERCENT)
 HIGHEST   100
 LOWEST     87

..........................................................


SUNRISE AND SUNSET
APRIL 19 2014.........SUNRISE   702 AM EDT   SUNSET   802 PM EDT
APRIL 20 2014.........SUNRISE   701 AM EDT   SUNSET   802 PM EDT


-  INDICATES NEGATIVE NUMBERS.
R  INDICATES RECORD WAS SET OR TIED.
MM INDICATES DATA IS MISSING.
T  INDICATES TRACE AMOUNT.


$$
