000
CDUS42 KTAE 240633
CLICTY


CLIMATE REPORT
NATIONAL WEATHER SERVICE TALLAHASSEE FL
232 AM EDT FRI OCT 24 2014


...................................

...THE CROSS CITY (AWOS) CLIMATE SUMMARY FOR OCTOBER 23 2014...

CLIMATE NORMAL PERIOD 1981 TO 2010
CLIMATE RECORD PERIOD 1948 TO 2014


WEATHER ITEM   OBSERVED TIME   NORMAL DEPARTURE LAST
                VALUE   (LST)  VALUE  FROM      YEAR
                                      NORMAL
......................................................
TEMPERATURE (F)
 YESTERDAY
  MAXIMUM         79    309 PM  81     -2
  MINIMUM         43    537 AM  55    -12
  AVERAGE         61            68     -7

PRECIPITATION (IN)
  YESTERDAY        0.00          0.09  -0.09     0.00
  MONTH TO DATE    1.76          2.70  -0.94     1.23
  SINCE SEP 1     14.43          7.16   7.27     6.39
  SINCE JAN 1     54.81         42.53  12.28    59.17

DEGREE DAYS
 HEATING
  YESTERDAY        4             2      2
  MONTH TO DATE    8            15     -7
  SINCE SEP 1      8            15     -7
  SINCE JUL 1      8            15     -7

 COOLING
  YESTERDAY        0             5     -5
  MONTH TO DATE  174           167      7
  SINCE SEP 1    601           571     30
  SINCE JAN 1   2663          2509    154
......................................................


WIND (MPH)
  RESULTANT WIND SPEED   3   RESULTANT WIND DIRECTION  NE (60)
  HIGHEST WIND SPEED    12   HIGHEST WIND DIRECTION     E (70)
  HIGHEST GUST SPEED    17   HIGHEST GUST DIRECTION    NE (50)
  AVERAGE WIND SPEED     3.3



WEATHER CONDITIONS
 THE FOLLOWING WEATHER WAS RECORDED YESTERDAY.
  NO SIGNIFICANT WEATHER WAS OBSERVED.


RELATIVE HUMIDITY (PERCENT)
 HIGHEST    93
 LOWEST     33

..........................................................




SUNRISE AND SUNSET
OCTOBER 24 2014.......SUNRISE   740 AM EDT   SUNSET   653 PM EDT
OCTOBER 25 2014.......SUNRISE   741 AM EDT   SUNSET   652 PM EDT


-  INDICATES NEGATIVE NUMBERS.
R  INDICATES RECORD WAS SET OR TIED.
MM INDICATES DATA IS MISSING.
T  INDICATES TRACE AMOUNT.




$$
