000
CDUS42 KTAE 292201
CLICTY


CLIMATE REPORT
NATIONAL WEATHER SERVICE TALLAHASSEE FL
601 PM EDT SUN MAR 29 2015


...................................

...THE CROSS CITY  CLIMATE SUMMARY FOR MARCH 29 2015...
VALID TODAY AS OF 0600 PM LOCAL TIME.

CLIMATE NORMAL PERIOD 1981 TO 2010
CLIMATE RECORD PERIOD 1948 TO 2015


WEATHER ITEM   OBSERVED TIME   NORMAL DEPARTURE LAST
                VALUE   (LST)  VALUE  FROM      YEAR
                                      NORMAL
......................................................
TEMPERATURE (F)
 TODAY
  MAXIMUM         70    359 PM  78     -8       74
  MINIMUM         40    630 AM  51    -11       62
  AVERAGE         55            64     -9

PRECIPITATION (IN)
  TODAY            0.00          0.13  -0.13    MM
  MONTH TO DATE    1.36          3.96  -2.60     4.96
  SINCE MAR 1      1.36          3.96  -2.60     4.96
  SINCE JAN 1      7.33         11.27  -3.94    15.11

DEGREE DAYS
 HEATING
  TODAY           10
  MONTH TO DATE   45
  SINCE MAR 1     45
  SINCE JUL 1   1205

 COOLING
  TODAY            0
  MONTH TO DATE  153
  SINCE MAR 1    153
  SINCE JAN 1    169
......................................................


WIND (MPH)
  RESULTANT WIND SPEED   5   RESULTANT WIND DIRECTION  NE (40)
  HIGHEST WIND SPEED    13   HIGHEST WIND DIRECTION    NE (40)
  HIGHEST GUST SPEED    18   HIGHEST GUST DIRECTION     N (10)
  AVERAGE WIND SPEED     6.0



WEATHER CONDITIONS
 THE FOLLOWING WEATHER WAS RECORDED TODAY.
  NO SIGNIFICANT WEATHER WAS OBSERVED.


RELATIVE HUMIDITY (PERCENT)
 HIGHEST    89
 LOWEST     22
 AVERAGE    56

..........................................................


THE CROSS CITY  CLIMATE NORMALS FOR TOMORROW
                         NORMAL
 MAXIMUM TEMPERATURE (F)   78
 MINIMUM TEMPERATURE (F)   51



-  INDICATES NEGATIVE NUMBERS.
R  INDICATES RECORD WAS SET OR TIED.
MM INDICATES DATA IS MISSING.
T  INDICATES TRACE AMOUNT.




$$
