000
CDUS42 KTAE 280631
CLICTY


CLIMATE REPORT
NATIONAL WEATHER SERVICE TALLAHASSEE FL
130 AM EST WED JAN 28 2015


...................................

...THE CROSS CITY (AWOS) CLIMATE SUMMARY FOR JANUARY 27 2015...

CLIMATE NORMAL PERIOD 1981 TO 2010
CLIMATE RECORD PERIOD 1948 TO 2015


WEATHER ITEM   OBSERVED TIME   NORMAL DEPARTURE LAST
                VALUE   (LST)  VALUE  FROM      YEAR
                                      NORMAL
......................................................
TEMPERATURE (F)
 YESTERDAY
  MAXIMUM         66    212 PM  67     -1
  MINIMUM         34    743 AM  41     -7
  AVERAGE         50            54     -4

PRECIPITATION (IN)
  YESTERDAY        0.00          0.14  -0.14     0.00
  MONTH TO DATE    2.94          3.60  -0.66     3.87
  SINCE DEC 1      6.18          6.12   0.06     5.69
  SINCE JAN 1      2.94          3.60  -0.66     3.87

DEGREE DAYS
 HEATING
  YESTERDAY       15            11      4
  MONTH TO DATE  265           330    -65
  SINCE DEC 1    474           667   -193
  SINCE JUL 1    759           835    -76

 COOLING
  YESTERDAY        0             0      0
  MONTH TO DATE   16             0     16
  SINCE DEC 1     54            18     36
  SINCE JAN 1     16             0     16
......................................................


WIND (MPH)
  RESULTANT WIND SPEED   6   RESULTANT WIND DIRECTION   W (280)
  HIGHEST WIND SPEED    24   HIGHEST WIND DIRECTION     W (250)
  HIGHEST GUST SPEED    31   HIGHEST GUST DIRECTION     W (270)
  AVERAGE WIND SPEED     6.9



WEATHER CONDITIONS
 THE FOLLOWING WEATHER WAS RECORDED YESTERDAY.
  NO SIGNIFICANT WEATHER WAS OBSERVED.


RELATIVE HUMIDITY (PERCENT)
 HIGHEST    92
 LOWEST     37

..........................................................




SUNRISE AND SUNSET
JANUARY 28 2015.......SUNRISE   724 AM EST   SUNSET   607 PM EST
JANUARY 29 2015.......SUNRISE   724 AM EST   SUNSET   608 PM EST


-  INDICATES NEGATIVE NUMBERS.
R  INDICATES RECORD WAS SET OR TIED.
MM INDICATES DATA IS MISSING.
T  INDICATES TRACE AMOUNT.




$$
