000
CDUS42 KTAE 230631
CLICTY


CLIMATE REPORT
NATIONAL WEATHER SERVICE TALLAHASSEE FL
231 AM EDT SUN APR 23 2017


...................................

...THE CROSS CITY  CLIMATE SUMMARY FOR APRIL 22 2017...

CLIMATE NORMAL PERIOD 1981 TO 2010
CLIMATE RECORD PERIOD 1948 TO 2017


WEATHER ITEM   OBSERVED TIME   NORMAL DEPARTURE LAST
                VALUE   (LST)  VALUE  FROM      YEAR
                                      NORMAL
......................................................
TEMPERATURE (F)
 YESTERDAY
  MAXIMUM         86    200 PM  81      5       85
  MINIMUM         61    100 AM  55      6       57
  AVERAGE         74            68      6

PRECIPITATION (IN)
  YESTERDAY        0.00          0.07  -0.07     0.15
  MONTH TO DATE    2.11          2.50  -0.39     3.99
  SINCE MAR 1      2.97          6.71  -3.74     7.46
  SINCE JAN 1      5.52         14.02  -8.50    14.22

DEGREE DAYS
 HEATING
  YESTERDAY        0             1     -1
  MONTH TO DATE   21            43    -22
  SINCE MAR 1    156           178    -22
  SINCE JUL 1    755          1298   -543

 COOLING
  YESTERDAY        9             4      5
  MONTH TO DATE  101            70     31
  SINCE MAR 1    168           117     51
  SINCE JAN 1    230           144     86
......................................................


WIND (MPH)
  RESULTANT WIND SPEED   4   RESULTANT WIND DIRECTION   S (200)
  HIGHEST WIND SPEED    13   HIGHEST WIND DIRECTION     S (190)
  HIGHEST GUST SPEED    18   HIGHEST GUST DIRECTION     S (190)
  AVERAGE WIND SPEED     4.5



WEATHER CONDITIONS
 THE FOLLOWING WEATHER WAS RECORDED YESTERDAY.
  NO SIGNIFICANT WEATHER WAS OBSERVED.


RELATIVE HUMIDITY (PERCENT)
 HIGHEST    97
 LOWEST     44

..........................................................




SUNRISE AND SUNSET
APRIL 23 2017.........SUNRISE   657 AM EDT   SUNSET   804 PM EDT
APRIL 24 2017.........SUNRISE   656 AM EDT   SUNSET   805 PM EDT


-  INDICATES NEGATIVE NUMBERS.
R  INDICATES RECORD WAS SET OR TIED.
MM INDICATES DATA IS MISSING.
T  INDICATES TRACE AMOUNT.




$$
