000
CDUS42 KTAE 290640
CLICTY


CLIMATE REPORT
NATIONAL WEATHER SERVICE TALLAHASSEE FL
240 AM EDT FRI APR 29 2016


...................................

...THE CROSS CITY  CLIMATE SUMMARY FOR APRIL 28 2016...

CLIMATE NORMAL PERIOD 1981 TO 2010
CLIMATE RECORD PERIOD 1948 TO 2016


WEATHER ITEM   OBSERVED TIME   NORMAL DEPARTURE LAST
                VALUE   (LST)  VALUE  FROM      YEAR
                                      NORMAL
......................................................
TEMPERATURE (F)
 YESTERDAY
  MAXIMUM         86    252 PM  83      3       79
  MINIMUM         69   1159 PM  56     13       67
  AVERAGE         78            69      9

PRECIPITATION (IN)
  YESTERDAY        0.04          0.05  -0.01     0.07
  MONTH TO DATE    4.50          2.86   1.64     1.89
  SINCE MAR 1      7.97          7.07   0.90     3.26
  SINCE JAN 1     14.73         14.38   0.35     9.23

DEGREE DAYS
 HEATING
  YESTERDAY        0             1     -1
  MONTH TO DATE    5            49    -44
  SINCE MAR 1     76           184   -108
  SINCE JUL 1    807          1304   -497

 COOLING
  YESTERDAY       13             5      8
  MONTH TO DATE  144            97     47
  SINCE MAR 1    278           144    134
  SINCE JAN 1    307           171    136
......................................................


WIND (MPH)
  RESULTANT WIND SPEED   5   RESULTANT WIND DIRECTION  SW (220)
  HIGHEST WIND SPEED    15   HIGHEST WIND DIRECTION    SW (220)
  HIGHEST GUST SPEED    20   HIGHEST GUST DIRECTION     S (200)
  AVERAGE WIND SPEED     5.3



WEATHER CONDITIONS
 THE FOLLOWING WEATHER WAS RECORDED YESTERDAY.
  NO SIGNIFICANT WEATHER WAS OBSERVED.


RELATIVE HUMIDITY (PERCENT)
 HIGHEST    97
 LOWEST     51

..........................................................




SUNRISE AND SUNSET
APRIL 29 2016.........SUNRISE   651 AM EDT   SUNSET   808 PM EDT
APRIL 30 2016.........SUNRISE   651 AM EDT   SUNSET   809 PM EDT


-  INDICATES NEGATIVE NUMBERS.
R  INDICATES RECORD WAS SET OR TIED.
MM INDICATES DATA IS MISSING.
T  INDICATES TRACE AMOUNT.




$$
