000
CDUS42 KTAE 300637
CLICTY


CLIMATE REPORT
NATIONAL WEATHER SERVICE TALLAHASSEE FL
237 AM EDT TUE AUG 30 2016


...................................

...THE CROSS CITY  CLIMATE SUMMARY FOR AUGUST 29 2016...

CLIMATE NORMAL PERIOD 1981 TO 2010
CLIMATE RECORD PERIOD 1948 TO 2016


WEATHER ITEM   OBSERVED TIME   NORMAL DEPARTURE LAST
                VALUE   (LST)  VALUE  FROM      YEAR
                                      NORMAL
......................................................
TEMPERATURE (F)
 YESTERDAY
  MAXIMUM         95    255 PM  90      5       86
  MINIMUM         75   1215 AM  71      4       73
  AVERAGE         85            81      4

PRECIPITATION (IN)
  YESTERDAY        0.00          0.25  -0.25     0.03
  MONTH TO DATE   15.04          6.98   8.06    15.03
  SINCE JUN 1     26.69         17.73   8.96    40.76
  SINCE JAN 1     43.44         34.90   8.54    53.90

DEGREE DAYS
 HEATING
  YESTERDAY        0             0      0
  MONTH TO DATE    0             0      0
  SINCE JUN 1      0             0      0
  SINCE JUL 1      0             0      0

 COOLING
  YESTERDAY       20            16      4
  MONTH TO DATE  469           474     -5
  SINCE JUN 1   1607          1429    178
  SINCE JAN 1   2282          1908    374
......................................................


WIND (MPH)
  RESULTANT WIND SPEED   6   RESULTANT WIND DIRECTION  NE (60)
  HIGHEST WIND SPEED    12   HIGHEST WIND DIRECTION    NE (50)
  HIGHEST GUST SPEED    20   HIGHEST GUST DIRECTION     E (90)
  AVERAGE WIND SPEED     6.6



WEATHER CONDITIONS
 THE FOLLOWING WEATHER WAS RECORDED YESTERDAY.
  NO SIGNIFICANT WEATHER WAS OBSERVED.


RELATIVE HUMIDITY (PERCENT)
 HIGHEST   100
 LOWEST     46

..........................................................




SUNRISE AND SUNSET
AUGUST 30 2016........SUNRISE   709 AM EDT   SUNSET   756 PM EDT
AUGUST 31 2016........SUNRISE   709 AM EDT   SUNSET   755 PM EDT


-  INDICATES NEGATIVE NUMBERS.
R  INDICATES RECORD WAS SET OR TIED.
MM INDICATES DATA IS MISSING.
T  INDICATES TRACE AMOUNT.




$$
