000
CDUS42 KTAE 220636
CLICTY


CLIMATE REPORT
NATIONAL WEATHER SERVICE TALLAHASSEE FL
135 AM EST WED FEB 22 2017


...................................

...THE CROSS CITY  CLIMATE SUMMARY FOR FEBRUARY 21 2017...

CLIMATE NORMAL PERIOD 1981 TO 2010
CLIMATE RECORD PERIOD 1948 TO 2017


WEATHER ITEM   OBSERVED TIME   NORMAL DEPARTURE LAST
                VALUE   (LST)  VALUE  FROM      YEAR
                                      NORMAL
......................................................
TEMPERATURE (F)
 YESTERDAY
  MAXIMUM         79    300 PM  72      7       78
  MINIMUM         55    100 AM  44     11       48
  AVERAGE         67            58      9

PRECIPITATION (IN)
  YESTERDAY        0.00          0.13  -0.13     0.00
  MONTH TO DATE    1.00          2.17  -1.17     3.29
  SINCE DEC 1      6.30          8.73  -2.43     8.63
  SINCE JAN 1      2.43          6.21  -3.78     6.37

DEGREE DAYS
 HEATING
  YESTERDAY        0             8     -8
  MONTH TO DATE   93           191    -98
  SINCE DEC 1    466           901   -435
  SINCE JUL 1    591          1069   -478

 COOLING
  YESTERDAY        2             1      1
  MONTH TO DATE   10            15     -5
  SINCE DEC 1     97            44     53
  SINCE JAN 1     44            26     18
......................................................


WIND (MPH)
  RESULTANT WIND SPEED   3   RESULTANT WIND DIRECTION  SE (140)
  HIGHEST WIND SPEED    10   HIGHEST WIND DIRECTION    SE (130)
  HIGHEST GUST SPEED    MM   HIGHEST GUST DIRECTION    MM
  AVERAGE WIND SPEED     3.5



WEATHER CONDITIONS
 THE FOLLOWING WEATHER WAS RECORDED YESTERDAY.
  FOG


RELATIVE HUMIDITY (PERCENT)
 HIGHEST   100
 LOWEST     52

..........................................................




SUNRISE AND SUNSET
FEBRUARY 22 2017......SUNRISE   705 AM EST   SUNSET   627 PM EST
FEBRUARY 23 2017......SUNRISE   704 AM EST   SUNSET   628 PM EST


-  INDICATES NEGATIVE NUMBERS.
R  INDICATES RECORD WAS SET OR TIED.
MM INDICATES DATA IS MISSING.
T  INDICATES TRACE AMOUNT.




$$
