000
CDUS42 KTAE 250638
CLICTY


CLIMATE REPORT
NATIONAL WEATHER SERVICE TALLAHASSEE FL
237 AM EDT FRI JUL 25 2014


...................................

...THE CROSS CITY (AWOS) CLIMATE SUMMARY FOR JULY 24 2014...

CLIMATE NORMAL PERIOD 1981 TO 2010
CLIMATE RECORD PERIOD 1948 TO 2014


WEATHER ITEM   OBSERVED TIME   NORMAL DEPARTURE LAST
                VALUE   (LST)  VALUE  FROM      YEAR
                                      NORMAL
......................................................
TEMPERATURE (F)
 YESTERDAY
  MAXIMUM         92    247 PM  91      1
  MINIMUM         72    557 AM  72      0
  AVERAGE         82            82      0

PRECIPITATION (IN)
  YESTERDAY        0.05          0.20  -0.15     1.69
  MONTH TO DATE    7.07          4.23   2.84    19.62
  SINCE JUN 1     10.84          9.32   1.52    28.97
  SINCE JAN 1     36.34         26.49   9.85    41.51

DEGREE DAYS
 HEATING
  YESTERDAY        0             0      0
  MONTH TO DATE    0             0      0
  SINCE JUN 1      0             0      0
  SINCE JUL 1      0             0      0

 COOLING
  YESTERDAY       17            17      0
  MONTH TO DATE  395           392      3
  SINCE JUN 1    874           839     35
  SINCE JAN 1   1366          1318     48
......................................................


WIND (MPH)
  RESULTANT WIND SPEED   4   RESULTANT WIND DIRECTION   W (250)
  HIGHEST WIND SPEED    14   HIGHEST WIND DIRECTION     W (250)
  HIGHEST GUST SPEED    20   HIGHEST GUST DIRECTION     W (280)
  AVERAGE WIND SPEED     4.4



WEATHER CONDITIONS
 THE FOLLOWING WEATHER WAS RECORDED YESTERDAY.
  NO SIGNIFICANT WEATHER WAS OBSERVED.


RELATIVE HUMIDITY (PERCENT)
 HIGHEST    94
 LOWEST     52

..........................................................




SUNRISE AND SUNSET
JULY 25 2014..........SUNRISE   648 AM EDT   SUNSET   830 PM EDT
JULY 26 2014..........SUNRISE   649 AM EDT   SUNSET   829 PM EDT


-  INDICATES NEGATIVE NUMBERS.
R  INDICATES RECORD WAS SET OR TIED.
MM INDICATES DATA IS MISSING.
T  INDICATES TRACE AMOUNT.




$$
