000
CDUS42 KCAE 180521
CLICUB


CLIMATE REPORT
NATIONAL WEATHER SERVICE COLUMBIA SC
121 AM EDT FRI APR 18 2014


...................................

...THE HAMILTON - OWENS AIRPORT SC CLIMATE SUMMARY FOR APRIL 17 2014...

CLIMATE NORMAL PERIOD 1981 TO 2010
CLIMATE RECORD PERIOD 9999 TO 9999


WEATHER ITEM   OBSERVED TIME   RECORD YEAR NORMAL DEPARTURE LAST
                VALUE   (LST)  VALUE       VALUE  FROM      YEAR
                                                  NORMAL
..................................................................
TEMPERATURE (F)
 YESTERDAY
  MAXIMUM         69    419 PM  MM      MM  77     -8       85
  MINIMUM         39    607 AM  MM      MM  53    -14       58
  AVERAGE         54                        65    -11       72

PRECIPITATION (IN)
  YESTERDAY        0.00         MM      MM   0.08  -0.08     0.00
  MONTH TO DATE    0.84                      1.62  -0.78     2.08
  SINCE MAR 1      4.73                      5.50  -0.77     5.96
  SINCE JAN 1     11.11                     12.78  -1.67    12.59

DEGREE DAYS
 HEATING
  YESTERDAY       11                         3      8        0
  MONTH TO DATE   52                        71    -19       58
  SINCE MAR 1    444                       345     99      491
  SINCE JUL 1   2436                      2274    162     2149

 COOLING
  YESTERDAY        0                         3     -3        7
  MONTH TO DATE   39                        38      1       53
  SINCE MAR 1     41                        53    -12       64
  SINCE JAN 1     47                        56     -9       88
..................................................................


WIND (MPH)
  HIGHEST WIND SPEED    12   HIGHEST WIND DIRECTION    NE (40)
  HIGHEST GUST SPEED    26   HIGHEST GUST DIRECTION     E (80)
  AVERAGE WIND SPEED     4.3


SKY COVER
  AVERAGE SKY COVER 0.0


WEATHER CONDITIONS
 THE FOLLOWING WEATHER WAS RECORDED YESTERDAY.
  NO SIGNIFICANT WEATHER WAS OBSERVED.


RELATIVE HUMIDITY (PERCENT)
 HIGHEST    70           200 AM
 LOWEST     24           300 PM

..........................................................


THE HAMILTON - OWENS AIRPORT SC CLIMATE NORMALS FOR TODAY
                         NORMAL    RECORD    YEAR
 MAXIMUM TEMPERATURE (F)   77        MM        MM
 MINIMUM TEMPERATURE (F)   53        MM        MM


SUNRISE AND SUNSET
APRIL 18 2014.........SUNRISE   649 AM EDT   SUNSET   758 PM EDT
APRIL 19 2014.........SUNRISE   648 AM EDT   SUNSET   758 PM EDT


-  INDICATES NEGATIVE NUMBERS.
R  INDICATES RECORD WAS SET OR TIED.
MM INDICATES DATA IS MISSING.
T  INDICATES TRACE AMOUNT.




$$
