000
CDUS42 KCAE 050636
CLICUB


CLIMATE REPORT
NATIONAL WEATHER SERVICE COLUMBIA SC
236 AM EDT THU MAY 5 2016


...................................

...THE HAMILTON - OWENS AIRPORT SC CLIMATE SUMMARY FOR MAY 4 2016...

CLIMATE NORMAL PERIOD 1981 TO 2010
CLIMATE RECORD PERIOD 9999 TO 9999


WEATHER ITEM   OBSERVED TIME   NORMAL DEPARTURE LAST
                VALUE   (LST)  VALUE  FROM      YEAR
                                      NORMAL
......................................................
TEMPERATURE (F)
 YESTERDAY
  MAXIMUM         78    303 PM  81     -3       84
  MINIMUM         58   1159 PM  57      1       55
  AVERAGE         68            69     -1       70

PRECIPITATION (IN)
  YESTERDAY        0.00          0.08  -0.08     0.00
  MONTH TO DATE    2.49          0.30   2.19      T
  SINCE MAR 1      7.04          6.87   0.17     5.65
  SINCE JAN 1     11.96         14.15  -2.19    13.57

DEGREE DAYS
 HEATING
  YESTERDAY        0             1     -1        0
  MONTH TO DATE    0             4     -4        6
  SINCE MAR 1    211           376   -165      255
  SINCE JUL 1   1711          2305   -594     2381

 COOLING
  YESTERDAY        3             5     -2        5
  MONTH TO DATE   39            19     20        7
  SINCE MAR 1    224           115    109      141
  SINCE JAN 1    227           118    109      141
......................................................


WIND (MPH)
  HIGHEST WIND SPEED    16   HIGHEST WIND DIRECTION     W (270)
  HIGHEST GUST SPEED    22   HIGHEST GUST DIRECTION     W (270)
  AVERAGE WIND SPEED     5.7


SKY COVER
  AVERAGE SKY COVER 0.3


WEATHER CONDITIONS
 THE FOLLOWING WEATHER WAS RECORDED YESTERDAY.
  NO SIGNIFICANT WEATHER WAS OBSERVED.


RELATIVE HUMIDITY (PERCENT)
 HIGHEST    90          1200 AM
 LOWEST     27           500 PM

..........................................................


THE HAMILTON - OWENS AIRPORT SC CLIMATE NORMALS FOR TODAY
                         NORMAL    RECORD    YEAR
 MAXIMUM TEMPERATURE (F)   81        MM        MM
 MINIMUM TEMPERATURE (F)   57        MM        MM


SUNRISE AND SUNSET
MAY  5 2016...........SUNRISE   630 AM EDT   SUNSET   811 PM EDT
MAY  6 2016...........SUNRISE   630 AM EDT   SUNSET   812 PM EDT


-  INDICATES NEGATIVE NUMBERS.
R  INDICATES RECORD WAS SET OR TIED.
MM INDICATES DATA IS MISSING.
T  INDICATES TRACE AMOUNT.




$$
