000
CDUS42 KCAE 040634
CLICUB


CLIMATE REPORT
NATIONAL WEATHER SERVICE COLUMBIA SC
133 AM EST SUN DEC 4 2016


...................................

...THE HAMILTON - OWENS AIRPORT SC CLIMATE SUMMARY FOR DECEMBER 3 2016...

CLIMATE NORMAL PERIOD 1981 TO 2010
CLIMATE RECORD PERIOD 9999 TO 9999


WEATHER ITEM   OBSERVED TIME   NORMAL DEPARTURE LAST
                VALUE   (LST)  VALUE  FROM      YEAR
                                      NORMAL
......................................................
TEMPERATURE (F)
 YESTERDAY
  MAXIMUM         57    405 PM  62     -5       57
  MINIMUM         37    712 AM  40     -3       45
  AVERAGE         47            51     -4       51

PRECIPITATION (IN)
  YESTERDAY        T             0.11  -0.11     0.00
  MONTH TO DATE    T             0.32  -0.32     0.44
  SINCE DEC 1      T             0.32  -0.32     0.44
  SINCE JAN 1     39.88         42.52  -2.64    59.81

DEGREE DAYS
 HEATING
  YESTERDAY       18            14      4       14
  MONTH TO DATE   41            42     -1       23
  SINCE DEC 1     41            42     -1       23
  SINCE JUL 1    302           413   -111      270

 COOLING
  YESTERDAY        0             0      0        0
  MONTH TO DATE    0             0      0        0
  SINCE DEC 1      0             0      0        0
  SINCE JAN 1   2850          2256    594     2593
......................................................


WIND (MPH)
  HIGHEST WIND SPEED     7   HIGHEST WIND DIRECTION     E (80)
  HIGHEST GUST SPEED     9   HIGHEST GUST DIRECTION     E (70)
  AVERAGE WIND SPEED     1.2


SKY COVER
  AVERAGE SKY COVER 0.2


WEATHER CONDITIONS
 THE FOLLOWING WEATHER WAS RECORDED YESTERDAY.
  LIGHT RAIN
  FOG
  HAZE


RELATIVE HUMIDITY (PERCENT)
 HIGHEST    92           700 AM
 LOWEST     41           200 PM

..........................................................


THE HAMILTON - OWENS AIRPORT SC CLIMATE NORMALS FOR TODAY
                         NORMAL    RECORD    YEAR
 MAXIMUM TEMPERATURE (F)   62        MM        MM
 MINIMUM TEMPERATURE (F)   40        MM        MM


SUNRISE AND SUNSET
DECEMBER  4 2016......SUNRISE   714 AM EST   SUNSET   515 PM EST
DECEMBER  5 2016......SUNRISE   715 AM EST   SUNSET   515 PM EST


-  INDICATES NEGATIVE NUMBERS.
R  INDICATES RECORD WAS SET OR TIED.
MM INDICATES DATA IS MISSING.
T  INDICATES TRACE AMOUNT.




$$
