000
CDUS42 KCAE 270645
CLICUB


CLIMATE REPORT
NATIONAL WEATHER SERVICE COLUMBIA SC
144 AM EST MON FEB 27 2017


...................................

...THE HAMILTON - OWENS AIRPORT SC CLIMATE SUMMARY FOR FEBRUARY 26 2017...

CLIMATE NORMAL PERIOD 1981 TO 2010
CLIMATE RECORD PERIOD 9999 TO 9999


WEATHER ITEM   OBSERVED TIME   NORMAL DEPARTURE LAST
                VALUE   (LST)  VALUE  FROM      YEAR
                                      NORMAL
......................................................
TEMPERATURE (F)
 YESTERDAY
  MAXIMUM         63    514 PM  63      0       57
  MINIMUM         38    730 AM  40     -2       37
  AVERAGE         51            52     -1       47

PRECIPITATION (IN)
  YESTERDAY        0.00          0.15  -0.15     0.00
  MONTH TO DATE    1.56          3.36  -1.80     3.37
  SINCE DEC 1     11.08         10.19   0.89    10.16
  SINCE JAN 1      7.70          6.99   0.71     4.92

DEGREE DAYS
 HEATING
  YESTERDAY       14            13      1       18
  MONTH TO DATE  207           410   -203      407
  SINCE DEC 1    993          1531   -538     1214
  SINCE JUL 1   1254          1902   -648     1461

 COOLING
  YESTERDAY        0             0      0        0
  MONTH TO DATE   13             0     13        3
  SINCE DEC 1     16             5     11       59
  SINCE JAN 1     15             1     14        3
......................................................


WIND (MPH)
  HIGHEST WIND SPEED    14   HIGHEST WIND DIRECTION    NW (310)
  HIGHEST GUST SPEED    21   HIGHEST GUST DIRECTION    NW (320)
  AVERAGE WIND SPEED     3.4


SKY COVER
  AVERAGE SKY COVER 0.0


WEATHER CONDITIONS
 THE FOLLOWING WEATHER WAS RECORDED YESTERDAY.
  NO SIGNIFICANT WEATHER WAS OBSERVED.


RELATIVE HUMIDITY (PERCENT)
 HIGHEST    70          1100 PM
 LOWEST     14           300 PM

..........................................................


THE HAMILTON - OWENS AIRPORT SC CLIMATE NORMALS FOR TODAY
                         NORMAL    RECORD    YEAR
 MAXIMUM TEMPERATURE (F)   64        MM        MM
 MINIMUM TEMPERATURE (F)   40        MM        MM


SUNRISE AND SUNSET
FEBRUARY 27 2017......SUNRISE   655 AM EST   SUNSET   619 PM EST
FEBRUARY 28 2017......SUNRISE   654 AM EST   SUNSET   620 PM EST


-  INDICATES NEGATIVE NUMBERS.
R  INDICATES RECORD WAS SET OR TIED.
MM INDICATES DATA IS MISSING.
T  INDICATES TRACE AMOUNT.




$$
