000
CDUS42 KCAE 240541
CLICUB


CLIMATE REPORT
NATIONAL WEATHER SERVICE COLUMBIA SC
140 AM EDT MON APR 24 2017


...................................

...THE HAMILTON - OWENS AIRPORT SC CLIMATE SUMMARY FOR APRIL 23 2017...

CLIMATE NORMAL PERIOD 1981 TO 2010
CLIMATE RECORD PERIOD 9999 TO 9999


WEATHER ITEM   OBSERVED TIME   NORMAL DEPARTURE LAST
                VALUE   (LST)  VALUE  FROM      YEAR
                                      NORMAL
......................................................
TEMPERATURE (F)
 YESTERDAY
  MAXIMUM         74    159 PM  78     -4       81
  MINIMUM         61   1146 PM  54      7       62
  AVERAGE         68            66      2       72

PRECIPITATION (IN)
  YESTERDAY        0.87          0.08   0.79     0.00
  MONTH TO DATE    4.55          2.15   2.40     2.30
  SINCE MAR 1      8.10          6.03   2.07     4.55
  SINCE JAN 1     15.80         13.31   2.49     9.47

DEGREE DAYS
 HEATING
  YESTERDAY        0             2     -2        0
  MONTH TO DATE   30            86    -56       71
  SINCE MAR 1    299           360    -61      211
  SINCE JUL 1   1563          2289   -726     1711

 COOLING
  YESTERDAY        3             3      0        7
  MONTH TO DATE  114            56     58       44
  SINCE MAR 1    166            71     95      119
  SINCE JAN 1    184            74    110      122
......................................................


WIND (MPH)
  HIGHEST WIND SPEED    16   HIGHEST WIND DIRECTION     W (250)
  HIGHEST GUST SPEED    21   HIGHEST GUST DIRECTION    SW (240)
  AVERAGE WIND SPEED     6.3


SKY COVER
  AVERAGE SKY COVER 0.8


WEATHER CONDITIONS
 THE FOLLOWING WEATHER WAS RECORDED YESTERDAY.
  THUNDERSTORM
  HEAVY RAIN
  RAIN
  LIGHT RAIN
  FOG
  HAZE


RELATIVE HUMIDITY (PERCENT)
 HIGHEST    93           400 PM
 LOWEST     66           100 PM

..........................................................


THE HAMILTON - OWENS AIRPORT SC CLIMATE NORMALS FOR TODAY
                         NORMAL    RECORD    YEAR
 MAXIMUM TEMPERATURE (F)   79        MM        MM
 MINIMUM TEMPERATURE (F)   54        MM        MM


SUNRISE AND SUNSET
APRIL 24 2017.........SUNRISE   642 AM EDT   SUNSET   802 PM EDT
APRIL 25 2017.........SUNRISE   641 AM EDT   SUNSET   803 PM EDT


-  INDICATES NEGATIVE NUMBERS.
R  INDICATES RECORD WAS SET OR TIED.
MM INDICATES DATA IS MISSING.
T  INDICATES TRACE AMOUNT.




$$
