000
CDUS42 KCAE 202230
CLICUB


CLIMATE REPORT
NATIONAL WEATHER SERVICE COLUMBIA SC
529 PM EST TUE FEB 20 2018


...................................

...THE HAMILTON - OWENS AIRPORT SC CLIMATE SUMMARY FOR FEBRUARY 20 2018...
VALID TODAY AS OF 0500 PM LOCAL TIME.

CLIMATE NORMAL PERIOD 1981 TO 2010
CLIMATE RECORD PERIOD 9999 TO 9999


WEATHER ITEM   OBSERVED TIME   NORMAL DEPARTURE LAST
                VALUE   (LST)  VALUE  FROM      YEAR
                                      NORMAL
......................................................
TEMPERATURE (F)
 TODAY
  MAXIMUM         81    303 PM  62     19       75
  MINIMUM         58   1246 AM  39     19       43
  AVERAGE         70            50     20       59

PRECIPITATION (IN)
  TODAY            0.00          0.16  -0.16     0.00
  MONTH TO DATE    1.09          2.49  -1.40     1.56
  SINCE DEC 1      6.73          9.32  -2.59    11.08
  SINCE JAN 1      3.40          6.12  -2.72     7.70

DEGREE DAYS
 HEATING
  TODAY            0            15    -15        6
  MONTH TO DATE  179           327   -148      188
  SINCE DEC 1   1300          1448   -148      974
  SINCE JUL 1   1653          1819   -166     1235

 COOLING
  TODAY            5             0      5        0
  MONTH TO DATE   20             0     20        4
  SINCE DEC 1     21             5     16        7
  SINCE JAN 1     21             1     20        6
......................................................


WIND (MPH)
  HIGHEST WIND SPEED     9   HIGHEST WIND DIRECTION     S (180)
  HIGHEST GUST SPEED    13   HIGHEST GUST DIRECTION     S (200)
  AVERAGE WIND SPEED     2.2


SKY COVER
  AVERAGE SKY COVER 0.8


WEATHER CONDITIONS
 THE FOLLOWING WEATHER WAS RECORDED TODAY.
  FOG
  FOG W/VISIBILITY <= 1/4 MILE


RELATIVE HUMIDITY (PERCENT)
 HIGHEST   100           500 AM
 LOWEST     48           300 PM
 AVERAGE    74

..........................................................


THE HAMILTON - OWENS AIRPORT SC CLIMATE NORMALS FOR TOMORROW
                         NORMAL
 MAXIMUM TEMPERATURE (F)   62
 MINIMUM TEMPERATURE (F)   39


SUNRISE AND SUNSET
FEBRUARY 20 2018......SUNRISE   703 AM EST   SUNSET   613 PM EST
FEBRUARY 21 2018......SUNRISE   702 AM EST   SUNSET   613 PM EST


-  INDICATES NEGATIVE NUMBERS.
R  INDICATES RECORD WAS SET OR TIED.
MM INDICATES DATA IS MISSING.
T  INDICATES TRACE AMOUNT.




$$
