000
CDUS43 KUNR 280832
CLICUT


CLIMATE REPORT
NATIONAL WEATHER SERVICE RAPID CITY SD
232 AM MDT FRI APR 28 2017


...................................

...THE CUSTER COUNTY AIRPORT SD CLIMATE SUMMARY FOR APRIL 27 2017...

CLIMATE NORMAL PERIOD 1981 TO 2010
CLIMATE RECORD PERIOD 9999 TO 9999


WEATHER ITEM   OBSERVED TIME   NORMAL DEPARTURE LAST
                VALUE   (LST)  VALUE  FROM      YEAR
                                      NORMAL
......................................................
TEMPERATURE (F)
 YESTERDAY
  MAXIMUM         37    156 PM  55    -18       36
  MINIMUM         27    331 AM  31     -4       27
  AVERAGE         32            43    -11       32

PRECIPITATION (IN)
  YESTERDAY        0.23          0.09   0.14     0.11
  MONTH TO DATE    3.09          1.84   1.25     1.14
  SINCE MAR 1      3.80          2.85   0.95     2.28
  SINCE JAN 1      5.81          3.71   2.10     2.89

DEGREE DAYS
 HEATING
  YESTERDAY       33            22     11       33
  MONTH TO DATE  647           711    -64      574
  SINCE MAR 1   1491          1751   -260     1446
  SINCE JUL 1   6859          7586   -727     6501

 COOLING
  YESTERDAY        0             0      0        0
  MONTH TO DATE    0             0      0        0
  SINCE MAR 1      0             0      0        0
  SINCE JAN 1      0             0      0        0
......................................................


WIND (MPH)
  HIGHEST WIND SPEED    17   HIGHEST WIND DIRECTION     E (70)
  HIGHEST GUST SPEED    27   HIGHEST GUST DIRECTION     E (80)
  AVERAGE WIND SPEED     8.8


SKY COVER
  AVERAGE SKY COVER 0.7


WEATHER CONDITIONS
 THE FOLLOWING WEATHER WAS RECORDED YESTERDAY.
  LIGHT SNOW
  FOG


RELATIVE HUMIDITY (PERCENT)
 HIGHEST    92
 LOWEST     70
 AVERAGE    81

..........................................................




SUNRISE AND SUNSET
APRIL 28 2017.........SUNRISE   551 AM MDT   SUNSET   754 PM MDT
APRIL 29 2017.........SUNRISE   549 AM MDT   SUNSET   755 PM MDT


-  INDICATES NEGATIVE NUMBERS.
R  INDICATES RECORD WAS SET OR TIED.
MM INDICATES DATA IS MISSING.
T  INDICATES TRACE AMOUNT.




$$
