000
CDUS43 KUNR 280837
CLICUT


CLIMATE REPORT
NATIONAL WEATHER SERVICE RAPID CITY SD
136 AM MST WED JAN 28 2015


...................................

...THE CUSTER COUNTY AIRPORT SD CLIMATE SUMMARY FOR JANUARY 27 2015...

CLIMATE NORMAL PERIOD 1981 TO 2010
CLIMATE RECORD PERIOD 9999 TO 9999


WEATHER ITEM   OBSERVED TIME   NORMAL DEPARTURE LAST
                VALUE   (LST)  VALUE  FROM      YEAR
                                      NORMAL
......................................................
TEMPERATURE (F)
 YESTERDAY
  MAXIMUM         65   1210 PM  35     30       10
  MINIMUM         40    638 AM  14     26       -9
  AVERAGE         53            24     29        1

PRECIPITATION (IN)
  YESTERDAY        0.00          0.02  -0.02     0.00
  MONTH TO DATE    0.24          0.28  -0.04     0.33
  SINCE DEC 1      0.39          0.66  -0.27     1.23
  SINCE JAN 1      0.24          0.28  -0.04     0.33

DEGREE DAYS
 HEATING
  YESTERDAY       12            41    -29       64
  MONTH TO DATE  997          1107   -110      863
  SINCE DEC 1   2140          2396   -256     2211
  SINCE JUL 1   4228          4577   -349     4323

 COOLING
  YESTERDAY        0             0      0        0
  MONTH TO DATE    0             0      0        0
  SINCE DEC 1      0             0      0        0
  SINCE JAN 1      0             0      0        0
......................................................


WIND (MPH)
  HIGHEST WIND SPEED    24   HIGHEST WIND DIRECTION     W (280)
  HIGHEST GUST SPEED    34   HIGHEST GUST DIRECTION     W (290)
  AVERAGE WIND SPEED     9.8


SKY COVER
  AVERAGE SKY COVER 0.0


WEATHER CONDITIONS
 THE FOLLOWING WEATHER WAS RECORDED YESTERDAY.
  NO SIGNIFICANT WEATHER WAS OBSERVED.


RELATIVE HUMIDITY (PERCENT)
 HIGHEST    45
 LOWEST     18
 AVERAGE    32

..........................................................




SUNRISE AND SUNSET
JANUARY 28 2015.......SUNRISE   716 AM MST   SUNSET   500 PM MST
JANUARY 29 2015.......SUNRISE   715 AM MST   SUNSET   501 PM MST


-  INDICATES NEGATIVE NUMBERS.
R  INDICATES RECORD WAS SET OR TIED.
MM INDICATES DATA IS MISSING.
T  INDICATES TRACE AMOUNT.




$$
