000
CDUS43 KUNR 030833
CLICUT


CLIMATE REPORT
NATIONAL WEATHER SERVICE RAPID CITY SD
232 AM MDT MON AUG 3 2015


...................................

...THE CUSTER COUNTY AIRPORT SD CLIMATE SUMMARY FOR AUGUST 2 2015...

CLIMATE NORMAL PERIOD 1981 TO 2010
CLIMATE RECORD PERIOD 9999 TO 9999


WEATHER ITEM   OBSERVED TIME   NORMAL DEPARTURE LAST
                VALUE   (LST)  VALUE  FROM      YEAR
                                      NORMAL
......................................................
TEMPERATURE (F)
 YESTERDAY
  MAXIMUM         83   1025 AM  80      3       83
  MINIMUM         58   1159 PM  52      6       53
  AVERAGE         71            66      5       68

PRECIPITATION (IN)
  YESTERDAY        0.00          0.06  -0.06      T
  MONTH TO DATE    0.00          0.12  -0.12      T
  SINCE JUN 1      8.80          5.78   3.02     4.89
  SINCE JAN 1     18.11         12.89   5.22    12.61

DEGREE DAYS
 HEATING
  YESTERDAY        0             2     -2        0
  MONTH TO DATE    0             4     -4        0
  SINCE JUN 1    158           285   -127      352
  SINCE JUL 1     56            65     -9       79

 COOLING
  YESTERDAY        6             2      4        3
  MONTH TO DATE   13             4      9        5
  SINCE JUN 1    110           110      0       91
  SINCE JAN 1    110           111     -1       95
......................................................


WIND (MPH)
  HIGHEST WIND SPEED    18   HIGHEST WIND DIRECTION     E (90)
  HIGHEST GUST SPEED    23   HIGHEST GUST DIRECTION     E (80)
  AVERAGE WIND SPEED     7.2


SKY COVER
  AVERAGE SKY COVER 0.1


WEATHER CONDITIONS
 THE FOLLOWING WEATHER WAS RECORDED YESTERDAY.
  NO SIGNIFICANT WEATHER WAS OBSERVED.


RELATIVE HUMIDITY (PERCENT)
 HIGHEST    75
 LOWEST     38
 AVERAGE    57

..........................................................




SUNRISE AND SUNSET
AUGUST  3 2015........SUNRISE   545 AM MDT   SUNSET   815 PM MDT
AUGUST  4 2015........SUNRISE   546 AM MDT   SUNSET   814 PM MDT


-  INDICATES NEGATIVE NUMBERS.
R  INDICATES RECORD WAS SET OR TIED.
MM INDICATES DATA IS MISSING.
T  INDICATES TRACE AMOUNT.




$$
