000
CDUS43 KUNR 220839
CLICUT


CLIMATE REPORT
NATIONAL WEATHER SERVICE RAPID CITY SD
138 AM MST MON DEC 22 2014


...................................

...THE CUSTER COUNTY AIRPORT SD CLIMATE SUMMARY FOR DECEMBER 21 2014...

CLIMATE NORMAL PERIOD 1981 TO 2010
CLIMATE RECORD PERIOD 9999 TO 9999


WEATHER ITEM   OBSERVED TIME   NORMAL DEPARTURE LAST
                VALUE   (LST)  VALUE  FROM      YEAR
                                      NORMAL
......................................................
TEMPERATURE (F)
 YESTERDAY
  MAXIMUM         43   1228 PM  33     10       24
  MINIMUM         26    551 AM  12     14        1
  AVERAGE         35            23     12       13

PRECIPITATION (IN)
  YESTERDAY        0.01          0.01   0.00     0.04
  MONTH TO DATE    0.02          0.25  -0.23     0.89
  SINCE DEC 1      0.02          0.25  -0.23     0.89
  SINCE JAN 1     20.07         18.82   1.25    22.31

DEGREE DAYS
 HEATING
  YESTERDAY       30            42    -12       52
  MONTH TO DATE  647           871   -224      992
  SINCE DEC 1    647           871   -224      992
  SINCE JUL 1   2735          3052   -317     3104

 COOLING
  YESTERDAY        0             0      0        0
  MONTH TO DATE    0             0      0        0
  SINCE DEC 1      0             0      0        0
  SINCE JAN 1    152           177    -25      187
......................................................


WIND (MPH)
  HIGHEST WIND SPEED    21   HIGHEST WIND DIRECTION     W (280)
  HIGHEST GUST SPEED    31   HIGHEST GUST DIRECTION    NW (310)
  AVERAGE WIND SPEED     9.9


SKY COVER
  AVERAGE SKY COVER 0.4


WEATHER CONDITIONS
 THE FOLLOWING WEATHER WAS RECORDED YESTERDAY.
  LIGHT SNOW
  FOG


RELATIVE HUMIDITY (PERCENT)
 HIGHEST    84
 LOWEST     46
 AVERAGE    65

..........................................................




SUNRISE AND SUNSET
DECEMBER 22 2014......SUNRISE   726 AM MST   SUNSET   421 PM MST
DECEMBER 23 2014......SUNRISE   726 AM MST   SUNSET   421 PM MST


-  INDICATES NEGATIVE NUMBERS.
R  INDICATES RECORD WAS SET OR TIED.
MM INDICATES DATA IS MISSING.
T  INDICATES TRACE AMOUNT.




$$
