000
CDUS43 KUNR 030843
CLICUT


CLIMATE REPORT
NATIONAL WEATHER SERVICE RAPID CITY SD
243 AM MDT FRI JUL 3 2015


...................................

...THE CUSTER COUNTY AIRPORT SD CLIMATE SUMMARY FOR JULY 2 2015...

CLIMATE NORMAL PERIOD 1981 TO 2010
CLIMATE RECORD PERIOD 9999 TO 9999


WEATHER ITEM   OBSERVED TIME   NORMAL DEPARTURE LAST
                VALUE   (LST)  VALUE  FROM      YEAR
                                      NORMAL
......................................................
TEMPERATURE (F)
 YESTERDAY
  MAXIMUM         76    224 PM  77     -1       71
  MINIMUM         53   1159 PM  51      2       41
  AVERAGE         65            64      1       56

PRECIPITATION (IN)
  YESTERDAY        T             0.07  -0.07     0.00
  MONTH TO DATE    0.06          0.15  -0.09     0.00
  SINCE JUN 1      6.56          3.37   3.19     3.39
  SINCE JAN 1     15.87         10.48   5.39    11.11

DEGREE DAYS
 HEATING
  YESTERDAY        0             3     -3        9
  MONTH TO DATE    0             6     -6       20
  SINCE JUN 1    102           226   -124      293
  SINCE JUL 1      0             6     -6       20

 COOLING
  YESTERDAY        0             2     -2        0
  MONTH TO DATE    4             4      0        0
  SINCE JUN 1     31            29      2        1
  SINCE JAN 1     31            30      1        5
......................................................


WIND (MPH)
  HIGHEST WIND SPEED    16   HIGHEST WIND DIRECTION    NW (300)
  HIGHEST GUST SPEED    24   HIGHEST GUST DIRECTION    NE (30)
  AVERAGE WIND SPEED     7.3


SKY COVER
  AVERAGE SKY COVER 0.2


WEATHER CONDITIONS
 THE FOLLOWING WEATHER WAS RECORDED YESTERDAY.
  LIGHT RAIN
  FOG
  HAZE


RELATIVE HUMIDITY (PERCENT)
 HIGHEST    93
 LOWEST     36
 AVERAGE    65

..........................................................




SUNRISE AND SUNSET
JULY  3 2015..........SUNRISE   517 AM MDT   SUNSET   840 PM MDT
JULY  4 2015..........SUNRISE   518 AM MDT   SUNSET   839 PM MDT


-  INDICATES NEGATIVE NUMBERS.
R  INDICATES RECORD WAS SET OR TIED.
MM INDICATES DATA IS MISSING.
T  INDICATES TRACE AMOUNT.




$$
