000
CDUS43 KUNR 260831
CLICUT


CLIMATE REPORT
NATIONAL WEATHER SERVICE RAPID CITY SD
230 AM MDT MON JUN 26 2017


...................................

...THE CUSTER COUNTY AIRPORT SD CLIMATE SUMMARY FOR JUNE 25 2017...

CLIMATE NORMAL PERIOD 1981 TO 2010
CLIMATE RECORD PERIOD 9999 TO 9999


WEATHER ITEM   OBSERVED TIME   NORMAL DEPARTURE LAST
                VALUE   (LST)  VALUE  FROM      YEAR
                                      NORMAL
......................................................
TEMPERATURE (F)
 YESTERDAY
  MAXIMUM         73    409 PM  75     -2       77
  MINIMUM         36    444 AM  49    -13       48
  AVERAGE         55            62     -7       63

PRECIPITATION (IN)
  YESTERDAY        0.00          0.11  -0.11     0.00
  MONTH TO DATE    1.23          2.74  -1.51     1.47
  SINCE JUN 1      1.23          2.74  -1.51     1.47
  SINCE JAN 1      9.11          9.85  -0.74     6.05

DEGREE DAYS
 HEATING
  YESTERDAY       10             4      6        2
  MONTH TO DATE  129           201    -72       51
  SINCE JUN 1    129           201    -72       51
  SINCE JUL 1   7573          8370   -797     7166

 COOLING
  YESTERDAY        0             2     -2        0
  MONTH TO DATE   15            14      1       77
  SINCE JUN 1     15            14      1       77
  SINCE JAN 1     15            15      0       77
......................................................


WIND (MPH)
  HIGHEST WIND SPEED    23   HIGHEST WIND DIRECTION     W (270)
  HIGHEST GUST SPEED    30   HIGHEST GUST DIRECTION     W (280)
  AVERAGE WIND SPEED     7.2


SKY COVER
  AVERAGE SKY COVER 0.3


WEATHER CONDITIONS
 THE FOLLOWING WEATHER WAS RECORDED YESTERDAY.
  NO SIGNIFICANT WEATHER WAS OBSERVED.


RELATIVE HUMIDITY (PERCENT)
 HIGHEST    64
 LOWEST     22
 AVERAGE    43

..........................................................




SUNRISE AND SUNSET
JUNE 26 2017..........SUNRISE   514 AM MDT   SUNSET   840 PM MDT
JUNE 27 2017..........SUNRISE   515 AM MDT   SUNSET   840 PM MDT


-  INDICATES NEGATIVE NUMBERS.
R  INDICATES RECORD WAS SET OR TIED.
MM INDICATES DATA IS MISSING.
T  INDICATES TRACE AMOUNT.




$$
