000
CDUS43 KUNR 280838
CLICUT


CLIMATE REPORT
NATIONAL WEATHER SERVICE RAPID CITY SD
237 AM MDT FRI AUG 28 2015


...................................

...THE CUSTER COUNTY AIRPORT SD CLIMATE SUMMARY FOR AUGUST 27 2015...

CLIMATE NORMAL PERIOD 1981 TO 2010
CLIMATE RECORD PERIOD 9999 TO 9999


WEATHER ITEM   OBSERVED TIME   NORMAL DEPARTURE LAST
                VALUE   (LST)  VALUE  FROM      YEAR
                                      NORMAL
......................................................
TEMPERATURE (F)
 YESTERDAY
  MAXIMUM         74    437 PM  76     -2       73
  MINIMUM         56    451 AM  48      8       53
  AVERAGE         65            62      3       63

PRECIPITATION (IN)
  YESTERDAY        0.01          0.07  -0.06     0.12
  MONTH TO DATE    2.04          1.84   0.20     1.88
  SINCE JUN 1     10.84          7.50   3.34     6.77
  SINCE JAN 1     20.15         14.61   5.54    14.49

DEGREE DAYS
 HEATING
  YESTERDAY        0             4     -4        2
  MONTH TO DATE   90            73     17       34
  SINCE JUN 1    248           354   -106      386
  SINCE JUL 1    146           134     12      113

 COOLING
  YESTERDAY        0             1     -1        0
  MONTH TO DATE   71            48     23       44
  SINCE JUN 1    168           154     14      130
  SINCE JAN 1    168           155     13      134
......................................................


WIND (MPH)
  HIGHEST WIND SPEED    18   HIGHEST WIND DIRECTION     N (10)
  HIGHEST GUST SPEED    26   HIGHEST GUST DIRECTION     N (350)
  AVERAGE WIND SPEED     5.8


SKY COVER
  AVERAGE SKY COVER 0.4


WEATHER CONDITIONS
 THE FOLLOWING WEATHER WAS RECORDED YESTERDAY.
  LIGHT RAIN


RELATIVE HUMIDITY (PERCENT)
 HIGHEST    93
 LOWEST     41
 AVERAGE    67

..........................................................




SUNRISE AND SUNSET
AUGUST 28 2015........SUNRISE   613 AM MDT   SUNSET   737 PM MDT
AUGUST 29 2015........SUNRISE   614 AM MDT   SUNSET   736 PM MDT


-  INDICATES NEGATIVE NUMBERS.
R  INDICATES RECORD WAS SET OR TIED.
MM INDICATES DATA IS MISSING.
T  INDICATES TRACE AMOUNT.




$$
