000
CDUS43 KUNR 270838
CLICUT


CLIMATE REPORT
NATIONAL WEATHER SERVICE RAPID CITY SD
236 AM MDT FRI MAR 27 2015


...................................

...THE CUSTER COUNTY AIRPORT SD CLIMATE SUMMARY FOR MARCH 26 2015...

CLIMATE NORMAL PERIOD 1981 TO 2010
CLIMATE RECORD PERIOD 9999 TO 9999


WEATHER ITEM   OBSERVED TIME   NORMAL DEPARTURE LAST
                VALUE   (LST)  VALUE  FROM      YEAR
                                      NORMAL
......................................................
TEMPERATURE (F)
 YESTERDAY
  MAXIMUM         45    151 PM  44      1       57
  MINIMUM         25    157 AM  23      2       31
  AVERAGE         35            34      1       44

PRECIPITATION (IN)
  YESTERDAY        0.06          0.04   0.02      T
  MONTH TO DATE    0.33          0.78  -0.45     0.86
  SINCE MAR 1      0.33          0.78  -0.45     0.86
  SINCE JAN 1      0.73          1.64  -0.91     2.19

DEGREE DAYS
 HEATING
  YESTERDAY       30            31     -1       21
  MONTH TO DATE  753           886   -133      898
  SINCE MAR 1    753           886   -133      898
  SINCE JUL 1   6202          6721   -519     6756

 COOLING
  YESTERDAY        0             0      0        0
  MONTH TO DATE    0             0      0        0
  SINCE MAR 1      0             0      0        0
  SINCE JAN 1      0             0      0        0
......................................................


WIND (MPH)
  HIGHEST WIND SPEED    23   HIGHEST WIND DIRECTION     N (350)
  HIGHEST GUST SPEED    34   HIGHEST GUST DIRECTION    NW (300)
  AVERAGE WIND SPEED     9.2


SKY COVER
  AVERAGE SKY COVER 0.6


WEATHER CONDITIONS
 THE FOLLOWING WEATHER WAS RECORDED YESTERDAY.
  LIGHT SNOW
  FOG


RELATIVE HUMIDITY (PERCENT)
 HIGHEST    92
 LOWEST     41
 AVERAGE    67

..........................................................




SUNRISE AND SUNSET
MARCH 27 2015.........SUNRISE   645 AM MDT   SUNSET   715 PM MDT
MARCH 28 2015.........SUNRISE   644 AM MDT   SUNSET   716 PM MDT


-  INDICATES NEGATIVE NUMBERS.
R  INDICATES RECORD WAS SET OR TIED.
MM INDICATES DATA IS MISSING.
T  INDICATES TRACE AMOUNT.




$$
