000
CDUS43 KUNR 030836
CLICUT


CLIMATE REPORT
NATIONAL WEATHER SERVICE RAPID CITY SD
236 AM MDT WED JUN 3 2015


...................................

...THE CUSTER COUNTY AIRPORT SD CLIMATE SUMMARY FOR JUNE 2 2015...

CLIMATE NORMAL PERIOD 1981 TO 2010
CLIMATE RECORD PERIOD 9999 TO 9999


WEATHER ITEM   OBSERVED TIME   NORMAL DEPARTURE LAST
                VALUE   (LST)  VALUE  FROM      YEAR
                                      NORMAL
......................................................
TEMPERATURE (F)
 YESTERDAY
  MAXIMUM         80    157 PM  65     15       69
  MINIMUM         47   1140 PM  42      5       40
  AVERAGE         64            54     10       55

PRECIPITATION (IN)
  YESTERDAY        0.08          0.13  -0.05     0.00
  MONTH TO DATE    0.08          0.25  -0.17     0.24
  SINCE JUN 1      0.08          0.25  -0.17     0.24
  SINCE JAN 1      9.39          7.36   2.03     7.96

DEGREE DAYS
 HEATING
  YESTERDAY        1            12    -11       10
  MONTH TO DATE    3            24    -21       22
  SINCE JUN 1      3            24    -21       22
  SINCE JUL 1   7587          8193   -606     8182

 COOLING
  YESTERDAY        0             0      0        0
  MONTH TO DATE    0             0      0        0
  SINCE JUN 1      0             0      0        0
  SINCE JAN 1      0             1     -1        4
......................................................


WIND (MPH)
  HIGHEST WIND SPEED    28   HIGHEST WIND DIRECTION     W (290)
  HIGHEST GUST SPEED    40   HIGHEST GUST DIRECTION    NW (300)
  AVERAGE WIND SPEED     9.0


SKY COVER
  AVERAGE SKY COVER 0.1


WEATHER CONDITIONS
 THE FOLLOWING WEATHER WAS RECORDED YESTERDAY.
  THUNDERSTORM
  LIGHT RAIN
  HAZE


RELATIVE HUMIDITY (PERCENT)
 HIGHEST    73
 LOWEST     16
 AVERAGE    45

..........................................................




SUNRISE AND SUNSET
JUNE  3 2015..........SUNRISE   515 AM MDT   SUNSET   831 PM MDT
JUNE  4 2015..........SUNRISE   514 AM MDT   SUNSET   832 PM MDT


-  INDICATES NEGATIVE NUMBERS.
R  INDICATES RECORD WAS SET OR TIED.
MM INDICATES DATA IS MISSING.
T  INDICATES TRACE AMOUNT.




$$
