354
CDUS41 KILN 242100
CLICVG


CLIMATE REPORT
NATIONAL WEATHER SERVICE WILMINGTON OH
500 PM EDT FRI MAR 24 2017


...................................

...THE CINCINNATI OH CLIMATE SUMMARY FOR MARCH 24 2017...
VALID TODAY AS OF 0500 PM LOCAL TIME.

CLIMATE NORMAL PERIOD 1981 TO 2010
CLIMATE RECORD PERIOD 1869 TO 2017


WEATHER ITEM   OBSERVED TIME   RECORD YEAR NORMAL DEPARTURE LAST
                VALUE   (LST)  VALUE       VALUE  FROM      YEAR
                                                  NORMAL
..................................................................
TEMPERATURE (F)
 TODAY
  MAXIMUM         74    245 PM  87    1910  56     18       69
  MINIMUM         49    123 AM  11    1974  36     13       48
  AVERAGE         62                        46     16       59

PRECIPITATION (IN)
  TODAY            0.00          2.21 1913   0.14  -0.14     0.61
  MONTH TO DATE    3.25                      2.97   0.28     3.14
  SINCE MAR 1      3.25                      2.97   0.28     3.14
  SINCE JAN 1     10.47                      8.78   1.69     9.77

SNOWFALL (IN)
  TODAY            0.0           6.7  1906   0.0    0.0      0.0
  MONTH TO DATE    2.0                       2.6   -0.6      2.3
  SINCE MAR 1      2.0                       2.6   -0.6      2.3
  SINCE JUL 1     10.0                      21.2  -11.2     19.2
  SNOW DEPTH       0

DEGREE DAYS
 HEATING
  TODAY            3                        19    -16        6
  MONTH TO DATE  574                       545     29      364
  SINCE MAR 1    574                       545     29      364
  SINCE JUL 1   3654                      4372   -718     3572

 COOLING
  TODAY            0                         0      0        0
  MONTH TO DATE    0                         0      0        0
  SINCE MAR 1      0                         0      0        0
  SINCE JAN 1      0                         0      0        0
..................................................................


WIND (MPH)
  HIGHEST WIND SPEED    22   HIGHEST WIND DIRECTION    SW (210)
  HIGHEST GUST SPEED    30   HIGHEST GUST DIRECTION    SW (220)
  AVERAGE WIND SPEED    12.8


SKY COVER
  POSSIBLE SUNSHINE  MM
  AVERAGE SKY COVER 0.6


WEATHER CONDITIONS
 THE FOLLOWING WEATHER WAS RECORDED TODAY.
  NO SIGNIFICANT WEATHER WAS OBSERVED.


RELATIVE HUMIDITY (PERCENT)
 HIGHEST    68           600 AM
 LOWEST     46           300 PM
 AVERAGE    57

..........................................................


THE CINCINNATI OH CLIMATE NORMALS FOR TOMORROW
                         NORMAL    RECORD    YEAR
 MAXIMUM TEMPERATURE (F)   57        88      1929
 MINIMUM TEMPERATURE (F)   37        12      1974


SUNRISE AND SUNSET
MARCH 24 2017.........SUNRISE   735 AM EDT   SUNSET   755 PM EDT
MARCH 25 2017.........SUNRISE   734 AM EDT   SUNSET   756 PM EDT


-  INDICATES NEGATIVE NUMBERS.
R  INDICATES RECORD WAS SET OR TIED.
MM INDICATES DATA IS MISSING.
T  INDICATES TRACE AMOUNT.




$$
