000
CDUS41 KILN 030544
CLICVG


CLIMATE REPORT
NATIONAL WEATHER SERVICE WILMINGTON OH
143 AM EDT FRI JUL 3 2015


...................................

...THE CINCINNATI OH CLIMATE SUMMARY FOR JULY 2 2015...

CLIMATE NORMAL PERIOD 1981 TO 2010
CLIMATE RECORD PERIOD 1869 TO 2015


WEATHER ITEM   OBSERVED TIME   RECORD YEAR NORMAL DEPARTURE LAST
                VALUE   (LST)  VALUE       VALUE  FROM      YEAR
                                                  NORMAL
..................................................................
TEMPERATURE (F)
 YESTERDAY
  MAXIMUM         78    401 PM 100    1970  85     -7       83
  MINIMUM         67    103 AM  50    1988  66      1       66
  AVERAGE         73                        75     -2       75

PRECIPITATION (IN)
  YESTERDAY        1.56R         1.43 1876   0.11   1.45     0.05
  MONTH TO DATE    1.56                      0.23   1.33     0.61
  SINCE JUN 1      8.89                      4.26   4.63     6.83
  SINCE JAN 1     26.12                     22.85   3.27    24.30

SNOWFALL (IN)
  YESTERDAY        0.0           0.0    MM   0.0    0.0      0.0
  MONTH TO DATE    0.0                       0.0    0.0      0.0
  SINCE JUN 1      0.0                       0.0    0.0      0.0
  SINCE JUL 1      0.0                       0.0    0.0      0.0
  SNOW DEPTH       0

DEGREE DAYS
 HEATING
  YESTERDAY        0                         0      0        0
  MONTH TO DATE    0                         0      0        0
  SINCE JUN 1     19                        15      4        3
  SINCE JUL 1      0                         0      0        0

 COOLING
  YESTERDAY        8                        10     -2       10
  MONTH TO DATE   12                        20     -8       25
  SINCE JUN 1    271                       246     25      299
  SINCE JAN 1    420                       340     80      433
..................................................................


WIND (MPH)
  RESULTANT WIND SPEED   4   RESULTANT WIND DIRECTION  SE (120)
  HIGHEST WIND SPEED    13   HIGHEST WIND DIRECTION     E (110)
  HIGHEST GUST SPEED    16   HIGHEST GUST DIRECTION     E (110)
  AVERAGE WIND SPEED     5.2


SKY COVER
  POSSIBLE SUNSHINE  MM
  AVERAGE SKY COVER 1.0


WEATHER CONDITIONS
 THE FOLLOWING WEATHER WAS RECORDED YESTERDAY.
  HEAVY RAIN
  RAIN
  LIGHT RAIN
  FOG
  HAZE


RELATIVE HUMIDITY (PERCENT)
 HIGHEST    97           800 AM
 LOWEST     69           200 PM
 AVERAGE    83

..........................................................


THE CINCINNATI OH CLIMATE NORMALS FOR TODAY
                         NORMAL    RECORD    YEAR
 MAXIMUM TEMPERATURE (F)   85       100      1911
 MINIMUM TEMPERATURE (F)   66        50      1924


SUNRISE AND SUNSET
JULY  3 2015..........SUNRISE   617 AM EDT   SUNSET   908 PM EDT
JULY  4 2015..........SUNRISE   618 AM EDT   SUNSET   908 PM EDT


-  INDICATES NEGATIVE NUMBERS.
R  INDICATES RECORD WAS SET OR TIED.
MM INDICATES DATA IS MISSING.
T  INDICATES TRACE AMOUNT.




$$
