000
CDUS41 KILN 280544
CLICVG


CLIMATE REPORT
NATIONAL WEATHER SERVICE WILMINGTON OH
1243 AM EST FRI NOV 28 2014


...................................

...THE CINCINNATI OH CLIMATE SUMMARY FOR NOVEMBER 27 2014...

CLIMATE NORMAL PERIOD 1981 TO 2010
CLIMATE RECORD PERIOD 1869 TO 2014


WEATHER ITEM   OBSERVED TIME   RECORD YEAR NORMAL DEPARTURE LAST
                VALUE   (LST)  VALUE       VALUE  FROM      YEAR
                                                  NORMAL
..................................................................
TEMPERATURE (F)
 YESTERDAY
  MAXIMUM         35   1126 AM  74    1990  48    -13       33
  MINIMUM         28   1159 PM   3    1930  32     -4       20
  AVERAGE         32                        40     -8       27

PRECIPITATION (IN)
  YESTERDAY        T             1.63 1927   0.12  -0.12     0.02
  MONTH TO DATE    1.67                      3.08  -1.41     2.19
  SINCE SEP 1      8.13                      9.01  -0.88    11.52
  SINCE JAN 1     38.59                     38.80  -0.21    44.57

SNOWFALL (IN)
  YESTERDAY        T             3.5  1977   0.0    0.0      0.4
  MONTH TO DATE    5.1                       0.3    4.8      2.4
  SINCE SEP 1      5.1                       0.7    4.4      2.4
  SINCE JUL 1      5.1                       0.7    4.4      2.4
  SNOW DEPTH       0

DEGREE DAYS
 HEATING
  YESTERDAY       33                        25      8       38
  MONTH TO DATE  725                       521    204      603
  SINCE SEP 1   1076                       883    193      932
  SINCE JUL 1   1081                       883    198      936

 COOLING
  YESTERDAY        0                         0      0        0
  MONTH TO DATE    0                         0      0        0
  SINCE SEP 1    131                       153    -22      174
  SINCE JAN 1   1077                      1121    -44     1150
..................................................................


WIND (MPH)
  RESULTANT WIND SPEED   9   RESULTANT WIND DIRECTION  NW (310)
  HIGHEST WIND SPEED    18   HIGHEST WIND DIRECTION    NW (310)
  HIGHEST GUST SPEED    28   HIGHEST GUST DIRECTION     W (290)
  AVERAGE WIND SPEED    11.1


SKY COVER
  POSSIBLE SUNSHINE  MM
  AVERAGE SKY COVER 1.0


WEATHER CONDITIONS
 THE FOLLOWING WEATHER WAS RECORDED YESTERDAY.
  LIGHT SNOW
  HAZE


RELATIVE HUMIDITY (PERCENT)
 HIGHEST    75           100 AM
 LOWEST     56          1200 PM
 AVERAGE    66

..........................................................


THE CINCINNATI OH CLIMATE NORMALS FOR TODAY
                         NORMAL    RECORD    YEAR
 MAXIMUM TEMPERATURE (F)   48        70      2005
                                             1909
 MINIMUM TEMPERATURE (F)   32         6      1930


SUNRISE AND SUNSET
NOVEMBER 28 2014......SUNRISE   736 AM EST   SUNSET   517 PM EST
NOVEMBER 29 2014......SUNRISE   737 AM EST   SUNSET   517 PM EST


-  INDICATES NEGATIVE NUMBERS.
R  INDICATES RECORD WAS SET OR TIED.
MM INDICATES DATA IS MISSING.
T  INDICATES TRACE AMOUNT.




$$
