000
CDUS41 KILN 280552
CLICVG


CLIMATE REPORT
NATIONAL WEATHER SERVICE WILMINGTON OH
151 AM EDT MON JUL 28 2014


...................................

...THE CINCINNATI OH CLIMATE SUMMARY FOR JULY 27 2014...

CLIMATE NORMAL PERIOD 1981 TO 2010
CLIMATE RECORD PERIOD 1869 TO 2014


WEATHER ITEM   OBSERVED TIME   RECORD YEAR NORMAL DEPARTURE LAST
                VALUE   (LST)  VALUE       VALUE  FROM      YEAR
                                                  NORMAL
..................................................................
TEMPERATURE (F)
 YESTERDAY
  MAXIMUM         83    609 PM 101    1936  86     -3       76
  MINIMUM         66   1127 PM  49    1962  66      0       63
  AVERAGE         75                        76     -1       70

PRECIPITATION (IN)
  YESTERDAY        0.38          4.07 1926   0.12   0.26     0.32
  MONTH TO DATE    2.83                      3.28  -0.45     5.37
  SINCE JUN 1      9.05                      7.31   1.74    11.39
  SINCE JAN 1     26.52                     25.90   0.62    29.27

SNOWFALL (IN)
  YESTERDAY        0.0           0.0    MM   0.0    0.0      0.0
  MONTH TO DATE    0.0                       0.0    0.0      0.0
  SINCE JUN 1      0.0                       0.0    0.0      0.0
  SINCE JUL 1      0.0                       0.0    0.0      0.0
  SNOW DEPTH       0

DEGREE DAYS
 HEATING
  YESTERDAY        0                         0      0        0
  MONTH TO DATE    2                         0      2        0
  SINCE JUN 1      5                        15    -10        1
  SINCE JUL 1      2                         0      2        0

 COOLING
  YESTERDAY       10                        11     -1        5
  MONTH TO DATE  205                       295    -90      293
  SINCE JUN 1    479                       521    -42      532
  SINCE JAN 1    613                       615     -2      671
..................................................................


WIND (MPH)
  RESULTANT WIND SPEED   7   RESULTANT WIND DIRECTION  SW (240)
  HIGHEST WIND SPEED    35   HIGHEST WIND DIRECTION    NW (310)
  HIGHEST GUST SPEED    44   HIGHEST GUST DIRECTION    NW (300)
  AVERAGE WIND SPEED     8.6


SKY COVER
  POSSIBLE SUNSHINE  MM
  AVERAGE SKY COVER 0.7


WEATHER CONDITIONS
 THE FOLLOWING WEATHER WAS RECORDED YESTERDAY.
  THUNDERSTORM
  HEAVY RAIN
  RAIN
  LIGHT RAIN
  FOG
  HAZE


RELATIVE HUMIDITY (PERCENT)
 HIGHEST    97           400 AM
 LOWEST     67           700 PM
 AVERAGE    82

..........................................................


THE CINCINNATI OH CLIMATE NORMALS FOR TODAY
                         NORMAL    RECORD    YEAR
 MAXIMUM TEMPERATURE (F)   86       103      1930
 MINIMUM TEMPERATURE (F)   66        53      2013
                                             1962
                                             1920


SUNRISE AND SUNSET
JULY 28 2014..........SUNRISE   636 AM EDT   SUNSET   854 PM EDT
JULY 29 2014..........SUNRISE   637 AM EDT   SUNSET   853 PM EDT


-  INDICATES NEGATIVE NUMBERS.
R  INDICATES RECORD WAS SET OR TIED.
MM INDICATES DATA IS MISSING.
T  INDICATES TRACE AMOUNT.




$$
