000
CDUS41 KILN 010559
CLICVG


CLIMATE REPORT
NATIONAL WEATHER SERVICE WILMINGTON OH
159 AM EDT SUN MAY 1 2016


...................................

...THE CINCINNATI OH CLIMATE SUMMARY FOR APRIL 30 2016...

CLIMATE NORMAL PERIOD 1981 TO 2010
CLIMATE RECORD PERIOD 1869 TO 2016


WEATHER ITEM   OBSERVED TIME   RECORD YEAR NORMAL DEPARTURE LAST
                VALUE   (LST)  VALUE       VALUE  FROM      YEAR
                                                  NORMAL
..................................................................
TEMPERATURE (F)
 YESTERDAY
  MAXIMUM         62   1158 PM  89    1942  69     -7       62
  MINIMUM         53    806 AM  31    1958  48      5       47
  AVERAGE         58                        59     -1       55

PRECIPITATION (IN)
  YESTERDAY        0.55          1.31 1924   0.14   0.41     0.12
  MONTH TO DATE    4.88                      3.89   0.99     5.13
  SINCE MAR 1     10.18                      7.85   2.33    11.45
  SINCE JAN 1     16.81                     13.66   3.15    15.60

SNOWFALL (IN)
  YESTERDAY        0.0           1.5  1908   0.0    0.0      0.0
  MONTH TO DATE    T                         0.5   -0.5      0.0
  SINCE MAR 1      2.3                       3.5   -1.2      4.9
  SINCE JUL 1     19.2                      22.1   -2.9     29.9
  SNOW DEPTH       0

DEGREE DAYS
 HEATING
  YESTERDAY        7                         7      0       10
  MONTH TO DATE  311                       341    -30      277
  SINCE MAR 1    765                      1007   -242      982
  SINCE JUL 1   3973                      4834   -861     5209

 COOLING
  YESTERDAY        0                         1     -1        0
  MONTH TO DATE   18                        18      0        5
  SINCE MAR 1     18                        18      0        5
  SINCE JAN 1     18                        18      0        5
..................................................................


WIND (MPH)
  RESULTANT WIND SPEED   9   RESULTANT WIND DIRECTION   E (100)
  HIGHEST WIND SPEED    21   HIGHEST WIND DIRECTION    SE (130)
  HIGHEST GUST SPEED    24   HIGHEST GUST DIRECTION    SE (120)
  AVERAGE WIND SPEED    10.1


SKY COVER
  POSSIBLE SUNSHINE  MM
  AVERAGE SKY COVER 1.0


WEATHER CONDITIONS
 THE FOLLOWING WEATHER WAS RECORDED YESTERDAY.
  HEAVY RAIN
  LIGHT RAIN
  FOG
  HAZE


RELATIVE HUMIDITY (PERCENT)
 HIGHEST   100           200 PM
 LOWEST     72           100 AM
 AVERAGE    86

..........................................................


THE CINCINNATI OH CLIMATE NORMALS FOR TODAY
                         NORMAL    RECORD    YEAR
 MAXIMUM TEMPERATURE (F)   70        92      1951
 MINIMUM TEMPERATURE (F)   49        27      1963


SUNRISE AND SUNSET
MAY  1 2016...........SUNRISE   640 AM EDT   SUNSET   832 PM EDT
MAY  2 2016...........SUNRISE   639 AM EDT   SUNSET   833 PM EDT


-  INDICATES NEGATIVE NUMBERS.
R  INDICATES RECORD WAS SET OR TIED.
MM INDICATES DATA IS MISSING.
T  INDICATES TRACE AMOUNT.




$$
