000
CDUS41 KILN 170558
CLICVG


CLIMATE REPORT
NATIONAL WEATHER SERVICE WILMINGTON OH
1258 AM EST SUN DEC 17 2017


...................................

...THE CINCINNATI OH CLIMATE SUMMARY FOR DECEMBER 16 2017...

CLIMATE NORMAL PERIOD 1981 TO 2010
CLIMATE RECORD PERIOD 1869 TO 2017


WEATHER ITEM   OBSERVED TIME   RECORD YEAR NORMAL DEPARTURE LAST
                VALUE   (LST)  VALUE       VALUE  FROM      YEAR
                                                  NORMAL
..................................................................
TEMPERATURE (F)
 YESTERDAY
  MAXIMUM         50    411 PM  67    1984  41      9       33
  MINIMUM         30    249 AM  -7    1989  26      4       13
  AVERAGE         40                        34      6       23

PRECIPITATION (IN)
  YESTERDAY        0.00          1.50 2000   0.10  -0.10     0.05
  MONTH TO DATE    0.69                      1.75  -1.06     1.26
  SINCE DEC 1      0.69                      1.75  -1.06     1.26
  SINCE JAN 1     48.75                     40.90   7.85    41.26

SNOWFALL (IN)
  YESTERDAY        0.0           4.1  2010   0.2   -0.2      0.0
  MONTH TO DATE    0.9                       2.0   -1.1      1.3
  SINCE DEC 1      0.9                       2.0   -1.1      1.3
  SINCE JUL 1      0.9                       2.8   -1.9      1.3
  SNOW DEPTH       0

DEGREE DAYS
 HEATING
  YESTERDAY       25                        31     -6       42
  MONTH TO DATE  487                       465     22      541
  SINCE DEC 1    487                       465     22      541
  SINCE JUL 1   1378                      1425    -47     1223

 COOLING
  YESTERDAY        0                         0      0        0
  MONTH TO DATE    0                         0      0        0
  SINCE DEC 1      0                         0      0        0
  SINCE JAN 1   1111                      1121    -10     1477
..................................................................


WIND (MPH)
  RESULTANT WIND SPEED  11   RESULTANT WIND DIRECTION  SW (210)
  HIGHEST WIND SPEED    21   HIGHEST WIND DIRECTION    SW (230)
  HIGHEST GUST SPEED    29   HIGHEST GUST DIRECTION    SW (230)
  AVERAGE WIND SPEED    11.4


SKY COVER
  POSSIBLE SUNSHINE  MM
  AVERAGE SKY COVER 0.3


WEATHER CONDITIONS
 THE FOLLOWING WEATHER WAS RECORDED YESTERDAY.
  NO SIGNIFICANT WEATHER WAS OBSERVED.


RELATIVE HUMIDITY (PERCENT)
 HIGHEST    78           300 AM
 LOWEST     39           400 PM
 AVERAGE    59

..........................................................


THE CINCINNATI OH CLIMATE NORMALS FOR TODAY
                         NORMAL    RECORD    YEAR
 MAXIMUM TEMPERATURE (F)   41        67      1984
 MINIMUM TEMPERATURE (F)   26        -9      1989


SUNRISE AND SUNSET
DECEMBER 17 2017......SUNRISE   752 AM EST   SUNSET   518 PM EST
DECEMBER 18 2017......SUNRISE   753 AM EST   SUNSET   518 PM EST


-  INDICATES NEGATIVE NUMBERS.
R  INDICATES RECORD WAS SET OR TIED.
MM INDICATES DATA IS MISSING.
T  INDICATES TRACE AMOUNT.




$$
