000
CDUS45 KCYS 300737
CLICYS


CLIMATE REPORT
NATIONAL WEATHER SERVICE CHEYENNE WY
1236 AM MST FRI JAN 30 2015


...................................

...THE CHEYENNE WYOMING CLIMATE SUMMARY FOR JANUARY 29 2015...

CLIMATE NORMAL PERIOD 1981 TO 2010
CLIMATE RECORD PERIOD 1871 TO 2015


WEATHER ITEM   OBSERVED TIME   RECORD YEAR NORMAL DEPARTURE LAST
                VALUE   (LST)  VALUE       VALUE  FROM      YEAR
                                                  NORMAL
..................................................................
TEMPERATURE (F)
 YESTERDAY
  MAXIMUM         44    219 PM  63    1920  39      5       44
  MINIMUM         28    734 AM -18    1951  18     10       25
  AVERAGE         36                        28      8       35

PRECIPITATION (IN)
  YESTERDAY        T             0.18 1956   0.02  -0.02     0.00
  MONTH TO DATE    0.06                      0.31  -0.25     0.69
  SINCE JAN 1      0.06                      0.31  -0.25     0.69

SNOWFALL (IN)
  YESTERDAY        T             2.2  1979   0.2   -0.2      0.0
                                      1956
  MONTH TO DATE    0.8                       5.5   -4.7     11.0
  SINCE JUL 1     23.4                      28.2   -4.8     36.7
  SNOW DEPTH       0

DEGREE DAYS
 HEATING
  YESTERDAY       29                        37     -8       30
  MONTH TO DATE  956                      1049    -93     1042
  SINCE DEC 1   2061                      2204   -143     2238
  SINCE JUL 1   3659                      3952   -293     3942

 COOLING
  YESTERDAY        0                         0      0        0
  MONTH TO DATE    0                         0      0        0
  SINCE DEC 1      0                         0      0        0
  SINCE JAN 1      0                         0      0        0
..................................................................


WIND (MPH)
  HIGHEST WIND SPEED    18   HIGHEST WIND DIRECTION     S (180)
  HIGHEST GUST SPEED    23   HIGHEST GUST DIRECTION     S (170)
  AVERAGE WIND SPEED     9.6


SKY COVER
  AVERAGE SKY COVER 0.4


WEATHER CONDITIONS
 THE FOLLOWING WEATHER WAS RECORDED YESTERDAY.
  LIGHT SNOW


RELATIVE HUMIDITY (PERCENT)
 HIGHEST    72           400 AM
 LOWEST     45           200 PM
 AVERAGE    59

..........................................................


THE CHEYENNE WYOMING CLIMATE NORMALS FOR TODAY
                         NORMAL    RECORD    YEAR
 MAXIMUM TEMPERATURE (F)   39        62      1986
                                             1892
 MINIMUM TEMPERATURE (F)   18       -16      1985


SUNRISE AND SUNSET
JANUARY 30 2015.......SUNRISE   712 AM MST   SUNSET   513 PM MST
JANUARY 31 2015.......SUNRISE   711 AM MST   SUNSET   515 PM MST


-  INDICATES NEGATIVE NUMBERS.
R  INDICATES RECORD WAS SET OR TIED.
MM INDICATES DATA IS MISSING.
T  INDICATES TRACE AMOUNT.




$$
