000
CDUS45 KCYS 270730
CLICYS


CLIMATE REPORT
NATIONAL WEATHER SERVICE CHEYENNE WY
129 AM MDT WED JUL 27 2016


...................................

...THE CHEYENNE WYOMING AIRPORT CLIMATE SUMMARY FOR JULY 26 2016...

CLIMATE NORMAL PERIOD 1981 TO 2010
CLIMATE RECORD PERIOD 1871 TO 2016


WEATHER ITEM   OBSERVED TIME   RECORD YEAR NORMAL DEPARTURE LAST
                VALUE   (LST)  VALUE       VALUE  FROM      YEAR
                                                  NORMAL
..................................................................
TEMPERATURE (F)
 YESTERDAY
  MAXIMUM         91    919 AM  95    1910  84      7       89
  MINIMUM         55    507 AM  45    1873  56     -1       55
  AVERAGE         73                        70      3       72

PRECIPITATION (IN)
  YESTERDAY        0.08          1.36 1934   0.08   0.00     0.00
  MONTH TO DATE    0.73                      1.81  -1.08     1.81
  SINCE JAN 1     11.43                     10.12   1.31    12.92

SNOWFALL (IN)
  YESTERDAY        0.0          MM      MM   0.0    0.0      0.0
  MONTH TO DATE    0.0                       0.0    0.0      0.0
  SINCE JUL 1      0.0                       0.0    0.0      0.0
  SNOW DEPTH       0

DEGREE DAYS
 HEATING
  YESTERDAY        0                         1     -1        0
  MONTH TO DATE    3                        26    -23       28
  SINCE JUN 1     29                       160   -131       64
  SINCE JUL 1      3                        26    -23       28

 COOLING
  YESTERDAY        8                         6      2        7
  MONTH TO DATE  176                       135     41       93
  SINCE JUN 1    278                       182     96      154
  SINCE JAN 1    278                       185     93      154
..................................................................


WIND (MPH)
  HIGHEST WIND SPEED    18   HIGHEST WIND DIRECTION     E (100)
  HIGHEST GUST SPEED    24   HIGHEST GUST DIRECTION     W (290)
  AVERAGE WIND SPEED     8.1


SKY COVER
  AVERAGE SKY COVER 0.0


WEATHER CONDITIONS
 THE FOLLOWING WEATHER WAS RECORDED YESTERDAY.
  THUNDERSTORM
  LIGHT RAIN


RELATIVE HUMIDITY (PERCENT)
 HIGHEST    83           400 AM
 LOWEST     14          1000 AM
 AVERAGE    49

..........................................................


THE CHEYENNE WYOMING AIRPORT CLIMATE NORMALS FOR TODAY
                         NORMAL    RECORD    YEAR
 MAXIMUM TEMPERATURE (F)   84        94      1960
 MINIMUM TEMPERATURE (F)   56        45      1877


SUNRISE AND SUNSET
JULY 27 2016..........SUNRISE   551 AM MDT   SUNSET   820 PM MDT
JULY 28 2016..........SUNRISE   552 AM MDT   SUNSET   819 PM MDT


-  INDICATES NEGATIVE NUMBERS.
R  INDICATES RECORD WAS SET OR TIED.
MM INDICATES DATA IS MISSING.
T  INDICATES TRACE AMOUNT.




$$
