000
CDUS45 KCYS 300745
CLICYS


CLIMATE REPORT
NATIONAL WEATHER SERVICE CHEYENNE WY
145 AM MDT FRI SEP 30 2016


...................................

...THE CHEYENNE WYOMING AIRPORT CLIMATE SUMMARY FOR SEPTEMBER 29 2016...

CLIMATE NORMAL PERIOD 1981 TO 2010
CLIMATE RECORD PERIOD 1871 TO 2016


WEATHER ITEM   OBSERVED TIME   RECORD YEAR NORMAL DEPARTURE LAST
                VALUE   (LST)  VALUE       VALUE  FROM      YEAR
                                                  NORMAL
..................................................................
TEMPERATURE (F)
 YESTERDAY
  MAXIMUM         79   1218 PM  85    1994  65     14       68
                                      1892
  MINIMUM         41    544 AM  14    1985  39      2       50
  AVERAGE         60                        52      8       59

PRECIPITATION (IN)
  YESTERDAY        0.00          0.79 2014   0.04  -0.04     0.04
  MONTH TO DATE    0.79                      1.44  -0.65     0.14
  SINCE JAN 1     13.62                     13.89  -0.27    13.75

SNOWFALL (IN)
  YESTERDAY        0.0           2.3  1959   0.1   -0.1      0.0
  MONTH TO DATE    T                         1.2   -1.2      0.0
  SINCE JUL 1      T                         1.2   -1.2      0.0
  SNOW DEPTH       0

DEGREE DAYS
 HEATING
  YESTERDAY        5                        13     -8        6
  MONTH TO DATE  152                       212    -60       49
  SINCE SEP 1    152                       212    -60       49
  SINCE JUL 1    206                       268    -62      118

 COOLING
  YESTERDAY        0                         0      0        0
  MONTH TO DATE   32                        21     11       50
  SINCE SEP 1     32                        21     11       50
  SINCE JAN 1    452                       347    105      360
..................................................................


WIND (MPH)
  HIGHEST WIND SPEED    15   HIGHEST WIND DIRECTION    SE (140)
  HIGHEST GUST SPEED    21   HIGHEST GUST DIRECTION    SE (130)
  AVERAGE WIND SPEED     6.0


SKY COVER
  AVERAGE SKY COVER 0.0


WEATHER CONDITIONS
 THE FOLLOWING WEATHER WAS RECORDED YESTERDAY.
  HAZE


RELATIVE HUMIDITY (PERCENT)
 HIGHEST    82           600 AM
 LOWEST     19           200 PM
 AVERAGE    51

..........................................................


THE CHEYENNE WYOMING AIRPORT CLIMATE NORMALS FOR TODAY
                         NORMAL    RECORD    YEAR
 MAXIMUM TEMPERATURE (F)   65        85      1980
 MINIMUM TEMPERATURE (F)   39         8      1985


SUNRISE AND SUNSET
SEPTEMBER 30 2016.....SUNRISE   655 AM MDT   SUNSET   642 PM MDT
OCTOBER  1 2016.......SUNRISE   656 AM MDT   SUNSET   640 PM MDT


-  INDICATES NEGATIVE NUMBERS.
R  INDICATES RECORD WAS SET OR TIED.
MM INDICATES DATA IS MISSING.
T  INDICATES TRACE AMOUNT.




$$
