000
CDUS45 KCYS 072127
CLICYS


CLIMATE REPORT
NATIONAL WEATHER SERVICE CHEYENNE WY
327 PM MDT TUE JUL 7 2015


...................................

...THE CHEYENNE WYOMING AIRPORT CLIMATE SUMMARY FOR JULY 7 2015...
VALID AS OF 0300 PM LOCAL TIME.

CLIMATE NORMAL PERIOD 1981 TO 2010
CLIMATE RECORD PERIOD 1871 TO 2015


WEATHER ITEM   OBSERVED TIME   RECORD YEAR NORMAL DEPARTURE LAST
                VALUE   (LST)  VALUE       VALUE  FROM      YEAR
                                                  NORMAL
..................................................................
TEMPERATURE (F)
 TODAY
  MAXIMUM         65    121 PM  97    1989  83    -18       91
  MINIMUM         53    456 AM  37    1904  55     -2       57
  AVERAGE         59                        69    -10       74

PRECIPITATION (IN)
  TODAY            0.02          1.16 2012   0.06  -0.04     0.00
  MONTH TO DATE    0.88                      0.41   0.47      T
  SINCE JUN 1      2.41                      2.75  -0.34     1.98
  SINCE JAN 1     11.99                      8.72   3.27     8.94

SNOWFALL (IN)
  TODAY            0.0          MM      MM   0.0    0.0      0.0
  MONTH TO DATE    0.0                       0.0    0.0      0.0
  SINCE JUL 1      0.0                       0.0    0.0      0.0
  SNOW DEPTH       0

DEGREE DAYS
 HEATING
  TODAY            6                         1      5        0
  MONTH TO DATE   14                         7      7       13
  SINCE JUN 1     50                       141    -91      139
  SINCE JUL 1     14                         7      7       13

 COOLING
  TODAY            0                         5     -5        9
  MONTH TO DATE   30                        29      1       36
  SINCE JUN 1     92                        76     16       50
  SINCE JAN 1     92                        79     13       51
..................................................................


WIND (MPH)
  HIGHEST WIND SPEED    20   HIGHEST WIND DIRECTION     S (180)
  HIGHEST GUST SPEED    24   HIGHEST GUST DIRECTION     S (180)
  AVERAGE WIND SPEED    11.8


SKY COVER
  AVERAGE SKY COVER 0.9


WEATHER CONDITIONS
 THE FOLLOWING WEATHER WAS RECORDED TODAY.
  LIGHT RAIN
  FOG
  HAZE


RELATIVE HUMIDITY (PERCENT)
 HIGHEST    93           200 AM
 LOWEST     67           100 PM
 AVERAGE    80

..........................................................


THE CHEYENNE WYOMING AIRPORT CLIMATE NORMALS FOR TOMORROW
                         NORMAL    RECORD    YEAR
 MAXIMUM TEMPERATURE (F)   83        98      2003
 MINIMUM TEMPERATURE (F)   55        39      1952


SUNRISE AND SUNSET
JULY  7 2015..........SUNRISE   534 AM MDT   SUNSET   834 PM MDT
JULY  8 2015..........SUNRISE   534 AM MDT   SUNSET   834 PM MDT


-  INDICATES NEGATIVE NUMBERS.
R  INDICATES RECORD WAS SET OR TIED.
MM INDICATES DATA IS MISSING.
T  INDICATES TRACE AMOUNT.




$$
