000
CDUS45 KCYS 262139
CLICYS


CLIMATE REPORT
NATIONAL WEATHER SERVICE CHEYENNE WY
339 PM MDT THU MAR 26 2015


...................................

...THE CHEYENNE WYOMING AIRPORT CLIMATE SUMMARY FOR MARCH 26 2015...
VALID AS OF 0300 PM LOCAL TIME.

CLIMATE NORMAL PERIOD 1981 TO 2010
CLIMATE RECORD PERIOD 1871 TO 2015


WEATHER ITEM   OBSERVED TIME   RECORD YEAR NORMAL DEPARTURE LAST
                VALUE   (LST)  VALUE       VALUE  FROM      YEAR
                                                  NORMAL
..................................................................
TEMPERATURE (F)
 TODAY
  MAXIMUM         53    159 PM  74    2012  50      3       62
  MINIMUM         21    156 AM  -8    1931  26     -5       29
  AVERAGE         37                        38     -1       46

PRECIPITATION (IN)
  TODAY            0.00          0.65 1899   0.03  -0.03      T
  MONTH TO DATE    0.11                      0.84  -0.73     0.88
  SINCE MAR 1      0.11                      0.84  -0.73     0.88
  SINCE JAN 1      0.87                      1.64  -0.77     3.04

SNOWFALL (IN)
  TODAY            0.0           6.5  1931   0.4   -0.4      0.0
                                      1899
  MONTH TO DATE    1.7                       9.3   -7.6     11.2
  SINCE JUL 1     34.7                      45.8  -11.1     71.3
  SNOW DEPTH       0

DEGREE DAYS
 HEATING
  TODAY           28                        27      1       19
  MONTH TO DATE  652                       769   -117      757
  SINCE MAR 1    652                       769   -117      757
  SINCE JUL 1   5298                      5788   -490     5961

 COOLING
  TODAY            0                         0      0        0
  MONTH TO DATE    0                         0      0        0
  SINCE MAR 1      0                         0      0        0
  SINCE JAN 1      0                         0      0        0
..................................................................


WIND (MPH)
  HIGHEST WIND SPEED    32   HIGHEST WIND DIRECTION    NW (330)
  HIGHEST GUST SPEED    43   HIGHEST GUST DIRECTION    NW (330)
  AVERAGE WIND SPEED    16.9


SKY COVER
  AVERAGE SKY COVER 0.5


WEATHER CONDITIONS
 THE FOLLOWING WEATHER WAS RECORDED TODAY.
  NO SIGNIFICANT WEATHER WAS OBSERVED.


RELATIVE HUMIDITY (PERCENT)
 HIGHEST    88          1200 AM
 LOWEST     28          1200 PM
 AVERAGE    58

..........................................................


THE CHEYENNE WYOMING AIRPORT CLIMATE NORMALS FOR TOMORROW
                         NORMAL    RECORD    YEAR
 MAXIMUM TEMPERATURE (F)   50        72      1986
 MINIMUM TEMPERATURE (F)   27       -16      1899


SUNRISE AND SUNSET
MARCH 26 2015.........SUNRISE   653 AM MDT   SUNSET   718 PM MDT
MARCH 27 2015.........SUNRISE   651 AM MDT   SUNSET   719 PM MDT


-  INDICATES NEGATIVE NUMBERS.
R  INDICATES RECORD WAS SET OR TIED.
MM INDICATES DATA IS MISSING.
T  INDICATES TRACE AMOUNT.




$$
