697
CDUS45 KCYS 060757
CLICYS


CLIMATE REPORT
NATIONAL WEATHER SERVICE CHEYENNE WY
1256 AM MST TUE DEC 6 2016


...................................

...THE CHEYENNE WYOMING AIRPORT CLIMATE SUMMARY FOR DECEMBER 5 2016...

CLIMATE NORMAL PERIOD 1981 TO 2010
CLIMATE RECORD PERIOD 1871 TO 2016


WEATHER ITEM   OBSERVED TIME   RECORD YEAR NORMAL DEPARTURE LAST
                VALUE   (LST)  VALUE       VALUE  FROM      YEAR
                                                  NORMAL
..................................................................
TEMPERATURE (F)
 YESTERDAY
  MAXIMUM         43    444 AM  69    1939  39      4       42
  MINIMUM         10   1136 PM -24    1972  18     -8       24
  AVERAGE         27                        28     -1       33

PRECIPITATION (IN)
  YESTERDAY        0.00          0.52 1951   0.02  -0.02     0.00
  MONTH TO DATE    0.01                      0.09  -0.08     0.00
  SINCE JAN 1     14.29                     15.54  -1.25    16.69

SNOWFALL (IN)
  YESTERDAY        0.0           6.2  1913   0.2   -0.2      0.0
  MONTH TO DATE    0.5                       1.4   -0.9      0.0
  SINCE JUL 1      4.3                      15.7  -11.4     10.7
  SNOW DEPTH       0

DEGREE DAYS
 HEATING
  YESTERDAY       38                        37      1       32
  MONTH TO DATE  187                       182      5      158
  SINCE DEC 1    187                       182      5      158
  SINCE JUL 1   1451                      1930   -479     1585

 COOLING
  YESTERDAY        0                         0      0        0
  MONTH TO DATE    0                         0      0        0
  SINCE DEC 1      0                         0      0        0
  SINCE JAN 1    452                       348    104      362
..................................................................


WIND (MPH)
  HIGHEST WIND SPEED    45   HIGHEST WIND DIRECTION     W (290)
  HIGHEST GUST SPEED    59   HIGHEST GUST DIRECTION     W (280)
  AVERAGE WIND SPEED    21.3


SKY COVER
  AVERAGE SKY COVER 0.4


WEATHER CONDITIONS
 THE FOLLOWING WEATHER WAS RECORDED YESTERDAY.
  NO SIGNIFICANT WEATHER WAS OBSERVED.


RELATIVE HUMIDITY (PERCENT)
 HIGHEST    52           700 AM
 LOWEST     18           300 PM
 AVERAGE    35

..........................................................


THE CHEYENNE WYOMING AIRPORT CLIMATE NORMALS FOR TODAY
                         NORMAL    RECORD    YEAR
 MAXIMUM TEMPERATURE (F)   38        67      1939
 MINIMUM TEMPERATURE (F)   18       -19      1972


SUNRISE AND SUNSET
DECEMBER  6 2016......SUNRISE   711 AM MST   SUNSET   430 PM MST
DECEMBER  7 2016......SUNRISE   711 AM MST   SUNSET   430 PM MST


-  INDICATES NEGATIVE NUMBERS.
R  INDICATES RECORD WAS SET OR TIED.
MM INDICATES DATA IS MISSING.
T  INDICATES TRACE AMOUNT.




$$
