000
CDUS46 KSGX 260017
CLICZZ


CLIMATE REPORT
NATIONAL WEATHER SERVICE SAN DIEGO, CA
517 PM PDT MON MAY 25 2015


...................................

...THE CAMPO ASOS CA CLIMATE SUMMARY FOR MAY 25 2015...
VALID TODAY AS OF 0500 PM LOCAL TIME.

CLIMATE NORMAL PERIOD 1981 TO 2010
CLIMATE RECORD PERIOD 1948 TO 2015


WEATHER ITEM   OBSERVED TIME   RECORD YEAR NORMAL DEPARTURE LAST
                VALUE   (LST)  VALUE       VALUE  FROM      YEAR
                                                  NORMAL
..................................................................
TEMPERATURE (F)
 TODAY
  MAXIMUM         MM        MM  99    1951  82     MM       85
  MINIMUM         MM        MM  30    1960  43     MM       44
  AVERAGE         MM                        62     MM       65

PRECIPITATION (IN)
  TODAY           MM             0.21 1955   0.01  MM        0.00
  MONTH TO DATE    2.31                      0.17   2.14     0.01
  SINCE OCT 1      8.93                     14.25  -5.32     5.01
  SINCE JAN 1      5.06                     10.03  -4.97     2.76

SNOWFALL (IN)
  TODAY           MM
  MONTH TO DATE    0.0
  SINCE MAR 1      0.0
  SINCE JUL 1      0.0
  SNOW DEPTH      MM

DEGREE DAYS
 HEATING
  TODAY           MM                         4     MM        0
  MONTH TO DATE  230                       135     95      137
  SINCE MAR 1    813                       852    -39      761
  SINCE JUL 1   2449                      2903   -454     2631

 COOLING
  TODAY           MM                         1     MM        0
  MONTH TO DATE    2                        20    -18       21
  SINCE MAR 1      7                        23    -16       31
  SINCE JAN 1      7                        23    -16       31
..................................................................


WIND (MPH)
  RESULTANT WIND SPEED  MM   RESULTANT WIND DIRECTION  MM
  HIGHEST WIND SPEED    MM   HIGHEST WIND DIRECTION    MM
  HIGHEST GUST SPEED    MM   HIGHEST GUST DIRECTION    MM
  AVERAGE WIND SPEED    MM


SKY COVER
  POSSIBLE SUNSHINE  MM
  AVERAGE SKY COVER  MM



RELATIVE HUMIDITY (PERCENT)
 HIGHEST    MM
 LOWEST     MM
 AVERAGE    MM

..........................................................


THE CAMPO ASOS CA CLIMATE NORMALS FOR TOMORROW
                         NORMAL    RECORD    YEAR
 MAXIMUM TEMPERATURE (F)   82        99      1974
 MINIMUM TEMPERATURE (F)   43        29      1972


SUNRISE AND SUNSET
MAY 25 2015...........SUNRISE   542 AM PDT   SUNSET   744 PM PDT
MAY 26 2015...........SUNRISE   541 AM PDT   SUNSET   745 PM PDT


-  INDICATES NEGATIVE NUMBERS.
R  INDICATES RECORD WAS SET OR TIED.
MM INDICATES DATA IS MISSING.
T  INDICATES TRACE AMOUNT.




$$
