000
CDUS46 KSGX 211417
CLICZZ


CLIMATE REPORT
NATIONAL WEATHER SERVICE SAN DIEGO, CA
717 AM PDT THU AUG 21 2014


...................................

...THE CAMPO ASOS CA CLIMATE SUMMARY FOR AUGUST 20 2014...

CLIMATE NORMAL PERIOD 1981 TO 2010
CLIMATE RECORD PERIOD 1948 TO 2014


WEATHER ITEM   OBSERVED TIME   RECORD YEAR NORMAL DEPARTURE LAST
                VALUE   (LST)  VALUE       VALUE  FROM      YEAR
                                                  NORMAL
..................................................................
TEMPERATURE (F)
 YESTERDAY
  MAXIMUM         82    243 PM 105    1982  95    -13       96
  MINIMUM         56    344 AM  39    1989  53      3       55
  AVERAGE         69                        74     -5       76

PRECIPITATION (IN)
  YESTERDAY        0.00          0.34 1988   0.02  -0.02     0.00
  MONTH TO DATE    0.45                      0.46  -0.01     0.00
  SINCE JUL 1      0.59                      0.78  -0.19     0.24
  SINCE JAN 1      3.35                     10.93  -7.58     5.02

SNOWFALL (IN)
  YESTERDAY        0.0
  MONTH TO DATE    0.0
  SINCE JAN 1      0.0
  SINCE JUL 1      0.0
  SNOW DEPTH       0

DEGREE DAYS
 HEATING
  YESTERDAY        0                         0      0        0
  MONTH TO DATE    2                         0      2        2
  SINCE JUN 1     30                        63    -33       30
  SINCE JUL 1      2                         7     -5        2

 COOLING
  YESTERDAY        4                         9     -5       11
  MONTH TO DATE  157                       180    -23      127
  SINCE JUN 1    503                       522    -19      547
  SINCE JAN 1    555                       552      3      574
..................................................................


WIND (MPH)
  RESULTANT WIND SPEED   3   RESULTANT WIND DIRECTION  SW (210)
  HIGHEST WIND SPEED    17   HIGHEST WIND DIRECTION    SW (220)
  HIGHEST GUST SPEED    22   HIGHEST GUST DIRECTION    SW (240)
  AVERAGE WIND SPEED     5.9


SKY COVER
  POSSIBLE SUNSHINE  MM
  AVERAGE SKY COVER 0.0



RELATIVE HUMIDITY (PERCENT)
 HIGHEST    80          1100 PM
 LOWEST     17          1000 AM
 AVERAGE    49

..........................................................


THE CAMPO ASOS CA CLIMATE NORMALS FOR TODAY
                         NORMAL    RECORD    YEAR
 MAXIMUM TEMPERATURE (F)   95       102      1969
 MINIMUM TEMPERATURE (F)   53        40      1954


SUNRISE AND SUNSET
AUGUST 21 2014........SUNRISE   614 AM PDT   SUNSET   724 PM PDT
AUGUST 22 2014........SUNRISE   614 AM PDT   SUNSET   723 PM PDT


-  INDICATES NEGATIVE NUMBERS.
R  INDICATES RECORD WAS SET OR TIED.
MM INDICATES DATA IS MISSING.
T  INDICATES TRACE AMOUNT.




$$
