000
CDUS46 KSGX 210017
CLICZZ


CLIMATE REPORT
NATIONAL WEATHER SERVICE SAN DIEGO, CA
517 PM PDT WED SEP 20 2017


...................................

...THE CAMPO ASOS CA CLIMATE SUMMARY FOR SEPTEMBER 20 2017...
VALID TODAY AS OF 0500 PM LOCAL TIME.

CLIMATE NORMAL PERIOD 1981 TO 2010
CLIMATE RECORD PERIOD 1948 TO 2017


WEATHER ITEM   OBSERVED TIME   RECORD YEAR NORMAL DEPARTURE LAST
                VALUE   (LST)  VALUE       VALUE  FROM      YEAR
                                                  NORMAL
..................................................................
TEMPERATURE (F)
 TODAY
  MAXIMUM         77    145 PM  97    1979  88    -11       72
  MINIMUM         42    506 AM  33    1989  48     -6       64
  AVERAGE         60                        68     -8       68

PRECIPITATION (IN)
  TODAY            0.00          0.91 2016   0.01  -0.01     0.91
  MONTH TO DATE    0.21                      0.23  -0.02     0.91
  SINCE OCT 1     16.95                     15.62   1.33    10.23
  SINCE JAN 1     11.72                     11.40   0.32     7.28

DEGREE DAYS
 HEATING
  TODAY            5                         1      4        0
  MONTH TO DATE   22                        18      4       35
  SINCE SEP 1     22                        18      4       35
  SINCE JUL 1     26                        32     -6       35

 COOLING
  TODAY            0                         4     -4        3
  MONTH TO DATE  132                       127      5       70
  SINCE SEP 1    132                       127      5       70
  SINCE JAN 1   1009                       777    232      890
..................................................................


WIND (MPH)
  RESULTANT WIND SPEED   3   RESULTANT WIND DIRECTION   W (250)
  HIGHEST WIND SPEED    18   HIGHEST WIND DIRECTION    SW (240)
  HIGHEST GUST SPEED    22   HIGHEST GUST DIRECTION    SW (230)
  AVERAGE WIND SPEED     7.2


SKY COVER
  POSSIBLE SUNSHINE  MM
  AVERAGE SKY COVER 0.0



RELATIVE HUMIDITY (PERCENT)
 HIGHEST   100           500 AM
 LOWEST     38           100 PM
 AVERAGE    69

..........................................................


THE CAMPO ASOS CA CLIMATE NORMALS FOR TOMORROW
                         NORMAL    RECORD    YEAR
 MAXIMUM TEMPERATURE (F)   88        99      2003
 MINIMUM TEMPERATURE (F)   48        33      1986


SUNRISE AND SUNSET
SEPTEMBER 20 2017.....SUNRISE   633 AM PDT   SUNSET   645 PM PDT
SEPTEMBER 21 2017.....SUNRISE   634 AM PDT   SUNSET   643 PM PDT


-  INDICATES NEGATIVE NUMBERS.
R  INDICATES RECORD WAS SET OR TIED.
MM INDICATES DATA IS MISSING.
T  INDICATES TRACE AMOUNT.




$$
