000
CDUS46 KSGX 230117
CLICZZ


CLIMATE REPORT
NATIONAL WEATHER SERVICE SAN DIEGO, CA
517 PM PST MON JAN 22 2018


...................................

...THE CAMPO ASOS CA CLIMATE SUMMARY FOR JANUARY 22 2018...
VALID TODAY AS OF 0500 PM LOCAL TIME.

CLIMATE NORMAL PERIOD 1981 TO 2010
CLIMATE RECORD PERIOD 1948 TO 2018


WEATHER ITEM   OBSERVED TIME   RECORD YEAR NORMAL DEPARTURE LAST
                VALUE   (LST)  VALUE       VALUE  FROM      YEAR
                                                  NORMAL
..................................................................
TEMPERATURE (F)
 TODAY
  MAXIMUM         57    234 PM  79    1994  63     -6       52
  MINIMUM         31    321 AM  16    1966  35     -4       36
  AVERAGE         44                        49     -5       44

PRECIPITATION (IN)
  TODAY            0.00          1.24 2017   0.08  -0.08     1.24
  MONTH TO DATE    2.16                      2.13   0.03     5.13
  SINCE OCT 1      2.51                      6.35  -3.84    10.36
  SINCE JAN 1      2.16                      2.13   0.03     5.13

DEGREE DAYS
 HEATING
  TODAY           21                        16      5       21
  MONTH TO DATE  246                       363   -117      386
  SINCE DEC 1    638                       899   -261      851
  SINCE JUL 1   1034                      1469   -435     1269

 COOLING
  TODAY            0                         0      0        0
  MONTH TO DATE    0                         0      0        0
  SINCE DEC 1      0                         0      0        0
  SINCE JAN 1      0                         0      0        0
..................................................................


WIND (MPH)
  RESULTANT WIND SPEED  10   RESULTANT WIND DIRECTION  NE (60)
  HIGHEST WIND SPEED    26   HIGHEST WIND DIRECTION     E (80)
  HIGHEST GUST SPEED    30   HIGHEST GUST DIRECTION    NE (50)
  AVERAGE WIND SPEED    10.7


SKY COVER
  POSSIBLE SUNSHINE  MM
  AVERAGE SKY COVER 0.0



RELATIVE HUMIDITY (PERCENT)
 HIGHEST    64           200 AM
 LOWEST     15           200 PM
 AVERAGE    40

..........................................................


THE CAMPO ASOS CA CLIMATE NORMALS FOR TOMORROW
                         NORMAL    RECORD    YEAR
 MAXIMUM TEMPERATURE (F)   63        77      2003
 MINIMUM TEMPERATURE (F)   35        19      1966


SUNRISE AND SUNSET
JANUARY 22 2018.......SUNRISE   646 AM PST   SUNSET   509 PM PST
JANUARY 23 2018.......SUNRISE   645 AM PST   SUNSET   510 PM PST


-  INDICATES NEGATIVE NUMBERS.
R  INDICATES RECORD WAS SET OR TIED.
MM INDICATES DATA IS MISSING.
T  INDICATES TRACE AMOUNT.




$$
