000
CDUS46 KSGX 221418
CLICZZ


CLIMATE REPORT
NATIONAL WEATHER SERVICE SAN DIEGO, CA
617 AM PST MON DEC 22 2014


...................................

...THE CAMPO ASOS CA CLIMATE SUMMARY FOR DECEMBER 21 2014...

CLIMATE NORMAL PERIOD 1981 TO 2010
CLIMATE RECORD PERIOD 1948 TO 2014


WEATHER ITEM   OBSERVED TIME   RECORD YEAR NORMAL DEPARTURE LAST
                VALUE   (LST)  VALUE       VALUE  FROM      YEAR
                                                  NORMAL
..................................................................
TEMPERATURE (F)
 YESTERDAY
  MAXIMUM         66    234 PM  79    2000  62      4       54
  MINIMUM         37    556 AM  15    1968  32      5       33
  AVERAGE         52                        47      5       44

PRECIPITATION (IN)
  YESTERDAY        0.00          1.00 1970   0.07  -0.07     0.00
  MONTH TO DATE    3.07                      1.42   1.65     0.55
  SINCE JUL 1      5.36                      4.73   0.63     4.19
  SINCE JAN 1      8.12                     14.88  -6.76     8.97

SNOWFALL (IN)
  YESTERDAY        0.0
  MONTH TO DATE    0.0
  SINCE JAN 1      0.0
  SINCE JUL 1      0.0
  SNOW DEPTH       0

DEGREE DAYS
 HEATING
  YESTERDAY       13                        18     -5       21
  MONTH TO DATE  288                       364    -76      374
  SINCE DEC 1    288                       364    -76      374
  SINCE JUL 1    669                       934   -265     1003

 COOLING
  YESTERDAY        0                         0      0        0
  MONTH TO DATE    0                         0      0        2
  SINCE DEC 1      0                         0      0        2
  SINCE JAN 1    900                       841     59      911
..................................................................


WIND (MPH)
  RESULTANT WIND SPEED   1   RESULTANT WIND DIRECTION  SW (240)
  HIGHEST WIND SPEED    14   HIGHEST WIND DIRECTION    SW (220)
  HIGHEST GUST SPEED    15   HIGHEST GUST DIRECTION    SW (210)
  AVERAGE WIND SPEED     3.7


SKY COVER
  POSSIBLE SUNSHINE  MM
  AVERAGE SKY COVER 0.0



RELATIVE HUMIDITY (PERCENT)
 HIGHEST   100           500 AM
 LOWEST     44          1200 PM
 AVERAGE    72

..........................................................


THE CAMPO ASOS CA CLIMATE NORMALS FOR TODAY
                         NORMAL    RECORD    YEAR
 MAXIMUM TEMPERATURE (F)   62        76      1980
 MINIMUM TEMPERATURE (F)   33        20      1998


SUNRISE AND SUNSET
DECEMBER 22 2014......SUNRISE   644 AM PST   SUNSET   445 PM PST
DECEMBER 23 2014......SUNRISE   645 AM PST   SUNSET   445 PM PST


-  INDICATES NEGATIVE NUMBERS.
R  INDICATES RECORD WAS SET OR TIED.
MM INDICATES DATA IS MISSING.
T  INDICATES TRACE AMOUNT.




$$
