000
CDUS46 KSGX 300020
CLICZZ


CLIMATE REPORT
NATIONAL WEATHER SERVICE SAN DIEGO, CA
519 PM PDT FRI JUL 29 2016


...................................

...THE CAMPO ASOS CA CLIMATE SUMMARY FOR JULY 29 2016...
VALID TODAY AS OF 0500 PM LOCAL TIME.

CLIMATE NORMAL PERIOD 1981 TO 2010
CLIMATE RECORD PERIOD 1948 TO 2016


WEATHER ITEM   OBSERVED TIME   RECORD YEAR NORMAL DEPARTURE LAST
                VALUE   (LST)  VALUE       VALUE  FROM      YEAR
                                                  NORMAL
..................................................................
TEMPERATURE (F)
 TODAY
  MAXIMUM        101    100 PM 106    1995  95      6       94
  MINIMUM         63    508 AM  44    2002  54      9       60
                                      1950
  AVERAGE         82                        74      8       77

PRECIPITATION (IN)
  TODAY            0.00          1.23 1968   0.02  -0.02     0.02
  MONTH TO DATE    0.00                      0.29  -0.29     0.51
  SINCE OCT 1      9.32                     14.66  -5.34    10.11
  SINCE JAN 1      6.37                     10.44  -4.07     6.24

DEGREE DAYS
 HEATING
  TODAY            0                         0      0        0
  MONTH TO DATE    0                         4     -4       10
  SINCE JUN 1     27                        60    -33       60
  SINCE JUL 1      0                         4     -4       10

 COOLING
  TODAY           17                         9      8       12
  MONTH TO DATE  272                       232     40      154
  SINCE JUN 1    493                       324    169      342
  SINCE JAN 1    496                       354    142      359
..................................................................


WIND (MPH)
  RESULTANT WIND SPEED   5   RESULTANT WIND DIRECTION  SW (210)
  HIGHEST WIND SPEED    23   HIGHEST WIND DIRECTION    SW (220)
  HIGHEST GUST SPEED    26   HIGHEST GUST DIRECTION     S (200)
  AVERAGE WIND SPEED     9.6


SKY COVER
  POSSIBLE SUNSHINE  MM
  AVERAGE SKY COVER 0.0



RELATIVE HUMIDITY (PERCENT)
 HIGHEST    56           400 AM
 LOWEST     20          1100 AM
 AVERAGE    38

..........................................................


THE CAMPO ASOS CA CLIMATE NORMALS FOR TOMORROW
                         NORMAL    RECORD    YEAR
 MAXIMUM TEMPERATURE (F)   95       103      1972
 MINIMUM TEMPERATURE (F)   54        41      1950


SUNRISE AND SUNSET
JULY 29 2016..........SUNRISE   558 AM PDT   SUNSET   746 PM PDT
JULY 30 2016..........SUNRISE   559 AM PDT   SUNSET   745 PM PDT


-  INDICATES NEGATIVE NUMBERS.
R  INDICATES RECORD WAS SET OR TIED.
MM INDICATES DATA IS MISSING.
T  INDICATES TRACE AMOUNT.




$$
