864
CDUS43 KUNR 220839
CLID07


CLIMATE REPORT
NATIONAL WEATHER SERVICE RAPID CITY SD
137 AM MST SUN JAN 22 2017


...................................

...THE FAITH SD CLIMATE SUMMARY FOR JANUARY 21 2017...

CLIMATE NORMAL PERIOD 1981 TO 2010
CLIMATE RECORD PERIOD 9999 TO 9999


WEATHER ITEM   OBSERVED TIME   NORMAL DEPARTURE LAST
                VALUE   (LST)  VALUE  FROM      YEAR
                                      NORMAL
......................................................
TEMPERATURE (F)
 YESTERDAY
  MAXIMUM         34    246 PM  30      4       24
  MINIMUM         21   1159 PM  11     10       15
  AVERAGE         28            20      8       20

PRECIPITATION (IN)
  YESTERDAY        0.00          0.01  -0.01     0.01
  MONTH TO DATE    0.45          0.13   0.32     0.17
  SINCE DEC 1      0.89          0.53   0.36     0.70
  SINCE JAN 1      0.45          0.13   0.32     0.17

DEGREE DAYS
 HEATING
  YESTERDAY       37            45     -8       45
  MONTH TO DATE 1177           945    232     1018
  SINCE DEC 1   2659          2305    354     2287
  SINCE JUL 1   3910          4088   -178     3673

 COOLING
  YESTERDAY        0             0      0        0
  MONTH TO DATE    0             0      0        0
  SINCE DEC 1      0             0      0        0
  SINCE JAN 1      0             0      0        0
......................................................


WIND (MPH)
  HIGHEST WIND SPEED    16   HIGHEST WIND DIRECTION    NW (300)
  HIGHEST GUST SPEED    19   HIGHEST GUST DIRECTION     W (290)
  AVERAGE WIND SPEED    11.5




RELATIVE HUMIDITY (PERCENT)
 HIGHEST   100           200 AM
 LOWEST     82          1100 AM
 AVERAGE    91

..........................................................




SUNRISE AND SUNSET
JANUARY 22 2017.......SUNRISE   718 AM MST   SUNSET   442 PM MST
JANUARY 23 2017.......SUNRISE   717 AM MST   SUNSET   444 PM MST


-  INDICATES NEGATIVE NUMBERS.
R  INDICATES RECORD WAS SET OR TIED.
MM INDICATES DATA IS MISSING.
T  INDICATES TRACE AMOUNT.




$$
