000
CDUS43 KUNR 270833
CLID07


CLIMATE REPORT
NATIONAL WEATHER SERVICE RAPID CITY SD
232 AM MDT WED JUL 27 2016


...................................

...THE FAITH SD CLIMATE SUMMARY FOR JULY 26 2016...

CLIMATE NORMAL PERIOD 1981 TO 2010
CLIMATE RECORD PERIOD 9999 TO 9999


WEATHER ITEM   OBSERVED TIME   NORMAL DEPARTURE LAST
                VALUE   (LST)  VALUE  FROM      YEAR
                                      NORMAL
......................................................
TEMPERATURE (F)
 YESTERDAY
  MAXIMUM         91    142 PM  87      4       94
  MINIMUM         63   1159 PM  60      3       61
  AVERAGE         77            74      3       78

PRECIPITATION (IN)
  YESTERDAY        0.00          0.06  -0.06     0.00
  MONTH TO DATE    0.77          2.51  -1.74     0.51
  SINCE JUN 1      2.46          5.60  -3.14     3.15
  SINCE JAN 1      9.31         11.90  -2.59    10.39

DEGREE DAYS
 HEATING
  YESTERDAY        0             0      0        0
  MONTH TO DATE    3             5     -2        0
  SINCE JUN 1     18            95    -77       34
  SINCE JUL 1      3             5     -2        0

 COOLING
  YESTERDAY       12             9      3       13
  MONTH TO DATE  251           203     48      221
  SINCE JUN 1    426           291    135      316
  SINCE JAN 1    428           303    125      318
......................................................


WIND (MPH)
  HIGHEST WIND SPEED    30   HIGHEST WIND DIRECTION    NW (320)
  HIGHEST GUST SPEED    39   HIGHEST GUST DIRECTION    NW (320)
  AVERAGE WIND SPEED    14.0




RELATIVE HUMIDITY (PERCENT)
 HIGHEST    84          1100 PM
 LOWEST     26           100 PM
 AVERAGE    55

..........................................................




SUNRISE AND SUNSET
JULY 27 2016..........SUNRISE   528 AM MDT   SUNSET   820 PM MDT
JULY 28 2016..........SUNRISE   529 AM MDT   SUNSET   819 PM MDT


-  INDICATES NEGATIVE NUMBERS.
R  INDICATES RECORD WAS SET OR TIED.
MM INDICATES DATA IS MISSING.
T  INDICATES TRACE AMOUNT.




$$
