000
CDUS43 KUNR 220835
CLID07


CLIMATE REPORT
NATIONAL WEATHER SERVICE RAPID CITY SD
235 AM MDT SAT JUL 22 2017


...................................

...THE FAITH SD CLIMATE SUMMARY FOR JULY 21 2017...

CLIMATE NORMAL PERIOD 1981 TO 2010
CLIMATE RECORD PERIOD 9999 TO 9999


WEATHER ITEM   OBSERVED TIME   NORMAL DEPARTURE LAST
                VALUE   (LST)  VALUE  FROM      YEAR
                                      NORMAL
......................................................
TEMPERATURE (F)
 YESTERDAY
  MAXIMUM         96    240 PM  87      9      100
  MINIMUM         66   1157 PM  60      6       71
  AVERAGE         81            73      8       86

PRECIPITATION (IN)
  YESTERDAY        0.08          0.07   0.01     0.00
  MONTH TO DATE    0.50          2.20  -1.70     0.76
  SINCE JUN 1      2.98          5.29  -2.31     2.45
  SINCE JAN 1      7.26         11.59  -4.33     9.30

DEGREE DAYS
 HEATING
  YESTERDAY        0             0      0        0
  MONTH TO DATE    0             5     -5        3
  SINCE JUN 1     30            95    -65       18
  SINCE JUL 1      0             5     -5        3

 COOLING
  YESTERDAY       16             9      7       21
  MONTH TO DATE  280           158    122      183
  SINCE JUN 1    406           246    160      358
  SINCE JAN 1    418           258    160      360
......................................................


WIND (MPH)
  HIGHEST WIND SPEED    40   HIGHEST WIND DIRECTION    SE (130)
  HIGHEST GUST SPEED    50   HIGHEST GUST DIRECTION    SE (130)
  AVERAGE WIND SPEED    12.4




RELATIVE HUMIDITY (PERCENT)
 HIGHEST   100           500 AM
 LOWEST     31           700 PM
 AVERAGE    66

..........................................................




SUNRISE AND SUNSET
JULY 22 2017..........SUNRISE   523 AM MDT   SUNSET   826 PM MDT
JULY 23 2017..........SUNRISE   524 AM MDT   SUNSET   825 PM MDT


-  INDICATES NEGATIVE NUMBERS.
R  INDICATES RECORD WAS SET OR TIED.
MM INDICATES DATA IS MISSING.
T  INDICATES TRACE AMOUNT.




$$
