121
CDUS43 KUNR 300841
CLID07


CLIMATE REPORT
NATIONAL WEATHER SERVICE RAPID CITY SD
238 AM MDT THU MAR 30 2017


...................................

...THE FAITH SD CLIMATE SUMMARY FOR MARCH 29 2017...

CLIMATE NORMAL PERIOD 1981 TO 2010
CLIMATE RECORD PERIOD 9999 TO 9999


WEATHER ITEM   OBSERVED TIME   NORMAL DEPARTURE LAST
                VALUE   (LST)  VALUE  FROM      YEAR
                                      NORMAL
......................................................
TEMPERATURE (F)
 YESTERDAY
  MAXIMUM         57        MM  49      8       57
  MINIMUM         37        MM  26     11       39
  AVERAGE         47            37     10       48

PRECIPITATION (IN)
  YESTERDAY        0.00          0.05  -0.05     0.14
  MONTH TO DATE    0.50          0.89  -0.39     0.73
  SINCE MAR 1      0.50          0.89  -0.39     0.73
  SINCE JAN 1      1.52          1.51   0.01     2.24

DEGREE DAYS
 HEATING
  YESTERDAY       18            28    -10       17
  MONTH TO DATE  862           951    -89      724
  SINCE MAR 1    862           951    -89      724
  SINCE JUL 1   6213          6639   -426     5670

 COOLING
  YESTERDAY        0             0      0        0
  MONTH TO DATE    0             0      0        0
  SINCE MAR 1      0             0      0        0
  SINCE JAN 1      0             0      0        0
......................................................


WIND (MPH)
  HIGHEST WIND SPEED    MM   HIGHEST WIND DIRECTION    MM
  HIGHEST GUST SPEED    MM   HIGHEST GUST DIRECTION    MM
  AVERAGE WIND SPEED    MM




RELATIVE HUMIDITY (PERCENT)
 HIGHEST   100          1200 AM
 LOWEST     55           300 PM
 AVERAGE    78

..........................................................




SUNRISE AND SUNSET
MARCH 30 2017.........SUNRISE   632 AM MDT   SUNSET   714 PM MDT
MARCH 31 2017.........SUNRISE   630 AM MDT   SUNSET   715 PM MDT


-  INDICATES NEGATIVE NUMBERS.
R  INDICATES RECORD WAS SET OR TIED.
MM INDICATES DATA IS MISSING.
T  INDICATES TRACE AMOUNT.




$$
