000
CDUS43 KUNR 010845
CLID07


CLIMATE REPORT
NATIONAL WEATHER SERVICE RAPID CITY SD
245 AM MDT MON JUN 1 2015


...................................

...THE FAITH SD CLIMATE SUMMARY FOR MAY 31 2015...

CLIMATE NORMAL PERIOD 1981 TO 2010
CLIMATE RECORD PERIOD 9999 TO 9999


WEATHER ITEM   OBSERVED TIME   NORMAL DEPARTURE LAST
                VALUE   (LST)  VALUE  FROM      YEAR
                                      NORMAL
......................................................
TEMPERATURE (F)
 YESTERDAY
  MAXIMUM         67    418 PM  71     -4       71
  MINIMUM         46    452 AM  48     -2       58
  AVERAGE         57            59     -2       65

PRECIPITATION (IN)
  YESTERDAY        0.03          0.11  -0.08     0.22
  MONTH TO DATE    6.16          3.07   3.09     1.61
  SINCE MAR 1      6.81          5.68   1.13     3.68
  SINCE JAN 1      7.24          6.30   0.94     4.58

DEGREE DAYS
 HEATING
  YESTERDAY        8             7      1        0
  MONTH TO DATE  381           320     61      341
  SINCE MAR 1   1646          1931   -285     2067
  SINCE JUL 1   7145          7619   -474     8153

 COOLING
  YESTERDAY        0             1     -1        0
  MONTH TO DATE    0            11    -11       30
  SINCE MAR 1      2            12    -10       30
  SINCE JAN 1      2            12    -10       30
......................................................


WIND (MPH)
  HIGHEST WIND SPEED    25   HIGHEST WIND DIRECTION    SE (140)
  HIGHEST GUST SPEED    35   HIGHEST GUST DIRECTION    SE (140)
  AVERAGE WIND SPEED    15.0




RELATIVE HUMIDITY (PERCENT)
 HIGHEST    86           600 AM
 LOWEST     52           100 PM
 AVERAGE    69

..........................................................




SUNRISE AND SUNSET
JUNE  1 2015..........SUNRISE   505 AM MDT   SUNSET   828 PM MDT
JUNE  2 2015..........SUNRISE   504 AM MDT   SUNSET   828 PM MDT


-  INDICATES NEGATIVE NUMBERS.
R  INDICATES RECORD WAS SET OR TIED.
MM INDICATES DATA IS MISSING.
T  INDICATES TRACE AMOUNT.




$$
