000
CDUS43 KUNR 210832
CLID07


CLIMATE REPORT
NATIONAL WEATHER SERVICE RAPID CITY SD
131 AM MST TUE NOV 21 2017


...................................

...THE FAITH SD CLIMATE SUMMARY FOR NOVEMBER 20 2017...

CLIMATE NORMAL PERIOD 1981 TO 2010
CLIMATE RECORD PERIOD 9999 TO 9999


WEATHER ITEM   OBSERVED TIME   NORMAL DEPARTURE LAST
                VALUE   (LST)  VALUE  FROM      YEAR
                                      NORMAL
......................................................
TEMPERATURE (F)
 YESTERDAY
  MAXIMUM         59   1231 PM  40     19       39
  MINIMUM         28    154 AM  19      9       14
  AVERAGE         44            30     14       27

PRECIPITATION (IN)
  YESTERDAY        0.00          0.01  -0.01     0.00
  MONTH TO DATE    0.17          0.49  -0.32     0.15
  SINCE SEP 1      1.32          3.40  -2.08     2.19
  SINCE JAN 1      9.79         17.22  -7.43    13.81

DEGREE DAYS
 HEATING
  YESTERDAY       21            35    -14       38
  MONTH TO DATE  658           600     58      366
  SINCE SEP 1   1385          1366     19      898
  SINCE JUL 1   1397          1399     -2      927

 COOLING
  YESTERDAY        0             0      0        0
  MONTH TO DATE    0             0      0        0
  SINCE SEP 1     92            60     32       48
  SINCE JAN 1    756           635    121      734
......................................................


WIND (MPH)
  HIGHEST WIND SPEED    33   HIGHEST WIND DIRECTION    NW (310)
  HIGHEST GUST SPEED    42   HIGHEST GUST DIRECTION    NW (310)
  AVERAGE WIND SPEED    15.6




RELATIVE HUMIDITY (PERCENT)
 HIGHEST    69           200 AM
 LOWEST     19          1000 AM
 AVERAGE    44

..........................................................




SUNRISE AND SUNSET
NOVEMBER 21 2017......SUNRISE   654 AM MST   SUNSET   413 PM MST
NOVEMBER 22 2017......SUNRISE   655 AM MST   SUNSET   413 PM MST


-  INDICATES NEGATIVE NUMBERS.
R  INDICATES RECORD WAS SET OR TIED.
MM INDICATES DATA IS MISSING.
T  INDICATES TRACE AMOUNT.




$$
