000
CDUS43 KUNR 270832
CLID07


CLIMATE REPORT
NATIONAL WEATHER SERVICE RAPID CITY SD
232 AM MDT FRI MAY 27 2016


...................................

...THE FAITH SD CLIMATE SUMMARY FOR MAY 26 2016...

CLIMATE NORMAL PERIOD 1981 TO 2010
CLIMATE RECORD PERIOD 9999 TO 9999


WEATHER ITEM   OBSERVED TIME   NORMAL DEPARTURE LAST
                VALUE   (LST)  VALUE  FROM      YEAR
                                      NORMAL
......................................................
TEMPERATURE (F)
 YESTERDAY
  MAXIMUM         74    257 PM  70      4       74
  MINIMUM         45    415 AM  46     -1       48
  AVERAGE         60            58      2       61

PRECIPITATION (IN)
  YESTERDAY        0.00          0.09  -0.09     0.00
  MONTH TO DATE    0.37          2.54  -2.17     5.65
  SINCE MAR 1      5.22          5.15   0.07     6.30
  SINCE JAN 1      6.73          5.77   0.96     6.73

DEGREE DAYS
 HEATING
  YESTERDAY        5             8     -3        4
  MONTH TO DATE  255           285    -30      340
  SINCE MAR 1   1592          1896   -304     1605
  SINCE JUL 1   6538          7584  -1046     7104

 COOLING
  YESTERDAY        0             0      0        0
  MONTH TO DATE    2             0      2        0
  SINCE MAR 1      2             1      1        2
  SINCE JAN 1      2             1      1        2
......................................................


WIND (MPH)
  HIGHEST WIND SPEED    20   HIGHEST WIND DIRECTION    NW (320)
  HIGHEST GUST SPEED    26   HIGHEST GUST DIRECTION     W (260)
  AVERAGE WIND SPEED     8.9




RELATIVE HUMIDITY (PERCENT)
 HIGHEST    86           200 AM
 LOWEST     27           400 PM
 AVERAGE    57

..........................................................




SUNRISE AND SUNSET
MAY 27 2016...........SUNRISE   507 AM MDT   SUNSET   824 PM MDT
MAY 28 2016...........SUNRISE   507 AM MDT   SUNSET   825 PM MDT


-  INDICATES NEGATIVE NUMBERS.
R  INDICATES RECORD WAS SET OR TIED.
MM INDICATES DATA IS MISSING.
T  INDICATES TRACE AMOUNT.




$$
