000
CDUS43 KUNR 280846
CLID07


CLIMATE REPORT
NATIONAL WEATHER SERVICE RAPID CITY SD
243 AM MDT TUE JUL 28 2015


...................................

...THE FAITH SD CLIMATE SUMMARY FOR JULY 27 2015...

CLIMATE NORMAL PERIOD 1981 TO 2010
CLIMATE RECORD PERIOD 9999 TO 9999


WEATHER ITEM   OBSERVED TIME   NORMAL DEPARTURE LAST
                VALUE   (LST)  VALUE  FROM      YEAR
                                      NORMAL
......................................................
TEMPERATURE (F)
 YESTERDAY
  MAXIMUM         95    256 PM  87      8       79
  MINIMUM         61   1159 PM  60      1       54
  AVERAGE         78            74      4       67

PRECIPITATION (IN)
  YESTERDAY        0.07          0.06   0.01     0.00
  MONTH TO DATE    0.58          2.57  -1.99     0.43
  SINCE JUN 1      3.22          5.66  -2.44     6.36
  SINCE JAN 1     10.46         11.96  -1.50    10.94

DEGREE DAYS
 HEATING
  YESTERDAY        0             0      0        0
  MONTH TO DATE    0             5     -5       17
  SINCE JUN 1     34            95    -61      122
  SINCE JUL 1      0             5     -5       17

 COOLING
  YESTERDAY       13             9      4        2
  MONTH TO DATE  234           212     22      159
  SINCE JUN 1    329           300     29      181
  SINCE JAN 1    331           312     19      211
......................................................


WIND (MPH)
  HIGHEST WIND SPEED    44   HIGHEST WIND DIRECTION     W (250)
  HIGHEST GUST SPEED    59   HIGHEST GUST DIRECTION     W (250)
  AVERAGE WIND SPEED    19.3




RELATIVE HUMIDITY (PERCENT)
 HIGHEST    87           500 AM
 LOWEST     30           300 PM
 AVERAGE    59

..........................................................




SUNRISE AND SUNSET
JULY 28 2015..........SUNRISE   529 AM MDT   SUNSET   820 PM MDT
JULY 29 2015..........SUNRISE   530 AM MDT   SUNSET   819 PM MDT


-  INDICATES NEGATIVE NUMBERS.
R  INDICATES RECORD WAS SET OR TIED.
MM INDICATES DATA IS MISSING.
T  INDICATES TRACE AMOUNT.




$$
