000
CDUS43 KUNR 040903
CLID07


CLIMATE REPORT
NATIONAL WEATHER SERVICE RAPID CITY SD
303 AM MDT SAT JUL 4 2015


...................................

...THE FAITH SD CLIMATE SUMMARY FOR JULY 3 2015...

CLIMATE NORMAL PERIOD 1981 TO 2010
CLIMATE RECORD PERIOD 9999 TO 9999


WEATHER ITEM   OBSERVED TIME   NORMAL DEPARTURE LAST
                VALUE   (LST)  VALUE  FROM      YEAR
                                      NORMAL
......................................................
TEMPERATURE (F)
 YESTERDAY
  MAXIMUM         84    248 PM  84      0       76
  MINIMUM         59    319 AM  58      1       51
  AVERAGE         72            71      1       64

PRECIPITATION (IN)
  YESTERDAY        0.00          0.11  -0.11     0.00
  MONTH TO DATE    0.00          0.32  -0.32     0.02
  SINCE JUN 1      2.64          3.41  -0.77     5.95
  SINCE JAN 1      9.88          9.71   0.17    10.53

DEGREE DAYS
 HEATING
  YESTERDAY        0             1     -1        1
  MONTH TO DATE    0             3     -3        6
  SINCE JUN 1     34            93    -59      111
  SINCE JUL 1      0             3     -3        6

 COOLING
  YESTERDAY        7             6      1        0
  MONTH TO DATE   19            18      1        0
  SINCE JUN 1    114           106      8       22
  SINCE JAN 1    116           118     -2       52
......................................................


WIND (MPH)
  HIGHEST WIND SPEED    13   HIGHEST WIND DIRECTION    SE (150)
  HIGHEST GUST SPEED    16   HIGHEST GUST DIRECTION    SE (140)
  AVERAGE WIND SPEED     5.8




RELATIVE HUMIDITY (PERCENT)
 HIGHEST    87          1100 PM
 LOWEST     43           300 PM
 AVERAGE    65

..........................................................




SUNRISE AND SUNSET
JULY  4 2015..........SUNRISE   507 AM MDT   SUNSET   838 PM MDT
JULY  5 2015..........SUNRISE   507 AM MDT   SUNSET   838 PM MDT


-  INDICATES NEGATIVE NUMBERS.
R  INDICATES RECORD WAS SET OR TIED.
MM INDICATES DATA IS MISSING.
T  INDICATES TRACE AMOUNT.




$$
