995
CDUS42 KMLB 110635
CLIDAB


CLIMATE REPORT
NATIONAL WEATHER SERVICE MELBOURNE FL
135 AM EST SUN DEC 11 2016


...................................

...THE DAYTONA BEACH CLIMATE SUMMARY FOR DECEMBER 10 2016...

CLIMATE NORMAL PERIOD 1981 TO 2010
CLIMATE RECORD PERIOD 1923 TO 2016


WEATHER ITEM   OBSERVED TIME   RECORD YEAR NORMAL DEPARTURE LAST
                VALUE   (LST)  VALUE       VALUE  FROM      YEAR
                                                  NORMAL
..................................................................
TEMPERATURE (F)
 YESTERDAY
  MAXIMUM         70    220 PM  85    1947  71     -1       75
  MINIMUM         46    720 AM  31    1962  52     -6       58
  AVERAGE         58                        62     -4       67

PRECIPITATION (IN)
  YESTERDAY        0.00          1.17 1969   0.07  -0.07     0.00
  MONTH TO DATE    0.60                      0.76  -0.16     0.15
  SINCE DEC 1      0.60                      0.76  -0.16     0.15
  SINCE JAN 1     44.54                     47.75  -3.21    43.50

SNOWFALL (IN)
  YESTERDAY        0.0
  MONTH TO DATE    0.0
  SINCE JUL 1      0.0

DEGREE DAYS
 HEATING
  YESTERDAY        7                         5      2        0
  MONTH TO DATE   29                        46    -17        8
  SINCE DEC 1     29                        46    -17        8
  SINCE JUL 1     66                       120    -54       20

 COOLING
  YESTERDAY        0                         2     -2        2
  MONTH TO DATE   32                        20     12       42
  SINCE DEC 1     32                        20     12       42
  SINCE JAN 1   3411                      2932    479     3590
..................................................................


WIND (MPH)
  HIGHEST WIND SPEED    18   HIGHEST WIND DIRECTION     N (10)
  HIGHEST GUST SPEED    23   HIGHEST GUST DIRECTION    NE (40)
  AVERAGE WIND SPEED     8.4


SKY COVER
  AVERAGE SKY COVER 0.6


WEATHER CONDITIONS
 THE FOLLOWING WEATHER WAS RECORDED YESTERDAY.
  NO SIGNIFICANT WEATHER WAS OBSERVED.


RELATIVE HUMIDITY (PERCENT)
 HIGHEST    93           300 AM
 LOWEST     53           100 PM
 AVERAGE    73

..........................................................


THE DAYTONA BEACH CLIMATE NORMALS FOR TODAY
                         NORMAL    RECORD    YEAR
 MAXIMUM TEMPERATURE (F)   71        83      1961
 MINIMUM TEMPERATURE (F)   52        28      1981
                                             1962


SUNRISE AND SUNSET
DECEMBER 11 2016......SUNRISE   708 AM EST   SUNSET   527 PM EST
DECEMBER 12 2016......SUNRISE   709 AM EST   SUNSET   527 PM EST


-  INDICATES NEGATIVE NUMBERS.
R  INDICATES RECORD WAS SET OR TIED.
MM INDICATES DATA IS MISSING.
T  INDICATES TRACE AMOUNT.




$$
