000
CDUS42 KMLB 200627
CLIDAB


CLIMATE REPORT
NATIONAL WEATHER SERVICE MELBOURNE
227 AM EDT SUN APR 20 2014


...................................

...THE DAYTONA BEACH CLIMATE SUMMARY FOR APRIL 19 2014...

CLIMATE NORMAL PERIOD 1981 TO 2010
CLIMATE RECORD PERIOD 1923 TO 2014


WEATHER ITEM   OBSERVED TIME   RECORD YEAR NORMAL DEPARTURE LAST
                VALUE   (LST)  VALUE       VALUE  FROM      YEAR
                                                  NORMAL
..................................................................
TEMPERATURE (F)
 YESTERDAY
  MAXIMUM         78    226 PM  92    1968  80     -2       90
  MINIMUM         63   1159 PM  43    2001  59      4       72
                                      1997
  AVERAGE         71                        69      2       81

PRECIPITATION (IN)
  YESTERDAY        0.01          1.91 1951   0.06  -0.05     0.04
  MONTH TO DATE    2.23                      1.53   0.70     1.54
  SINCE MAR 1      6.95                      5.77   1.18     2.36
  SINCE JAN 1     13.53                     11.29   2.24     4.24

SNOWFALL (IN)
  YESTERDAY        0.0
  MONTH TO DATE    0.0
  SINCE JUL 1      0.0

DEGREE DAYS
 HEATING
  YESTERDAY        0                         1     -1        0
  MONTH TO DATE    9                        22    -13        2
  SINCE MAR 1     89                       119    -30      228
  SINCE JUL 1    602                       801   -199      694

 COOLING
  YESTERDAY        6                         5      1       16
  MONTH TO DATE  100                        79     21      134
  SINCE MAR 1    159                       156      3      171
  SINCE JAN 1    243                       221     22      304
..................................................................


WIND (MPH)
  HIGHEST WIND SPEED    20   HIGHEST WIND DIRECTION     W (270)
  HIGHEST GUST SPEED    24   HIGHEST GUST DIRECTION     W (270)
  AVERAGE WIND SPEED     9.6


SKY COVER
  AVERAGE SKY COVER 0.7


WEATHER CONDITIONS
 THE FOLLOWING WEATHER WAS RECORDED YESTERDAY.
  LIGHT RAIN
  FOG
  FOG W/VISIBILITY <= 1/4 MILE


RELATIVE HUMIDITY (PERCENT)
 HIGHEST   100           200 AM
 LOWEST     56           200 PM
 AVERAGE    78

..........................................................


THE DAYTONA BEACH CLIMATE NORMALS FOR TODAY
                         NORMAL    RECORD    YEAR
 MAXIMUM TEMPERATURE (F)   80        95      1968
 MINIMUM TEMPERATURE (F)   59        42      1936


SUNRISE AND SUNSET
APRIL 20 2014.........SUNRISE   653 AM EDT   SUNSET   754 PM EDT
APRIL 21 2014.........SUNRISE   652 AM EDT   SUNSET   754 PM EDT


-  INDICATES NEGATIVE NUMBERS.
R  INDICATES RECORD WAS SET OR TIED.
MM INDICATES DATA IS MISSING.
T  INDICATES TRACE AMOUNT.




$$
