000
CDUS42 KMLB 190640
CLIDAB


CLIMATE REPORT
NATIONAL WEATHER SERVICE MELBOURNE FL
130 AM EST THU JAN 19 2017


...................................

...THE DAYTONA BEACH CLIMATE SUMMARY FOR JANUARY 18 2017...

CLIMATE NORMAL PERIOD 1981 TO 2010
CLIMATE RECORD PERIOD 1923 TO 2017


WEATHER ITEM   OBSERVED TIME   RECORD YEAR NORMAL DEPARTURE LAST
                VALUE   (LST)  VALUE       VALUE  FROM      YEAR
                                                  NORMAL
..................................................................
TEMPERATURE (F)
 YESTERDAY
  MAXIMUM         81    243 PM  85    1937  68     13       60
  MINIMUM         56    635 AM  25    1981  47      9       40
  AVERAGE         69                        58     11       50

PRECIPITATION (IN)
  YESTERDAY        0.00          0.57 1994   0.08  -0.08     0.00
  MONTH TO DATE    1.32                      1.56  -0.24     3.19
  SINCE DEC 1      2.02                      4.19  -2.17     3.76
  SINCE JAN 1      1.32                      1.56  -0.24     3.19

SNOWFALL (IN)
  YESTERDAY        0.0
  MONTH TO DATE    0.0
  SINCE JUL 1      0.0

DEGREE DAYS
 HEATING
  YESTERDAY        0                         8     -8       15
  MONTH TO DATE   64                       144    -80      106
  SINCE DEC 1    143                       336   -193      131
  SINCE JUL 1    180                       410   -230      143

 COOLING
  YESTERDAY        4                         1      3        0
  MONTH TO DATE   37                        18     19       13
  SINCE DEC 1    145                        69     76      222
  SINCE JAN 1     37                        18     19       13
..................................................................


WIND (MPH)
  HIGHEST WIND SPEED    15   HIGHEST WIND DIRECTION    SW (230)
  HIGHEST GUST SPEED    19   HIGHEST GUST DIRECTION     W (270)
  AVERAGE WIND SPEED     3.9


SKY COVER
  AVERAGE SKY COVER 0.5


WEATHER CONDITIONS
 THE FOLLOWING WEATHER WAS RECORDED YESTERDAY.
  FOG


RELATIVE HUMIDITY (PERCENT)
 HIGHEST   100          1200 AM
 LOWEST     51           400 PM
 AVERAGE    76

..........................................................


THE DAYTONA BEACH CLIMATE NORMALS FOR TODAY
                         NORMAL    RECORD    YEAR
 MAXIMUM TEMPERATURE (F)   68        85      1943
 MINIMUM TEMPERATURE (F)   47        25      1997
                                             1977


SUNRISE AND SUNSET
JANUARY 19 2017.......SUNRISE   718 AM EST   SUNSET   552 PM EST
JANUARY 20 2017.......SUNRISE   718 AM EST   SUNSET   553 PM EST


-  INDICATES NEGATIVE NUMBERS.
R  INDICATES RECORD WAS SET OR TIED.
MM INDICATES DATA IS MISSING.
T  INDICATES TRACE AMOUNT.




$$
