000
CDUS42 KMLB 050630
CLIDAB


CLIMATE REPORT
NATIONAL WEATHER SERVICE MELBOURNE FL
228 AM EDT SAT SEP 5 2015


...................................

...THE DAYTONA BEACH CLIMATE SUMMARY FOR SEPTEMBER 4 2015...

CLIMATE NORMAL PERIOD 1981 TO 2010
CLIMATE RECORD PERIOD 1923 TO 2015


WEATHER ITEM   OBSERVED TIME   RECORD YEAR NORMAL DEPARTURE LAST
                VALUE   (LST)  VALUE       VALUE  FROM      YEAR
                                                  NORMAL
..................................................................
TEMPERATURE (F)
 YESTERDAY
  MAXIMUM         90    132 PM  97    1944  88      2       90
  MINIMUM         76   1159 PM  66    1972  73      3       73
  AVERAGE         83                        81      2       82

PRECIPITATION (IN)
  YESTERDAY        T             3.82 1942   0.24  -0.24      T
  MONTH TO DATE    1.77                      0.97   0.80      T
  SINCE SEP 1      1.77                      0.97   0.80      T
  SINCE JAN 1     33.06                     34.10  -1.04    33.17

SNOWFALL (IN)
  YESTERDAY        0.0
  MONTH TO DATE    0.0
  SINCE JUL 1      0.0

DEGREE DAYS
 HEATING
  YESTERDAY        0                         0      0        0
  MONTH TO DATE    0                         0      0        0
  SINCE SEP 1      0                         0      0        0
  SINCE JUL 1      0                         0      0        0

 COOLING
  YESTERDAY       18                        16      2       17
  MONTH TO DATE   72                        64      8       70
  SINCE SEP 1     72                        64      8       70
  SINCE JAN 1   2566                      2138    428     2262
..................................................................


WIND (MPH)
  HIGHEST WIND SPEED    12   HIGHEST WIND DIRECTION    SW (240)
  HIGHEST GUST SPEED    14   HIGHEST GUST DIRECTION    SW (240)
  AVERAGE WIND SPEED     4.2


SKY COVER
  AVERAGE SKY COVER 0.8


WEATHER CONDITIONS
 THE FOLLOWING WEATHER WAS RECORDED YESTERDAY.
  THUNDERSTORM
  RAIN


RELATIVE HUMIDITY (PERCENT)
 HIGHEST   100           500 AM
 LOWEST     64          1200 PM
 AVERAGE    82

..........................................................


THE DAYTONA BEACH CLIMATE NORMALS FOR TODAY
                         NORMAL    RECORD    YEAR
 MAXIMUM TEMPERATURE (F)   88        99      1944
 MINIMUM TEMPERATURE (F)   73        66      1942


SUNRISE AND SUNSET
SEPTEMBER  5 2015.....SUNRISE   704 AM EDT   SUNSET   742 PM EDT
SEPTEMBER  6 2015.....SUNRISE   704 AM EDT   SUNSET   740 PM EDT


-  INDICATES NEGATIVE NUMBERS.
R  INDICATES RECORD WAS SET OR TIED.
MM INDICATES DATA IS MISSING.
T  INDICATES TRACE AMOUNT.




$$
