000
CDUS41 KRNK 262113
CLIDAN


CLIMATE REPORT
NATIONAL WEATHER SERVICE BLACKSBURG VA
511 PM EDT WED JUL 26 2017


...................................

...THE DANVILLE VA CLIMATE SUMMARY FOR JULY 26 2017...
VALID TODAY AS OF 0500 PM LOCAL TIME.

CLIMATE NORMAL PERIOD 1981 TO 2010
CLIMATE RECORD PERIOD 1948 TO 2017


WEATHER ITEM   OBSERVED TIME   RECORD YEAR NORMAL DEPARTURE LAST
                VALUE   (LST)  VALUE       VALUE  FROM      YEAR
                                                  NORMAL
..................................................................
TEMPERATURE (F)
 TODAY
  MAXIMUM         86    317 PM  99    2012  88     -2       97
                                      1987
  MINIMUM         67    613 AM  55    1969  69     -2       73
  AVERAGE         77                        78     -1       85

PRECIPITATION (IN)
  TODAY            0.00          2.89 1996   0.14  -0.14     0.25
  MONTH TO DATE    4.02                      3.89   0.13     3.09
  SINCE JUN 1      8.44                      7.74   0.70    10.79
  SINCE JAN 1     29.44                     25.62   3.82    30.34

SNOWFALL (IN)
  TODAY            0.0                                       0.0
  MONTH TO DATE    0.0                                       0.0
  SINCE JUN 1      0.0                                       0.0
  SINCE JUL 1      0.0                                       0.0
  SNOW DEPTH       0

DEGREE DAYS
 HEATING
  TODAY            0                         0      0        0
  MONTH TO DATE    0                         0      0        0
  SINCE JUN 1      3                         3      0        0
  SINCE JUL 1      0                         0      0        0

 COOLING
  TODAY           12                        13     -1       20
  MONTH TO DATE  371                       338     33      365
  SINCE JUN 1    612                       635    -23      641
  SINCE JAN 1    808                       779     29      780
..................................................................


WIND (MPH)
  HIGHEST WIND SPEED    14   HIGHEST WIND DIRECTION    NE (50)
  HIGHEST GUST SPEED    17   HIGHEST GUST DIRECTION     E (80)
  AVERAGE WIND SPEED     5.8


SKY COVER
  AVERAGE SKY COVER 0.5


WEATHER CONDITIONS
 THE FOLLOWING WEATHER WAS RECORDED TODAY.
  NO SIGNIFICANT WEATHER WAS OBSERVED.


RELATIVE HUMIDITY (PERCENT)
 HIGHEST    87           500 AM
 LOWEST     61           200 PM
 AVERAGE    74

..........................................................


THE DANVILLE VA CLIMATE NORMALS FOR TOMORROW
                         NORMAL    RECORD    YEAR
 MAXIMUM TEMPERATURE (F)   88       102      1952
 MINIMUM TEMPERATURE (F)   69        50      1962


SUNRISE AND SUNSET
JULY 26 2017..........SUNRISE   619 AM EDT   SUNSET   828 PM EDT
JULY 27 2017..........SUNRISE   620 AM EDT   SUNSET   828 PM EDT


-  INDICATES NEGATIVE NUMBERS.
R  INDICATES RECORD WAS SET OR TIED.
MM INDICATES DATA IS MISSING.
T  INDICATES TRACE AMOUNT.


$$

PW
