000
CDUS41 KRNK 271003
CLIDAN


CLIMATE REPORT
NATIONAL WEATHER SERVICE BLACKSBURG VA
453 AM EST TUE JAN 27 2015


...................................

...THE DANVILLE VA CLIMATE SUMMARY FOR JANUARY 26 2015...

CLIMATE NORMAL PERIOD 1981 TO 2010
CLIMATE RECORD PERIOD 1948 TO 2015


WEATHER ITEM   OBSERVED TIME   RECORD YEAR NORMAL DEPARTURE LAST
                VALUE   (LST)  VALUE       VALUE  FROM      YEAR
                                                  NORMAL
..................................................................
TEMPERATURE (F)
 YESTERDAY
  MAXIMUM         49    147 PM  77    1950  47      2       53
  MINIMUM         35   1159 PM  11    1961  30      5       23
  AVERAGE         42                        38      4

PRECIPITATION (IN)
  YESTERDAY        0.03          1.93 1978   0.11  -0.08     0.00
  MONTH TO DATE    1.50                      2.82  -1.32     3.25
  SINCE DEC 1      4.17                      6.09  -1.92     7.48
  SINCE JAN 1      1.50                      2.82  -1.32     3.25

SNOWFALL (IN)
  YESTERDAY        T
  MONTH TO DATE    T
  SINCE DEC 1      T
  SINCE JUL 1      T
  SNOW DEPTH       0

DEGREE DAYS
 HEATING
  YESTERDAY       23                        27     -4
  MONTH TO DATE  682                       713    -31
  SINCE DEC 1   1343                      1486   -143
  SINCE JUL 1   2103                      2195    -92

 COOLING
  YESTERDAY        0                         0      0
  MONTH TO DATE    0                         0      0
  SINCE DEC 1      0                         0      0
  SINCE JAN 1      0                         0      0
..................................................................


WIND (MPH)
  HIGHEST WIND SPEED    20   HIGHEST WIND DIRECTION    NW (330)
  HIGHEST GUST SPEED    26   HIGHEST GUST DIRECTION    NW (330)
  AVERAGE WIND SPEED     6.2


SKY COVER
  POSSIBLE SUNSHINE  MM
  AVERAGE SKY COVER 0.9


WEATHER CONDITIONS
 THE FOLLOWING WEATHER WAS RECORDED YESTERDAY.
  LIGHT RAIN
  LIGHT SNOW
  FOG


RELATIVE HUMIDITY (PERCENT)
 HIGHEST    92           800 AM
 LOWEST     58          1200 AM
 AVERAGE    75

..........................................................


THE DANVILLE VA CLIMATE NORMALS FOR TODAY
                         NORMAL    RECORD    YEAR
 MAXIMUM TEMPERATURE (F)   47        72      1967
 MINIMUM TEMPERATURE (F)   30         8      1987


SUNRISE AND SUNSET
JANUARY 27 2015.......SUNRISE   723 AM EST   SUNSET   538 PM EST
JANUARY 28 2015.......SUNRISE   722 AM EST   SUNSET   539 PM EST


-  INDICATES NEGATIVE NUMBERS.
R  INDICATES RECORD WAS SET OR TIED.
MM INDICATES DATA IS MISSING.
T  INDICATES TRACE AMOUNT.




$$
