000
CDUS41 KRNK 182111 CCA
CLIDAN

CLIMATE REPORT
NATIONAL WEATHER SERVICE BLACKSBURG VA
509 PM EDT FRI APR 18 2014


...................................

...THE DANVILLE VA CLIMATE SUMMARY FOR APRIL 18 2014...
VALID TODAY AS OF 0500 PM LOCAL TIME.

CLIMATE NORMAL PERIOD 1981 TO 2010
CLIMATE RECORD PERIOD 1948 TO 2014


WEATHER ITEM   OBSERVED TIME   RECORD YEAR NORMAL DEPARTURE LAST
                VALUE   (LST)  VALUE       VALUE  FROM      YEAR
                                                  NORMAL
..................................................................
TEMPERATURE (F)
 TODAY
  MAXIMUM         59    329 PM  91    2002  71    -12       80
  MINIMUM         38    557 AM  30    1951  48    -10       65
  AVERAGE         49                        59    -10

PRECIPITATION (IN)
  TODAY            0.00          0.54 1998   0.11  -0.11     0.00
  MONTH TO DATE    2.93                      2.13   0.80     1.96
  SINCE MAR 1      6.13                      6.24  -0.11     4.51
  SINCE JAN 1     11.25                     12.67  -1.42    14.32

SNOWFALL (IN)
  TODAY            0.0
  MONTH TO DATE    0.0
  SINCE MAR 1      5.5
  SINCE JUL 1     13.4
  SNOW DEPTH       0

DEGREE DAYS
 HEATING
  TODAY           16                         7      9
  MONTH TO DATE  140                       166    -26
  SINCE MAR 1    785                       676    109
  SINCE JUL 1   3790                      3677    113

 COOLING
  TODAY            0                         1     -1
  MONTH TO DATE   13                        17     -4
  SINCE MAR 1     13                        20     -7
  SINCE JAN 1     13                        20     -7
..................................................................


WIND (MPH)
  HIGHEST WIND SPEED    13   HIGHEST WIND DIRECTION     E (80)
  HIGHEST GUST SPEED    17   HIGHEST GUST DIRECTION    NE (30)
  AVERAGE WIND SPEED     5.4


SKY COVER
  POSSIBLE SUNSHINE  MM
  AVERAGE SKY COVER 0.2


WEATHER CONDITIONS
 THE FOLLOWING WEATHER WAS RECORDED TODAY.
  NO SIGNIFICANT WEATHER WAS OBSERVED.


RELATIVE HUMIDITY (PERCENT)
 HIGHEST    85           300 AM
 LOWEST     44           300 PM
 AVERAGE    65

..........................................................


THE DANVILLE VA CLIMATE NORMALS FOR TOMORROW
                         NORMAL    RECORD    YEAR
 MAXIMUM TEMPERATURE (F)   71        94      1976
 MINIMUM TEMPERATURE (F)   48        29      1983


SUNRISE AND SUNSET
APRIL 18 2014.........SUNRISE   640 AM EDT   SUNSET   754 PM EDT
APRIL 19 2014.........SUNRISE   638 AM EDT   SUNSET   755 PM EDT


-  INDICATES NEGATIVE NUMBERS.
R  INDICATES RECORD WAS SET OR TIED.
MM INDICATES DATA IS MISSING.
T  INDICATES TRACE AMOUNT.

REMARKS:
DUE TO A POWER FAILURE CAUSING A MISSING LOW TEMPERATURE ON
JANUARY 22...THE SEASONAL TOTAL AND DEPARTURE FROM NORMAL FOR HDD
WILL BE CALCULATED WITHOUT DATA FROM THAT DATE.


$$
