000
CDUS41 KRNK 282123
CLIDAN


CLIMATE REPORT
NATIONAL WEATHER SERVICE BLACKSBURG VA
521 PM EDT SUN MAY 28 2017


...................................

...THE DANVILLE VA CLIMATE SUMMARY FOR MAY 28 2017...
VALID TODAY AS OF 0500 PM LOCAL TIME.

CLIMATE NORMAL PERIOD 1981 TO 2010
CLIMATE RECORD PERIOD 1948 TO 2017


WEATHER ITEM   OBSERVED TIME   RECORD YEAR NORMAL DEPARTURE LAST
                VALUE   (LST)  VALUE       VALUE  FROM      YEAR
                                                  NORMAL
..................................................................
TEMPERATURE (F)
 TODAY
  MAXIMUM         82    145 PM  97    1965  80      2       85
  MINIMUM         65    500 AM  38    1961  60      5       59
  AVERAGE         74                        70      4       72

PRECIPITATION (IN)
  TODAY            0.00          1.85 1996   0.14  -0.14     0.00
  MONTH TO DATE    5.93                      3.45   2.48     7.22
  SINCE MAR 1     16.12                     11.02   5.10    12.35
  SINCE JAN 1     20.89                     17.45   3.44    19.20

SNOWFALL (IN)
  TODAY            0.0                                       0.0
  MONTH TO DATE    0.0                                       0.0
  SINCE MAR 1      T                                         0.0
  SINCE JUL 1      8.8                                      11.1
  SNOW DEPTH       0

DEGREE DAYS
 HEATING
  TODAY            0                         1     -1        0
  MONTH TO DATE   72                        66      6       79
  SINCE MAR 1    686                       808   -122      599
  SINCE JUL 1   3142                      3809   -667     3061

 COOLING
  TODAY            9                         5      4        7
  MONTH TO DATE   89                        92     -3       68
  SINCE MAR 1    167                       126     41      115
  SINCE JAN 1    172                       126     46      115
..................................................................


WIND (MPH)
  HIGHEST WIND SPEED    12   HIGHEST WIND DIRECTION    SW (240)
  HIGHEST GUST SPEED    23   HIGHEST GUST DIRECTION     N (340)
  AVERAGE WIND SPEED     3.8


SKY COVER
  AVERAGE SKY COVER 0.6


WEATHER CONDITIONS
 THE FOLLOWING WEATHER WAS RECORDED TODAY.
  NO SIGNIFICANT WEATHER WAS OBSERVED.


RELATIVE HUMIDITY (PERCENT)
 HIGHEST    93           400 AM
 LOWEST     67          1200 PM
 AVERAGE    80

..........................................................


THE DANVILLE VA CLIMATE NORMALS FOR TOMORROW
                         NORMAL    RECORD    YEAR
 MAXIMUM TEMPERATURE (F)   80        93      1967
 MINIMUM TEMPERATURE (F)   60        45      2008


SUNRISE AND SUNSET
MAY 28 2017...........SUNRISE   602 AM EDT   SUNSET   828 PM EDT
MAY 29 2017...........SUNRISE   601 AM EDT   SUNSET   828 PM EDT


-  INDICATES NEGATIVE NUMBERS.
R  INDICATES RECORD WAS SET OR TIED.
MM INDICATES DATA IS MISSING.
T  INDICATES TRACE AMOUNT.




$$
