000
CDUS41 KRNK 240715
CLIDAN


CLIMATE REPORT
NATIONAL WEATHER SERVICE BLACKSBURG VA
309 AM EDT MON APR 24 2017


...................................

...THE DANVILLE VA CLIMATE SUMMARY FOR APRIL 23 2017...

CLIMATE NORMAL PERIOD 1981 TO 2010
CLIMATE RECORD PERIOD 1948 TO 2017


WEATHER ITEM   OBSERVED TIME   RECORD YEAR NORMAL DEPARTURE LAST
                VALUE   (LST)  VALUE       VALUE  FROM      YEAR
                                                  NORMAL
..................................................................
TEMPERATURE (F)
 YESTERDAY
  MAXIMUM         51    301 PM  95    1985  72    -21       76
  MINIMUM         48    420 AM  31    1982  49     -1       55
  AVERAGE         50                        60    -10       66

PRECIPITATION (IN)
  YESTERDAY        1.26R         0.75 1974   0.11   1.15      T
  MONTH TO DATE    3.64                      2.69   0.95     1.16
  SINCE MAR 1      6.29                      6.80  -0.51     3.49
  SINCE JAN 1     11.06                     13.23  -2.17    10.34

SNOWFALL (IN)
  YESTERDAY        0.0                                       0.0
  MONTH TO DATE    0.0                                       0.0
  SINCE MAR 1      T                                         0.0
  SINCE JUL 1      8.8                                      11.1
  SNOW DEPTH       0

DEGREE DAYS
 HEATING
  YESTERDAY       15                         6      9        0
  MONTH TO DATE  114                       197    -83      213
  SINCE MAR 1    592                       707   -115      506
  SINCE JUL 1   3048                      3708   -660     2968

 COOLING
  YESTERDAY        0                         1     -1        1
  MONTH TO DATE   41                        22     19        7
  SINCE MAR 1     44                        25     19       28
  SINCE JAN 1     49                        25     24       28
..................................................................


WIND (MPH)
  HIGHEST WIND SPEED    17   HIGHEST WIND DIRECTION    NE (50)
  HIGHEST GUST SPEED    27   HIGHEST GUST DIRECTION     E (70)
  AVERAGE WIND SPEED     9.6


SKY COVER
  AVERAGE SKY COVER 1.0


WEATHER CONDITIONS
 THE FOLLOWING WEATHER WAS RECORDED YESTERDAY.
  RAIN
  LIGHT RAIN
  FOG


RELATIVE HUMIDITY (PERCENT)
 HIGHEST   100          1200 AM
 LOWEST     96          1100 AM
 AVERAGE    98

..........................................................


THE DANVILLE VA CLIMATE NORMALS FOR TODAY
                         NORMAL    RECORD    YEAR
 MAXIMUM TEMPERATURE (F)   73        95      1960
 MINIMUM TEMPERATURE (F)   49        29      2012


SUNRISE AND SUNSET
APRIL 24 2017.........SUNRISE   632 AM EDT   SUNSET   800 PM EDT
APRIL 25 2017.........SUNRISE   630 AM EDT   SUNSET   801 PM EDT


-  INDICATES NEGATIVE NUMBERS.
R  INDICATES RECORD WAS SET OR TIED.
MM INDICATES DATA IS MISSING.
T  INDICATES TRACE AMOUNT.

$$

RAB
