000
CDUS41 KRNK 200935
CLIDAN


CLIMATE REPORT
NATIONAL WEATHER SERVICE BLACKSBURG VA
533 AM EDT WED AUG 20 2014


...................................

...THE DANVILLE VA CLIMATE SUMMARY FOR AUGUST 19 2014...

CLIMATE NORMAL PERIOD 1981 TO 2010
CLIMATE RECORD PERIOD 1948 TO 2014


WEATHER ITEM   OBSERVED TIME   RECORD YEAR NORMAL DEPARTURE LAST
                VALUE   (LST)  VALUE       VALUE  FROM      YEAR
                                                  NORMAL
..................................................................
TEMPERATURE (F)
 YESTERDAY
  MAXIMUM         86    409 PM 102    1988  86      0       77
  MINIMUM         70   1153 PM  52    1964  68      2       65
  AVERAGE         78                        77      1

PRECIPITATION (IN)
  YESTERDAY        0.00          2.00 1974   0.13  -0.13     0.24
  MONTH TO DATE    5.87                      2.32   3.55     3.38
  SINCE JUN 1     10.83                     10.76   0.07    20.82
  SINCE JAN 1     29.39                     28.64   0.75    41.03

SNOWFALL (IN)
  YESTERDAY        0.0
  MONTH TO DATE    0.0
  SINCE JUN 1      0.0
  SINCE JUL 1      0.0
  SNOW DEPTH       0

DEGREE DAYS
 HEATING
  YESTERDAY        0                         0      0
  MONTH TO DATE    0                         0      0
  SINCE JUN 1      0                         3     -3
  SINCE JUL 1      0                         0      0

 COOLING
  YESTERDAY       13                        12      1
  MONTH TO DATE  165                       242    -77
  SINCE JUN 1    893                       951    -58
  SINCE JAN 1   1054                      1095    -41
..................................................................


WIND (MPH)
  HIGHEST WIND SPEED     9   HIGHEST WIND DIRECTION    NE (50)
  HIGHEST GUST SPEED    12   HIGHEST GUST DIRECTION    NE (50)
  AVERAGE WIND SPEED     2.6


SKY COVER
  POSSIBLE SUNSHINE  MM
  AVERAGE SKY COVER 0.6


WEATHER CONDITIONS
 THE FOLLOWING WEATHER WAS RECORDED YESTERDAY.
  FOG
  FOG W/VISIBILITY <= 1/4 MILE


RELATIVE HUMIDITY (PERCENT)
 HIGHEST    93          1200 AM
 LOWEST     61           100 PM
 AVERAGE    77

..........................................................


THE DANVILLE VA CLIMATE NORMALS FOR TODAY
                         NORMAL    RECORD    YEAR
 MAXIMUM TEMPERATURE (F)   86        99      2007
 MINIMUM TEMPERATURE (F)   68        56      1998


SUNRISE AND SUNSET
AUGUST 20 2014........SUNRISE   639 AM EDT   SUNSET   802 PM EDT
AUGUST 21 2014........SUNRISE   640 AM EDT   SUNSET   801 PM EDT


-  INDICATES NEGATIVE NUMBERS.
R  INDICATES RECORD WAS SET OR TIED.
MM INDICATES DATA IS MISSING.
T  INDICATES TRACE AMOUNT.




$$
