000
CDUS41 KILN 292124
CLIDAY


CLIMATE REPORT
NATIONAL WEATHER SERVICE WILMINGTON OH
523 PM EDT FRI MAY 29 2015


...................................

...THE DAYTON OH CLIMATE SUMMARY FOR MAY 29 2015...
VALID TODAY AS OF 0500 PM LOCAL TIME.

CLIMATE NORMAL PERIOD 1981 TO 2010
CLIMATE RECORD PERIOD 1869 TO 2015


WEATHER ITEM   OBSERVED TIME   RECORD YEAR NORMAL DEPARTURE LAST
                VALUE   (LST)  VALUE       VALUE  FROM      YEAR
                                                  NORMAL
..................................................................
TEMPERATURE (F)
 TODAY
  MAXIMUM         84    239 PM  98    1911  75      9       84
  MINIMUM         67    148 AM  35    1906  56     11       65
  AVERAGE         76                        65     11       75

PRECIPITATION (IN)
  TODAY            0.16          1.20 1915   0.16   0.00     0.00
  MONTH TO DATE    1.76                      4.36  -2.60     4.68
  SINCE MAR 1     10.93                     11.79  -0.86    13.10
  SINCE JAN 1     15.29                     16.74  -1.45    18.08

SNOWFALL (IN)
  TODAY            0.0           0.0    MM   0.0    0.0      0.0
  MONTH TO DATE    0.0                       0.0    0.0      0.0
  SINCE MAR 1      5.7                       4.0    1.7      8.2
  SINCE JUL 1     27.7                      23.3    4.4     53.6
  SNOW DEPTH       0

DEGREE DAYS
 HEATING
  TODAY            0                         3     -3        0
  MONTH TO DATE   67                       163    -96      130
  SINCE MAR 1   1198                      1339   -141     1339
  SINCE JUL 1   5761                      5614    147     5938

 COOLING
  TODAY           11                         3      8       10
  MONTH TO DATE  158                        53    105      108
  SINCE MAR 1    162                        63     99      116
  SINCE JAN 1    162                        63     99      116
..................................................................


WIND (MPH)
  RESULTANT WIND SPEED   9   RESULTANT WIND DIRECTION   S (180)
  HIGHEST WIND SPEED    21   HIGHEST WIND DIRECTION     S (190)
  HIGHEST GUST SPEED    25   HIGHEST GUST DIRECTION     S (190)
  AVERAGE WIND SPEED    10.1


SKY COVER
  POSSIBLE SUNSHINE  MM
  AVERAGE SKY COVER 0.8


WEATHER CONDITIONS
 THE FOLLOWING WEATHER WAS RECORDED TODAY.
  HEAVY RAIN
  RAIN
  LIGHT RAIN
  FOG


RELATIVE HUMIDITY (PERCENT)
 HIGHEST    90           500 AM
 LOWEST     58           200 PM
 AVERAGE    74

..........................................................


THE DAYTON OH CLIMATE NORMALS FOR TOMORROW
                         NORMAL    RECORD    YEAR
 MAXIMUM TEMPERATURE (F)   76        95      1895
 MINIMUM TEMPERATURE (F)   56        37      1984


SUNRISE AND SUNSET
MAY 29 2015...........SUNRISE   612 AM EDT   SUNSET   857 PM EDT
MAY 30 2015...........SUNRISE   611 AM EDT   SUNSET   858 PM EDT


-  INDICATES NEGATIVE NUMBERS.
R  INDICATES RECORD WAS SET OR TIED.
MM INDICATES DATA IS MISSING.
T  INDICATES TRACE AMOUNT.




$$
