000
CDUS41 KILN 210534
CLIDAY


CLIMATE REPORT
NATIONAL WEATHER SERVICE WILMINGTON OH
1234 AM EST TUE NOV 21 2017


...................................

...THE DAYTON OH CLIMATE SUMMARY FOR NOVEMBER 20 2017...

CLIMATE NORMAL PERIOD 1981 TO 2010
CLIMATE RECORD PERIOD 1869 TO 2017


WEATHER ITEM   OBSERVED TIME   RECORD YEAR NORMAL DEPARTURE LAST
                VALUE   (LST)  VALUE       VALUE  FROM      YEAR
                                                  NORMAL
..................................................................
TEMPERATURE (F)
 YESTERDAY
  MAXIMUM         46    348 PM  73    1942  49     -3       35
                                      1931
  MINIMUM         24    458 AM  11    1914  33     -9       31
  AVERAGE         35                        41     -6       33

PRECIPITATION (IN)
  YESTERDAY        0.00          2.12 1906   0.13  -0.13     0.00
  MONTH TO DATE    5.96                      2.22   3.74     0.10
  SINCE SEP 1     12.12                      8.45   3.67     5.28
  SINCE JAN 1     49.23                     36.76  12.47    31.81

SNOWFALL (IN)
  YESTERDAY        0.0           0.5  1987   0.0    0.0      0.0
  MONTH TO DATE    T                         0.3   -0.3       T
  SINCE SEP 1      T                         0.7   -0.7       T
  SINCE JUL 1      T                         0.7   -0.7       T
  SNOW DEPTH       0

DEGREE DAYS
 HEATING
  YESTERDAY       30                        24      6       32
  MONTH TO DATE  434                       399     35      296
  SINCE SEP 1    774                       844    -70      534
  SINCE JUL 1    779                       846    -67      537

 COOLING
  YESTERDAY        0                         0      0        0
  MONTH TO DATE    0                         0      0        5
  SINCE SEP 1    150                       109     41      219
  SINCE JAN 1    899                       891      8     1247
..................................................................


WIND (MPH)
  RESULTANT WIND SPEED  12   RESULTANT WIND DIRECTION   S (200)
  HIGHEST WIND SPEED    22   HIGHEST WIND DIRECTION     S (190)
  HIGHEST GUST SPEED    28   HIGHEST GUST DIRECTION     S (190)
  AVERAGE WIND SPEED    12.4



WEATHER CONDITIONS
 THE FOLLOWING WEATHER WAS RECORDED YESTERDAY.
  NO SIGNIFICANT WEATHER WAS OBSERVED.


RELATIVE HUMIDITY (PERCENT)
 HIGHEST   100           300 AM
 LOWEST     42           300 PM
 AVERAGE    71

..........................................................


THE DAYTON OH CLIMATE NORMALS FOR TODAY
                         NORMAL    RECORD    YEAR
 MAXIMUM TEMPERATURE (F)   48        75      1934
 MINIMUM TEMPERATURE (F)   33        12      2014
                                             1964


SUNRISE AND SUNSET
NOVEMBER 21 2017......SUNRISE   729 AM EST   SUNSET   516 PM EST
NOVEMBER 22 2017......SUNRISE   730 AM EST   SUNSET   516 PM EST


-  INDICATES NEGATIVE NUMBERS.
R  INDICATES RECORD WAS SET OR TIED.
MM INDICATES DATA IS MISSING.
T  INDICATES TRACE AMOUNT.




$$
