000
CDUS41 KILN 230604
CLIDAY


CLIMATE REPORT
NATIONAL WEATHER SERVICE WILMINGTON OH
203 AM EDT SUN JUL 23 2017


...................................

...THE DAYTON OH CLIMATE SUMMARY FOR JULY 22 2017...

CLIMATE NORMAL PERIOD 1981 TO 2010
CLIMATE RECORD PERIOD 1869 TO 2017


WEATHER ITEM   OBSERVED TIME   RECORD YEAR NORMAL DEPARTURE LAST
                VALUE   (LST)  VALUE       VALUE  FROM      YEAR
                                                  NORMAL
..................................................................
TEMPERATURE (F)
 YESTERDAY
  MAXIMUM         89    340 PM 108    1901  84      5       85
  MINIMUM         70    603 AM  50    2007  65      5       70
  AVERAGE         80                        74      6       78

PRECIPITATION (IN)
  YESTERDAY        0.32          1.59 2008   0.13   0.19     0.06
  MONTH TO DATE    4.45                      3.04   1.41     2.49
  SINCE JUN 1     11.88                      7.21   4.67     6.09
  SINCE JAN 1     33.73                     24.25   9.48    22.31

SNOWFALL (IN)
  YESTERDAY        0.0           0.0    MM   0.0    0.0      0.0
  MONTH TO DATE    0.0                       0.0    0.0      0.0
  SINCE JUN 1      0.0                       0.0    0.0      0.0
  SINCE JUL 1      0.0                       0.0    0.0      0.0
  SNOW DEPTH       0

DEGREE DAYS
 HEATING
  YESTERDAY        0                         0      0        0
  MONTH TO DATE    0                         0      0        3
  SINCE JUN 1     14                        22     -8        7
  SINCE JUL 1      0                         0      0        3

 COOLING
  YESTERDAY       15                         9      6       13
  MONTH TO DATE  225                       198     27      207
  SINCE JUN 1    413                       388     25      448
  SINCE JAN 1    505                       458     47      527
..................................................................


WIND (MPH)
  RESULTANT WIND SPEED   5   RESULTANT WIND DIRECTION  SW (220)
  HIGHEST WIND SPEED    28   HIGHEST WIND DIRECTION    NW (300)
  HIGHEST GUST SPEED    36   HIGHEST GUST DIRECTION    NW (310)
  AVERAGE WIND SPEED     8.5



WEATHER CONDITIONS
 THE FOLLOWING WEATHER WAS RECORDED YESTERDAY.
  THUNDERSTORM
  HEAVY RAIN
  RAIN
  LIGHT RAIN
  FOG


RELATIVE HUMIDITY (PERCENT)
 HIGHEST    93          1200 AM
 LOWEST     61           400 PM
 AVERAGE    77

..........................................................


THE DAYTON OH CLIMATE NORMALS FOR TODAY
                         NORMAL    RECORD    YEAR
 MAXIMUM TEMPERATURE (F)   84       100      1933
 MINIMUM TEMPERATURE (F)   65        52      1985


SUNRISE AND SUNSET
JULY 23 2017..........SUNRISE   628 AM EDT   SUNSET   858 PM EDT
JULY 24 2017..........SUNRISE   628 AM EDT   SUNSET   858 PM EDT


-  INDICATES NEGATIVE NUMBERS.
R  INDICATES RECORD WAS SET OR TIED.
MM INDICATES DATA IS MISSING.
T  INDICATES TRACE AMOUNT.




$$
