000
CDUS41 KILN 262214
CLIDAY


CLIMATE REPORT
NATIONAL WEATHER SERVICE WILMINGTON OH
513 PM EST FRI DEC 26 2014


...................................

...THE DAYTON OH CLIMATE SUMMARY FOR DECEMBER 26 2014...
VALID TODAY AS OF 0500 PM LOCAL TIME.

CLIMATE NORMAL PERIOD 1981 TO 2010
CLIMATE RECORD PERIOD 1869 TO 2014


WEATHER ITEM   OBSERVED TIME   RECORD YEAR NORMAL DEPARTURE LAST
                VALUE   (LST)  VALUE       VALUE  FROM      YEAR
                                                  NORMAL
..................................................................
TEMPERATURE (F)
 TODAY
  MAXIMUM         51    212 PM  59    1922  36     15       37
  MINIMUM         31    546 AM  -6    1983  22      9       28
  AVERAGE         41                        29     12       33

PRECIPITATION (IN)
  TODAY            0.00          1.42 1895   0.11  -0.11     0.00
  MONTH TO DATE    2.40                      2.62  -0.22     4.42
  SINCE DEC 1      2.40                      2.62  -0.22     4.42
  SINCE JAN 1     35.59                     40.55  -4.96    36.37

SNOWFALL (IN)
  TODAY            0.0           7.0  2012   0.2   -0.2      0.0
  MONTH TO DATE    0.1                       3.5   -3.4     12.5
  SINCE DEC 1      0.1                       3.5   -3.4     12.5
  SINCE JUL 1      4.2                       4.5   -0.3     14.5
  SNOW DEPTH       0

DEGREE DAYS
 HEATING
  TODAY           24                        36    -12       32
  MONTH TO DATE  743                       863   -120      842
  SINCE DEC 1    743                       863   -120      842
  SINCE JUL 1   1959                      1974    -15     1966

 COOLING
  TODAY            0                         0      0        0
  MONTH TO DATE    0                         0      0        0
  SINCE DEC 1      0                         0      0        0
  SINCE JAN 1    977                       891     86     1062
..................................................................


WIND (MPH)
  RESULTANT WIND SPEED  10   RESULTANT WIND DIRECTION   S (190)
  HIGHEST WIND SPEED    18   HIGHEST WIND DIRECTION    SW (210)
  HIGHEST GUST SPEED    23   HIGHEST GUST DIRECTION     S (200)
  AVERAGE WIND SPEED    10.3


SKY COVER
  POSSIBLE SUNSHINE  MM
  AVERAGE SKY COVER 0.3


WEATHER CONDITIONS
 THE FOLLOWING WEATHER WAS RECORDED TODAY.
  NO SIGNIFICANT WEATHER WAS OBSERVED.


RELATIVE HUMIDITY (PERCENT)
 HIGHEST    92           800 AM
 LOWEST     61           200 PM
 AVERAGE    77

..........................................................


THE DAYTON OH CLIMATE NORMALS FOR TOMORROW
                         NORMAL    RECORD    YEAR
 MAXIMUM TEMPERATURE (F)   35        66      2008
 MINIMUM TEMPERATURE (F)   22        -4      1950
                                             1925


SUNRISE AND SUNSET
DECEMBER 26 2014......SUNRISE   757 AM EST   SUNSET   518 PM EST
DECEMBER 27 2014......SUNRISE   757 AM EST   SUNSET   519 PM EST


-  INDICATES NEGATIVE NUMBERS.
R  INDICATES RECORD WAS SET OR TIED.
MM INDICATES DATA IS MISSING.
T  INDICATES TRACE AMOUNT.




$$
