000
CDUS41 KILN 262155
CLIDAY


CLIMATE REPORT
NATIONAL WEATHER SERVICE WILMINGTON OH
455 PM EST MON JAN 26 2015


...................................

...THE DAYTON OH CLIMATE SUMMARY FOR JANUARY 26 2015...
VALID TODAY AS OF 0400 PM LOCAL TIME.

CLIMATE NORMAL PERIOD 1981 TO 2010
CLIMATE RECORD PERIOD 1869 TO 2015


WEATHER ITEM   OBSERVED TIME   RECORD YEAR NORMAL DEPARTURE LAST
                VALUE   (LST)  VALUE       VALUE  FROM      YEAR
                                                  NORMAL
..................................................................
TEMPERATURE (F)
 TODAY
  MAXIMUM         24   1219 AM  67    1950  35    -11       41
  MINIMUM         15   1100 AM -11    1897  20     -5        4
  AVERAGE         20                        28     -8       23

PRECIPITATION (IN)
  TODAY            0.05          3.38 1952   0.08  -0.03     0.11
  MONTH TO DATE    2.85                      2.31   0.54     2.79
  SINCE DEC 1      5.64                      5.43   0.21     7.37
  SINCE JAN 1      2.85                      2.31   0.54     2.79

SNOWFALL (IN)
  TODAY            0.8          12.2  1978   0.2    0.6      1.3
  MONTH TO DATE    7.5                       6.6    0.9     21.0
  SINCE DEC 1      7.6                      11.1   -3.5     33.6
  SINCE JUL 1     11.7                      12.1   -0.4     35.6
  SNOW DEPTH       3

DEGREE DAYS
 HEATING
  TODAY           45                        37      8       42
  MONTH TO DATE  991                       979     12     1097
  SINCE DEC 1   1904                      2027   -123     2092
  SINCE JUL 1   3120                      3138    -18     3216

 COOLING
  TODAY            0                         0      0        0
  MONTH TO DATE    0                         0      0        0
  SINCE DEC 1      0                         0      0        0
  SINCE JAN 1      0                         0      0        0
..................................................................


WIND (MPH)
  RESULTANT WIND SPEED  14   RESULTANT WIND DIRECTION   N (350)
  HIGHEST WIND SPEED    22   HIGHEST WIND DIRECTION     N (360)
  HIGHEST GUST SPEED    27   HIGHEST GUST DIRECTION     N (20)
  AVERAGE WIND SPEED    14.3


SKY COVER
  POSSIBLE SUNSHINE  MM
  AVERAGE SKY COVER 0.9


WEATHER CONDITIONS
 THE FOLLOWING WEATHER WAS RECORDED TODAY.
  LIGHT SNOW
  FOG


RELATIVE HUMIDITY (PERCENT)
 HIGHEST    88          1200 AM
 LOWEST     73          1100 AM
 AVERAGE    81

..........................................................


THE DAYTON OH CLIMATE NORMALS FOR TOMORROW
                         NORMAL    RECORD    YEAR
 MAXIMUM TEMPERATURE (F)   35        66      1916
 MINIMUM TEMPERATURE (F)   20        -9      1936


SUNRISE AND SUNSET
JANUARY 26 2015.......SUNRISE   750 AM EST   SUNSET   549 PM EST
JANUARY 27 2015.......SUNRISE   750 AM EST   SUNSET   550 PM EST


-  INDICATES NEGATIVE NUMBERS.
R  INDICATES RECORD WAS SET OR TIED.
MM INDICATES DATA IS MISSING.
T  INDICATES TRACE AMOUNT.




$$
