000
CDUS43 KDVN 282221
CLIDBQ


CLIMATE REPORT
NATIONAL WEATHER SERVICE QUAD CITIES IA IL
421 PM CST SUN DEC 28 2014


...................................

...THE DUBUQUE IA CLIMATE SUMMARY FOR DECEMBER 28 2014...
VALID TODAY AS OF 0400 PM LOCAL TIME.

CLIMATE NORMAL PERIOD 1981 TO 2010
CLIMATE RECORD PERIOD 1873 TO 2014


WEATHER ITEM   OBSERVED TIME   RECORD YEAR NORMAL DEPARTURE LAST
                VALUE   (LST)  VALUE       VALUE  FROM      YEAR
                                                  NORMAL
..................................................................
TEMPERATURE (F)
 TODAY
  MAXIMUM         31    231 PM  63    1984  27      4       41
  MINIMUM         13    753 AM -19    1924  12      1       23
                                      1880
  AVERAGE         22                        20      2       32

PRECIPITATION (IN)
  TODAY            0.00          0.74 1966   0.05  -0.05     0.00
  MONTH TO DATE    0.93                      1.71  -0.78     1.07
  SINCE DEC 1      0.93                      1.71  -0.78     1.07
  SINCE JAN 1     37.45                     36.16   1.29    37.88

SNOWFALL (IN)
  TODAY            0.0          MM      MM   0.4   -0.4      0.0
  MONTH TO DATE    T                        10.7  -10.7     15.0
  SINCE DEC 1      T                        10.7  -10.7     15.0
  SINCE JUL 1      3.5                      13.5  -10.0     18.9
  SNOW DEPTH       0

DEGREE DAYS
 HEATING
  TODAY           43                        45     -2       33
  MONTH TO DATE  983                      1174   -191     1337
  SINCE DEC 1    983                      1174   -191     1337
  SINCE JUL 1   2765                      2674     91     2936

 COOLING
  TODAY            0                         0      0        0
  MONTH TO DATE    0                         0      0        0
  SINCE DEC 1      0                         0      0        0
  SINCE JAN 1    526                       643   -117      640
..................................................................


WIND (MPH)
  HIGHEST WIND SPEED    10   HIGHEST WIND DIRECTION     W (250)
  HIGHEST GUST SPEED    13   HIGHEST GUST DIRECTION    SW (240)
  AVERAGE WIND SPEED     6.8


SKY COVER
  POSSIBLE SUNSHINE  MM
  AVERAGE SKY COVER 0.0


WEATHER CONDITIONS
 THE FOLLOWING WEATHER WAS RECORDED TODAY.
  NO SIGNIFICANT WEATHER WAS OBSERVED.


RELATIVE HUMIDITY (PERCENT)
 HIGHEST    92           800 AM
 LOWEST     47           300 PM
 AVERAGE    70

..........................................................


THE DUBUQUE IA CLIMATE NORMALS FOR TOMORROW
                         NORMAL    RECORD    YEAR
 MAXIMUM TEMPERATURE (F)   27        52      1984
 MINIMUM TEMPERATURE (F)   12       -18      1880


SUNRISE AND SUNSET
DECEMBER 28 2014......SUNRISE   731 AM CST   SUNSET   437 PM CST
DECEMBER 29 2014......SUNRISE   732 AM CST   SUNSET   438 PM CST


-  INDICATES NEGATIVE NUMBERS.
R  INDICATES RECORD WAS SET OR TIED.
MM INDICATES DATA IS MISSING.
T  INDICATES TRACE AMOUNT.




$$
