000
CDUS43 KDVN 270909
CLIDBQ


CLIMATE REPORT
NATIONAL WEATHER SERVICE QUAD CITIES IA IL
409 AM CDT WED AUG 27 2014


...................................

...THE DUBUQUE IA CLIMATE SUMMARY FOR AUGUST 26 2014...

CLIMATE NORMAL PERIOD 1981 TO 2010
CLIMATE RECORD PERIOD 1873 TO 2014


WEATHER ITEM   OBSERVED TIME   RECORD YEAR NORMAL DEPARTURE LAST
                VALUE   (LST)  VALUE       VALUE  FROM      YEAR
                                                  NORMAL
..................................................................
TEMPERATURE (F)
 YESTERDAY
  MAXIMUM         78    339 PM  95    2003  79     -1       89
  MINIMUM         63    735 AM  44    1964  59      4       66
  AVERAGE         71                        69      2       78

PRECIPITATION (IN)
  YESTERDAY        0.75          2.08 1987   0.13   0.62     0.00
  MONTH TO DATE    3.01                      3.72  -0.71     2.72
  SINCE JUN 1     17.66                     12.43   5.23     8.85
  SINCE JAN 1     30.04                     25.30   4.74    30.43

SNOWFALL (IN)
  YESTERDAY        0.0          MM      MM   0.0    0.0      0.0
  MONTH TO DATE    0.0                       0.0    0.0      0.0
  SINCE JUN 1      0.0                       0.0    0.0      0.0
  SINCE JUL 1      0.0                       0.0    0.0      0.0
  SNOW DEPTH       0

DEGREE DAYS
 HEATING
  YESTERDAY        0                         1     -1        0
  MONTH TO DATE    2                        11     -9       10
  SINCE JUN 1     39                        59    -20       71
  SINCE JUL 1     29                        19     10       32

 COOLING
  YESTERDAY        6                         5      1       13
  MONTH TO DATE  142                       155    -13      118
  SINCE JUN 1    398                       518   -120      425
  SINCE JAN 1    452                       555   -103      470
..................................................................


WIND (MPH)
  HIGHEST WIND SPEED    33   HIGHEST WIND DIRECTION     W (280)
  HIGHEST GUST SPEED    52   HIGHEST GUST DIRECTION     W (260)
  AVERAGE WIND SPEED     7.2


SKY COVER
  POSSIBLE SUNSHINE  MM
  AVERAGE SKY COVER 0.3


WEATHER CONDITIONS
 THE FOLLOWING WEATHER WAS RECORDED YESTERDAY.
  THUNDERSTORM
  HEAVY RAIN
  RAIN
  LIGHT RAIN
  FOG


RELATIVE HUMIDITY (PERCENT)
 HIGHEST   100           100 AM
 LOWEST     54           300 PM
 AVERAGE    77

..........................................................


THE DUBUQUE IA CLIMATE NORMALS FOR TODAY
                         NORMAL    RECORD    YEAR
 MAXIMUM TEMPERATURE (F)   79        94      1895
                                             1886
 MINIMUM TEMPERATURE (F)   59        43      1915


SUNRISE AND SUNSET
AUGUST 27 2014........SUNRISE   623 AM CDT   SUNSET   745 PM CDT
AUGUST 28 2014........SUNRISE   624 AM CDT   SUNSET   743 PM CDT


-  INDICATES NEGATIVE NUMBERS.
R  INDICATES RECORD WAS SET OR TIED.
MM INDICATES DATA IS MISSING.
T  INDICATES TRACE AMOUNT.




$$
