000
CDUS43 KDVN 101024
CLIDBQ


CLIMATE REPORT
NATIONAL WEATHER SERVICE QUAD CITIES IA IL
424 AM CST WED FEB 10 2016


...................................

...THE DUBUQUE IA CLIMATE SUMMARY FOR FEBRUARY 9 2016...

CLIMATE NORMAL PERIOD 1981 TO 2010
CLIMATE RECORD PERIOD 1873 TO 2016


WEATHER ITEM   OBSERVED TIME   RECORD YEAR NORMAL DEPARTURE LAST
                VALUE   (LST)  VALUE       VALUE  FROM      YEAR
                                                  NORMAL
..................................................................
TEMPERATURE (F)
 YESTERDAY
  MAXIMUM         14    304 PM  51    2009  30    -16       28
                                      1966
                                      1938
  MINIMUM          8   1156 PM -31    1875  14     -6       12
  AVERAGE         11                        22    -11       20

PRECIPITATION (IN)
  YESTERDAY        T             1.17 2001   0.04  -0.04     0.00
  MONTH TO DATE    0.32                      0.39  -0.07     1.09
  SINCE DEC 1      4.97                      3.40   1.57     2.95
  SINCE JAN 1      0.78                      1.56  -0.78     2.02

SNOWFALL (IN)
  YESTERDAY        0.3          MM      MM   0.3    0.0      0.0
  MONTH TO DATE    3.7                       3.2    0.5     10.6
  SINCE DEC 1     15.8                      25.0   -9.2     21.3
  SINCE JUL 1     27.6                      27.8   -0.2     24.8
  SNOW DEPTH       3

DEGREE DAYS
 HEATING
  YESTERDAY       54                        43     11       45
  MONTH TO DATE  361                       397    -36      449
  SINCE DEC 1   2539                      3134   -595     2995
  SINCE JUL 1   3746                      4634   -888     4777

 COOLING
  YESTERDAY        0                         0      0        0
  MONTH TO DATE    0                         0      0        0
  SINCE DEC 1      0                         0      0        0
  SINCE JAN 1      0                         0      0        0
..................................................................


WIND (MPH)
  HIGHEST WIND SPEED    26   HIGHEST WIND DIRECTION    NW (330)
  HIGHEST GUST SPEED    31   HIGHEST GUST DIRECTION    NW (320)
  AVERAGE WIND SPEED    16.0


SKY COVER
  POSSIBLE SUNSHINE  MM
  AVERAGE SKY COVER 0.3


WEATHER CONDITIONS
 THE FOLLOWING WEATHER WAS RECORDED YESTERDAY.
  LIGHT SNOW
  FOG
  HAZE


RELATIVE HUMIDITY (PERCENT)
 HIGHEST    84           200 AM
 LOWEST     58           500 PM
 AVERAGE    71

..........................................................


THE DUBUQUE IA CLIMATE NORMALS FOR TODAY
                         NORMAL    RECORD    YEAR
 MAXIMUM TEMPERATURE (F)   30        60      1876
 MINIMUM TEMPERATURE (F)   14       -21      1899


SUNRISE AND SUNSET
FEBRUARY 10 2016......SUNRISE   707 AM CST   SUNSET   528 PM CST
FEBRUARY 11 2016......SUNRISE   705 AM CST   SUNSET   529 PM CST


-  INDICATES NEGATIVE NUMBERS.
R  INDICATES RECORD WAS SET OR TIED.
MM INDICATES DATA IS MISSING.
T  INDICATES TRACE AMOUNT.




$$
