000
CDUS43 KDVN 260902
CLIDBQ


CLIMATE REPORT
NATIONAL WEATHER SERVICE QUAD CITIES IA IL
400 AM CDT WED APR 26 2017


...................................

...THE DUBUQUE IA CLIMATE SUMMARY FOR APRIL 25 2017...

CLIMATE NORMAL PERIOD 1981 TO 2010
CLIMATE RECORD PERIOD 1873 TO 2017


WEATHER ITEM   OBSERVED TIME   RECORD YEAR NORMAL DEPARTURE LAST
                VALUE   (LST)  VALUE       VALUE  FROM      YEAR
                                                  NORMAL
..................................................................
TEMPERATURE (F)
 YESTERDAY
  MAXIMUM         74    414 PM  86    1986  62     12       76
  MINIMUM         49    547 AM  28    1887  41      8       54
  AVERAGE         62                        52     10       65

PRECIPITATION (IN)
  YESTERDAY        0.01          2.15 2009   0.13  -0.12     0.00
  MONTH TO DATE    3.77                      2.98   0.79     1.62
  SINCE MAR 1      5.90                      5.39   0.51     4.64
  SINCE JAN 1      9.71                      8.00   1.71     5.72

SNOWFALL (IN)
  YESTERDAY        0.0          MM      MM   0.1   -0.1      0.0
  MONTH TO DATE    T                         1.9   -1.9      0.5
  SINCE MAR 1      4.5                       8.2   -3.7      3.3
  SINCE JUL 1     27.1                      41.8  -14.7     34.8
  SNOW DEPTH       0

DEGREE DAYS
 HEATING
  YESTERDAY        3                        13    -10        0
  MONTH TO DATE  314                       448   -134      418
  SINCE MAR 1   1203                      1366   -163     1163
  SINCE JUL 1   5684                      6759  -1075     5640

 COOLING
  YESTERDAY        0                         0      0        0
  MONTH TO DATE    5                         0      5        3
  SINCE MAR 1      5                         0      5        3
  SINCE JAN 1      5                         0      5        3
..................................................................


WIND (MPH)
  HIGHEST WIND SPEED    24   HIGHEST WIND DIRECTION     S (160)
  HIGHEST GUST SPEED    29   HIGHEST GUST DIRECTION    SE (150)
  AVERAGE WIND SPEED    12.3


SKY COVER
  POSSIBLE SUNSHINE  MM
  AVERAGE SKY COVER 0.3


WEATHER CONDITIONS
 THE FOLLOWING WEATHER WAS RECORDED YESTERDAY.
  LIGHT RAIN


RELATIVE HUMIDITY (PERCENT)
 HIGHEST    61           600 AM
 LOWEST     35           200 PM
 AVERAGE    48

..........................................................


THE DUBUQUE IA CLIMATE NORMALS FOR TODAY
                         NORMAL    RECORD    YEAR
 MAXIMUM TEMPERATURE (F)   63        83      1990
                                             1962
 MINIMUM TEMPERATURE (F)   42        28      1956


SUNRISE AND SUNSET
APRIL 26 2017.........SUNRISE   605 AM CDT   SUNSET   757 PM CDT
APRIL 27 2017.........SUNRISE   603 AM CDT   SUNSET   758 PM CDT


-  INDICATES NEGATIVE NUMBERS.
R  INDICATES RECORD WAS SET OR TIED.
MM INDICATES DATA IS MISSING.
T  INDICATES TRACE AMOUNT.




$$
