000
CDUS43 KDVN 252135
CLIDBQ


CLIMATE REPORT
NATIONAL WEATHER SERVICE QUAD CITIES IA IL
435 PM CDT SAT MAR 25 2017


...................................

...THE DUBUQUE IA CLIMATE SUMMARY FOR MARCH 25 2017...
VALID TODAY AS OF 0400 PM LOCAL TIME.

CLIMATE NORMAL PERIOD 1981 TO 2010
CLIMATE RECORD PERIOD 1873 TO 2017


WEATHER ITEM   OBSERVED TIME   RECORD YEAR NORMAL DEPARTURE LAST
                VALUE   (LST)  VALUE       VALUE  FROM      YEAR
                                                  NORMAL
..................................................................
TEMPERATURE (F)
 TODAY
  MAXIMUM         41    259 PM  80    1907  49     -8       47
  MINIMUM         37    934 AM   4    1960  30      7       23
  AVERAGE         39                        39      0       35

PRECIPITATION (IN)
  TODAY            0.21          1.39 1945   0.09   0.12     0.00
  MONTH TO DATE    1.13                      1.84  -0.71     2.67
  SINCE MAR 1      1.13                      1.84  -0.71     2.67
  SINCE JAN 1      4.94                      4.45   0.49     3.75

SNOWFALL (IN)
  TODAY            0.0          MM      MM   0.2   -0.2      0.0
  MONTH TO DATE    4.5                       5.4   -0.9      2.8
  SINCE MAR 1      4.5                       5.4   -0.9      2.8
  SINCE JUL 1     27.1                      39.0  -11.9     34.3
  SNOW DEPTH       0

DEGREE DAYS
 HEATING
  TODAY           26                        26      0       30
  MONTH TO DATE  752                       773    -21      629
  SINCE MAR 1    752                       773    -21      629
  SINCE JUL 1   5233                      6166   -933     5106

 COOLING
  TODAY            0                         0      0        0
  MONTH TO DATE    0                         0      0        0
  SINCE MAR 1      0                         0      0        0
  SINCE JAN 1      0                         0      0        0
..................................................................


WIND (MPH)
  HIGHEST WIND SPEED    30   HIGHEST WIND DIRECTION    NE (40)
  HIGHEST GUST SPEED    37   HIGHEST GUST DIRECTION    NE (40)
  AVERAGE WIND SPEED    19.5


SKY COVER
  POSSIBLE SUNSHINE  MM
  AVERAGE SKY COVER 1.0


WEATHER CONDITIONS
 THE FOLLOWING WEATHER WAS RECORDED TODAY.
  LIGHT RAIN
  FOG


RELATIVE HUMIDITY (PERCENT)
 HIGHEST   100           200 AM
 LOWEST     92          1200 AM
 AVERAGE    96

..........................................................


THE DUBUQUE IA CLIMATE NORMALS FOR TOMORROW
                         NORMAL    RECORD    YEAR
 MAXIMUM TEMPERATURE (F)   49        82      1907
 MINIMUM TEMPERATURE (F)   30         5      1955


SUNRISE AND SUNSET
MARCH 25 2017.........SUNRISE   657 AM CDT   SUNSET   721 PM CDT
MARCH 26 2017.........SUNRISE   655 AM CDT   SUNSET   722 PM CDT


-  INDICATES NEGATIVE NUMBERS.
R  INDICATES RECORD WAS SET OR TIED.
MM INDICATES DATA IS MISSING.
T  INDICATES TRACE AMOUNT.




$$
