000
CDUS43 KDVN 042120
CLIDBQ


CLIMATE REPORT
NATIONAL WEATHER SERVICE QUAD CITIES IA IL
420 PM CDT FRI SEP 4 2015


...................................

...THE DUBUQUE IA CLIMATE SUMMARY FOR SEPTEMBER 4 2015...
VALID TODAY AS OF 0400 PM LOCAL TIME.

CLIMATE NORMAL PERIOD 1981 TO 2010
CLIMATE RECORD PERIOD 1873 TO 2015


WEATHER ITEM   OBSERVED TIME   RECORD YEAR NORMAL DEPARTURE LAST
                VALUE   (LST)  VALUE       VALUE  FROM      YEAR
                                                  NORMAL
..................................................................
TEMPERATURE (F)
 TODAY
  MAXIMUM         87    259 PM  97    1925  77     10       86
  MINIMUM         69    628 AM  38    1974  57     12       68
  AVERAGE         78                        66     12       77

PRECIPITATION (IN)
  TODAY            0.00          2.02 1916   0.12  -0.12     0.08
  MONTH TO DATE    0.00                      0.49  -0.49     0.53
  SINCE SEP 1      0.00                      0.49  -0.49     0.53
  SINCE JAN 1     22.83                     26.47  -3.64    30.68

SNOWFALL (IN)
  TODAY            0.0          MM      MM   0.0    0.0      0.0
  MONTH TO DATE    0.0                       0.0    0.0      0.0
  SINCE SEP 1      0.0                       0.0    0.0      0.0
  SINCE JUL 1      0.0                       0.0    0.0      0.0
  SNOW DEPTH       0

DEGREE DAYS
 HEATING
  TODAY            0                         2     -2        0
  MONTH TO DATE    0                         8     -8        0
  SINCE SEP 1      0                         8     -8        0
  SINCE JUL 1     33                        35     -2       29

 COOLING
  TODAY           13                         3     10       12
  MONTH TO DATE   47                        15     32       23
  SINCE SEP 1     47                        15     32       23
  SINCE JAN 1    540                       591    -51      505
..................................................................


WIND (MPH)
  HIGHEST WIND SPEED    12   HIGHEST WIND DIRECTION     S (200)
  HIGHEST GUST SPEED    16   HIGHEST GUST DIRECTION    SW (210)
  AVERAGE WIND SPEED     3.4


SKY COVER
  POSSIBLE SUNSHINE  MM
  AVERAGE SKY COVER 0.4


WEATHER CONDITIONS
 THE FOLLOWING WEATHER WAS RECORDED TODAY.
  FOG
  FOG W/VISIBILITY <= 1/4 MILE


RELATIVE HUMIDITY (PERCENT)
 HIGHEST   100           200 AM
 LOWEST     59           300 PM
 AVERAGE    80

..........................................................


THE DUBUQUE IA CLIMATE NORMALS FOR TOMORROW
                         NORMAL    RECORD    YEAR
 MAXIMUM TEMPERATURE (F)   76        96      1899
 MINIMUM TEMPERATURE (F)   56        44      1988
                                             1962
                                             1885


SUNRISE AND SUNSET
SEPTEMBER  4 2015.....SUNRISE   631 AM CDT   SUNSET   732 PM CDT
SEPTEMBER  5 2015.....SUNRISE   632 AM CDT   SUNSET   730 PM CDT


-  INDICATES NEGATIVE NUMBERS.
R  INDICATES RECORD WAS SET OR TIED.
MM INDICATES DATA IS MISSING.
T  INDICATES TRACE AMOUNT.




$$
