000
CDUS41 KLWX 110526
CLIDCA


CLIMATE REPORT
NATIONAL WEATHER SERVICE BALTIMORE MD/WASHINGTON DC
1224 AM EST THU FEB 11 2016


...................................

...THE WASHINGTON NATIONAL DC CLIMATE SUMMARY FOR FEBRUARY 10 2016...

CLIMATE NORMAL PERIOD 1981 TO 2010
CLIMATE RECORD PERIOD 1871 TO 2016


WEATHER ITEM   OBSERVED TIME   RECORD YEAR NORMAL DEPARTURE LAST
                VALUE   (LST)  VALUE       VALUE  FROM      YEAR
                                                  NORMAL
..................................................................
TEMPERATURE (F)
 YESTERDAY
  MAXIMUM         39    329 PM  68    1960  46     -7       40
                                      1959
  MINIMUM         26   1159 PM  -8    1899  30     -4       33
  AVERAGE         33                        38     -5       37

PRECIPITATION (IN)
  YESTERDAY        T             0.83 1881   0.10  -0.10     0.02
  MONTH TO DATE    0.91                      0.95  -0.04     0.22
  SINCE DEC 1      8.43                      6.81   1.62     7.45
  SINCE JAN 1      3.59                      3.76  -0.17     3.95

SNOWFALL (IN)
  YESTERDAY        T             9.3  1926   0.2   -0.2
  MONTH TO DATE    T                         2.3   -2.3
  SINCE JUL 1     18.8                      10.7    8.1
  SNOW DEPTH       T

DEGREE DAYS
 HEATING
  YESTERDAY       32                        27      5       28
  MONTH TO DATE  232                       276    -44      273
  SINCE DEC 1   1576                      1961   -385     1826
  SINCE JUL 1   2111                      2656   -545     2433

 COOLING
  YESTERDAY        0                         0      0        0
  MONTH TO DATE    0                         0      0        0
  SINCE DEC 1      1                         0      1        0
  SINCE JAN 1      0                         0      0        0
..................................................................


WIND (MPH)
  HIGHEST WIND SPEED    25   HIGHEST WIND DIRECTION    NW (300)
  HIGHEST GUST SPEED    32   HIGHEST GUST DIRECTION    NW (300)
  AVERAGE WIND SPEED    13.0


SKY COVER
  POSSIBLE SUNSHINE  MM
  AVERAGE SKY COVER 0.8


WEATHER CONDITIONS
 THE FOLLOWING WEATHER WAS RECORDED YESTERDAY.
  LIGHT SNOW
  HAZE


RELATIVE HUMIDITY (PERCENT)
 HIGHEST    69           500 AM
 LOWEST     40          1200 PM
 AVERAGE    55

..........................................................


THE WASHINGTON NATIONAL DC CLIMATE NORMALS FOR TODAY
                         NORMAL    RECORD    YEAR
 MAXIMUM TEMPERATURE (F)   46        76      1932
 MINIMUM TEMPERATURE (F)   30       -15      1899


SUNRISE AND SUNSET
FEBRUARY 11 2016......SUNRISE   705 AM EST   SUNSET   541 PM EST
FEBRUARY 12 2016......SUNRISE   703 AM EST   SUNSET   542 PM EST


-  INDICATES NEGATIVE NUMBERS.
R  INDICATES RECORD WAS SET OR TIED.
MM INDICATES DATA IS MISSING.
T  INDICATES TRACE AMOUNT.




$$
