000
CDUS41 KALY 250622
CLIDDH


CLIMATE REPORT
NATIONAL WEATHER SERVICE ALBANY NY
220 AM EDT SUN JUN 25 2017


...................................

...THE BENNINGTON VT CLIMATE SUMMARY FOR JUNE 24 2017...

CLIMATE NORMAL PERIOD 1981 TO 2010
CLIMATE RECORD PERIOD 9999 TO 9999


WEATHER ITEM   OBSERVED TIME   NORMAL DEPARTURE LAST
                VALUE   (LST)  VALUE  FROM      YEAR
                                      NORMAL
......................................................
TEMPERATURE (F)
 YESTERDAY
  MAXIMUM         78    409 PM  77      1       80
  MINIMUM         64   1142 PM  55      9       45
  AVERAGE         71            66      5       63

PRECIPITATION (IN)
  YESTERDAY        0.56          0.13   0.43     0.00
  MONTH TO DATE    4.88          3.38   1.50     1.49
  SINCE JUN 1      4.88          3.38   1.50     1.49
  SINCE JAN 1     21.12         18.45   2.67    14.54

DEGREE DAYS
 HEATING
  YESTERDAY        0             2     -2        2
  MONTH TO DATE   79            90    -11       69
  SINCE JUN 1     79            90    -11       69
  SINCE JUL 1   6478          7229   -751     6105

 COOLING
  YESTERDAY        6             3      3        0
  MONTH TO DATE   77            40     37       35
  SINCE JUN 1     77            40     37       35
  SINCE JAN 1     92            54     38       77
......................................................


WIND (MPH)
  HIGHEST WIND SPEED    18   HIGHEST WIND DIRECTION     W (250)
  HIGHEST GUST SPEED    26   HIGHEST GUST DIRECTION     W (260)
  AVERAGE WIND SPEED     7.1


SKY COVER
  AVERAGE SKY COVER 0.5



RELATIVE HUMIDITY (PERCENT)
 HIGHEST    90           500 AM
 LOWEST     43           500 PM
 AVERAGE    67

..........................................................


THE BENNINGTON VT CLIMATE NORMALS FOR TODAY
                         NORMAL
 MAXIMUM TEMPERATURE (F)   77
 MINIMUM TEMPERATURE (F)   55


SUNRISE AND SUNSET
JUNE 25 2017..........SUNRISE   516 AM EDT   SUNSET   836 PM EDT
JUNE 26 2017..........SUNRISE   516 AM EDT   SUNSET   836 PM EDT


-  INDICATES NEGATIVE NUMBERS.
R  INDICATES RECORD WAS SET OR TIED.
MM INDICATES DATA IS MISSING.
T  INDICATES TRACE AMOUNT.




$$
