000
CDUS43 KILX 300630
CLIDEC


CLIMATE REPORT
NATIONAL WEATHER SERVICE LINCOLN IL
129 AM CDT SAT APR 30 2016


...................................

...THE DECATUR IL AIRPORT CLIMATE SUMMARY FOR APRIL 29 2016...

CLIMATE NORMAL PERIOD 1981 TO 2010
CLIMATE RECORD PERIOD 9999 TO 9999


WEATHER ITEM   OBSERVED TIME   RECORD YEAR NORMAL DEPARTURE LAST
                VALUE   (LST)  VALUE       VALUE  FROM      YEAR
                                                  NORMAL
..................................................................
TEMPERATURE (F)
 YESTERDAY
  MAXIMUM         61    315 PM  MM      MM  69     -8       72
  MINIMUM         49    351 AM  MM      MM  46      3       37
  AVERAGE         55                        58     -3       55

PRECIPITATION (IN)
  YESTERDAY        0.00         MM      MM   0.22  -0.22      T
  MONTH TO DATE    2.50                      3.57  -1.07     1.98
  SINCE MAR 1      5.69                      6.21  -0.52     3.59
  SINCE JAN 1      6.88                      9.93  -3.05     4.84

DEGREE DAYS
 HEATING
  YESTERDAY       10                         8      2       10
  MONTH TO DATE  346                       372    -26      285
  SINCE MAR 1    848                      1099   -251     1074
  SINCE JUL 1   4340                      5356  -1016     5720

 COOLING
  YESTERDAY        0                         1     -1        0
  MONTH TO DATE    7                         7      0        3
  SINCE MAR 1      7                         8     -1        3
  SINCE JAN 1      7                         8     -1        3
..................................................................


WIND (MPH)
  HIGHEST WIND SPEED    17   HIGHEST WIND DIRECTION     E (70)
  HIGHEST GUST SPEED    23   HIGHEST GUST DIRECTION     E (70)
  AVERAGE WIND SPEED     8.1


SKY COVER
  POSSIBLE SUNSHINE  MM
  AVERAGE SKY COVER 0.6


WEATHER CONDITIONS
 THE FOLLOWING WEATHER WAS RECORDED YESTERDAY.
  HAZE


RELATIVE HUMIDITY (PERCENT)
 HIGHEST    86           400 AM
 LOWEST     64           300 PM
 AVERAGE    75

..........................................................


THE DECATUR IL AIRPORT CLIMATE NORMALS FOR TODAY
                         NORMAL    RECORD    YEAR
 MAXIMUM TEMPERATURE (F)   69        MM        MM
 MINIMUM TEMPERATURE (F)   47        MM        MM


SUNRISE AND SUNSET
APRIL 30 2016.........SUNRISE   556 AM CDT   SUNSET   749 PM CDT
MAY  1 2016...........SUNRISE   555 AM CDT   SUNSET   750 PM CDT


-  INDICATES NEGATIVE NUMBERS.
R  INDICATES RECORD WAS SET OR TIED.
MM INDICATES DATA IS MISSING.
T  INDICATES TRACE AMOUNT.




$$
