000
CDUS43 KILX 230645
CLIDEC


CLIMATE REPORT
NATIONAL WEATHER SERVICE LINCOLN IL
145 AM CDT THU OCT 23 2014


...................................

...THE DECATUR IL AIRPORT CLIMATE SUMMARY FOR OCTOBER 22 2014...

CLIMATE NORMAL PERIOD 1981 TO 2010
CLIMATE RECORD PERIOD 9999 TO 9999


WEATHER ITEM   OBSERVED TIME   RECORD YEAR NORMAL DEPARTURE LAST
                VALUE   (LST)  VALUE       VALUE  FROM      YEAR
                                                  NORMAL
..................................................................
TEMPERATURE (F)
 YESTERDAY
  MAXIMUM         61    257 PM  MM      MM  63     -2       49
  MINIMUM         34    413 AM  MM      MM  42     -8       30
  AVERAGE         48                        52     -4       40

PRECIPITATION (IN)
  YESTERDAY        0.00         MM      MM   0.12  -0.12     0.13
  MONTH TO DATE    4.36                      2.24   2.12     1.91
  SINCE SEP 1      8.28                      5.13   3.15     2.50
  SINCE JAN 1     32.21                     31.44   0.77    28.87

DEGREE DAYS
 HEATING
  YESTERDAY       17                        13      4       25
  MONTH TO DATE  215                       217     -2      174
  SINCE SEP 1    302                       284     18      217
  SINCE JUL 1    304                       290     14      227

 COOLING
  YESTERDAY        0                         0      0        0
  MONTH TO DATE    8                        14     -6       40
  SINCE SEP 1    101                       125    -24      207
  SINCE JAN 1   1005                      1043    -38     1079
..................................................................


WIND (MPH)
  HIGHEST WIND SPEED    12   HIGHEST WIND DIRECTION     E (100)
  HIGHEST GUST SPEED    15   HIGHEST GUST DIRECTION    SE (120)
  AVERAGE WIND SPEED     5.2


SKY COVER
  POSSIBLE SUNSHINE  MM
  AVERAGE SKY COVER 0.0


WEATHER CONDITIONS
 THE FOLLOWING WEATHER WAS RECORDED YESTERDAY.
  FOG


RELATIVE HUMIDITY (PERCENT)
 HIGHEST    92          1200 AM
 LOWEST     44           400 PM
 AVERAGE    68

..........................................................


THE DECATUR IL AIRPORT CLIMATE NORMALS FOR TODAY
                         NORMAL    RECORD    YEAR
 MAXIMUM TEMPERATURE (F)   63        MM        MM
 MINIMUM TEMPERATURE (F)   41        MM        MM


SUNRISE AND SUNSET
OCTOBER 23 2014.......SUNRISE   714 AM CDT   SUNSET   605 PM CDT
OCTOBER 24 2014.......SUNRISE   715 AM CDT   SUNSET   603 PM CDT


-  INDICATES NEGATIVE NUMBERS.
R  INDICATES RECORD WAS SET OR TIED.
MM INDICATES DATA IS MISSING.
T  INDICATES TRACE AMOUNT.




$$
