826
CDUS43 KILX 280646
CLIDEC


CLIMATE REPORT
NATIONAL WEATHER SERVICE LINCOLN IL
143 AM CDT FRI APR 28 2017


...................................

...THE DECATUR IL AIRPORT CLIMATE SUMMARY FOR APRIL 27 2017...

CLIMATE NORMAL PERIOD 1981 TO 2010
CLIMATE RECORD PERIOD 9999 TO 9999


WEATHER ITEM   OBSERVED TIME   RECORD YEAR NORMAL DEPARTURE LAST
                VALUE   (LST)  VALUE       VALUE  FROM      YEAR
                                                  NORMAL
..................................................................
TEMPERATURE (F)
 YESTERDAY
  MAXIMUM         59    112 AM  MM      MM  68     -9       65
  MINIMUM         45    821 AM  MM      MM  46     -1       50
  AVERAGE         52                        57     -5       58

PRECIPITATION (IN)
  YESTERDAY        0.15         MM      MM   0.16  -0.01     0.20
  MONTH TO DATE    2.70                      3.16  -0.46     2.46
  SINCE MAR 1      5.40                      5.80  -0.40     5.65
  SINCE JAN 1      7.50                      9.52  -2.02     6.84

DEGREE DAYS
 HEATING
  YESTERDAY       13                         9      4        7
  MONTH TO DATE  220                       356   -136      332
  SINCE MAR 1    875                      1083   -208      834
  SINCE JUL 1   4234                      5340  -1106     4326

 COOLING
  YESTERDAY        0                         1     -1        0
  MONTH TO DATE   23                         5     18        7
  SINCE MAR 1     23                         6     17        7
  SINCE JAN 1     23                         6     17        7
..................................................................


WIND (MPH)
  HIGHEST WIND SPEED    26   HIGHEST WIND DIRECTION     W (260)
  HIGHEST GUST SPEED    37   HIGHEST GUST DIRECTION     W (280)
  AVERAGE WIND SPEED    12.0


SKY COVER
  POSSIBLE SUNSHINE  MM
  AVERAGE SKY COVER 0.9


WEATHER CONDITIONS
 THE FOLLOWING WEATHER WAS RECORDED YESTERDAY.
  RAIN
  LIGHT RAIN
  FOG


RELATIVE HUMIDITY (PERCENT)
 HIGHEST   100           300 AM
 LOWEST     71           300 PM
 AVERAGE    86

..........................................................


THE DECATUR IL AIRPORT CLIMATE NORMALS FOR TODAY
                         NORMAL    RECORD    YEAR
 MAXIMUM TEMPERATURE (F)   69        MM        MM
 MINIMUM TEMPERATURE (F)   46        MM        MM


SUNRISE AND SUNSET
APRIL 28 2017.........SUNRISE   559 AM CDT   SUNSET   747 PM CDT
APRIL 29 2017.........SUNRISE   558 AM CDT   SUNSET   748 PM CDT


-  INDICATES NEGATIVE NUMBERS.
R  INDICATES RECORD WAS SET OR TIED.
MM INDICATES DATA IS MISSING.
T  INDICATES TRACE AMOUNT.




$$
