000
CDUS43 KILX 200652
CLIDEC


CLIMATE REPORT
NATIONAL WEATHER SERVICE LINCOLN IL
1252 AM CST SAT JAN 20 2018


...................................

...THE DECATUR IL AIRPORT CLIMATE SUMMARY FOR JANUARY 19 2018...

CLIMATE NORMAL PERIOD 1981 TO 2010
CLIMATE RECORD PERIOD 9999 TO 9999


WEATHER ITEM   OBSERVED TIME   RECORD YEAR NORMAL DEPARTURE LAST
                VALUE   (LST)  VALUE       VALUE  FROM      YEAR
                                                  NORMAL
..................................................................
TEMPERATURE (F)
 YESTERDAY
  MAXIMUM         44    332 PM  MM      MM  35      9       44
  MINIMUM         25    754 AM  MM      MM  19      6       31
  AVERAGE         35                        27      8       38

PRECIPITATION (IN)
  YESTERDAY        0.00         MM      MM   0.05  -0.05     0.34
  MONTH TO DATE    0.49                      1.22  -0.73     1.28
  SINCE DEC 1      0.61                      3.76  -3.15     1.97
  SINCE JAN 1      0.49                      1.22  -0.73     1.28

DEGREE DAYS
 HEATING
  YESTERDAY       30                        38     -8       27
  MONTH TO DATE  917                       717    200      670
  SINCE DEC 1   1997                      1775    222     1704
  SINCE JUL 1   2939                      2856     83     2400

 COOLING
  YESTERDAY        0                         0      0        0
  MONTH TO DATE    0                         0      0        0
  SINCE DEC 1      0                         0      0        0
  SINCE JAN 1      0                         0      0        0
..................................................................


WIND (MPH)
  HIGHEST WIND SPEED    25   HIGHEST WIND DIRECTION    SW (210)
  HIGHEST GUST SPEED    30   HIGHEST GUST DIRECTION    SW (220)
  AVERAGE WIND SPEED    18.3


SKY COVER
  POSSIBLE SUNSHINE  MM
  AVERAGE SKY COVER 0.0


WEATHER CONDITIONS
 THE FOLLOWING WEATHER WAS RECORDED YESTERDAY.
  NO SIGNIFICANT WEATHER WAS OBSERVED.


RELATIVE HUMIDITY (PERCENT)
 HIGHEST    82          1100 PM
 LOWEST     55           100 PM
 AVERAGE    69

..........................................................


THE DECATUR IL AIRPORT CLIMATE NORMALS FOR TODAY
                         NORMAL    RECORD    YEAR
 MAXIMUM TEMPERATURE (F)   35        MM        MM
 MINIMUM TEMPERATURE (F)   19        MM        MM


SUNRISE AND SUNSET
JANUARY 20 2018.......SUNRISE   713 AM CST   SUNSET   501 PM CST
JANUARY 21 2018.......SUNRISE   712 AM CST   SUNSET   502 PM CST


-  INDICATES NEGATIVE NUMBERS.
R  INDICATES RECORD WAS SET OR TIED.
MM INDICATES DATA IS MISSING.
T  INDICATES TRACE AMOUNT.




$$
