000
CDUS43 KILX 182231
CLIDEC


CLIMATE REPORT
NATIONAL WEATHER SERVICE LINCOLN IL
429 PM CST THU DEC 18 2014


...................................

...THE DECATUR IL AIRPORT CLIMATE SUMMARY FOR DECEMBER 18 2014...
VALID TODAY AS OF 0400 PM LOCAL TIME.

CLIMATE NORMAL PERIOD 1981 TO 2010
CLIMATE RECORD PERIOD 9999 TO 9999


WEATHER ITEM   OBSERVED TIME   RECORD YEAR NORMAL DEPARTURE LAST
                VALUE   (LST)  VALUE       VALUE  FROM      YEAR
                                                  NORMAL
..................................................................
TEMPERATURE (F)
 TODAY
  MAXIMUM         29    359 PM  MM      MM  38     -9       40
  MINIMUM         23    454 AM  MM      MM  22      1       12
  AVERAGE         26                        30     -4       26

PRECIPITATION (IN)
  TODAY            T            MM      MM   0.07  -0.07     0.00
  MONTH TO DATE    0.87                      1.40  -0.53     0.46
  SINCE DEC 1      0.87                      1.40  -0.53     0.46
  SINCE JAN 1     35.75                     37.31  -1.56    32.48

DEGREE DAYS
 HEATING
  TODAY           39                        35      4       39
  MONTH TO DATE  555                       586    -31      671
  SINCE DEC 1    555                       586    -31      671
  SINCE JUL 1   1828                      1667    161     1819

 COOLING
  TODAY            0                         0      0        0
  MONTH TO DATE    0                         0      0        0
  SINCE DEC 1      0                         0      0        0
  SINCE JAN 1   1011                      1048    -37     1079
..................................................................


WIND (MPH)
  HIGHEST WIND SPEED     7   HIGHEST WIND DIRECTION    SW (210)
  HIGHEST GUST SPEED     7   HIGHEST GUST DIRECTION    SW (210)
  AVERAGE WIND SPEED     1.2


SKY COVER
  POSSIBLE SUNSHINE  MM
  AVERAGE SKY COVER 0.9


WEATHER CONDITIONS
 THE FOLLOWING WEATHER WAS RECORDED TODAY.
  LIGHT SNOW
  FOG
  HAZE


RELATIVE HUMIDITY (PERCENT)
 HIGHEST    88           500 AM
 LOWEST     78           100 PM
 AVERAGE    83

..........................................................


THE DECATUR IL AIRPORT CLIMATE NORMALS FOR TOMORROW
                         NORMAL    RECORD    YEAR
 MAXIMUM TEMPERATURE (F)   38        MM        MM
 MINIMUM TEMPERATURE (F)   22        MM        MM


SUNRISE AND SUNSET
DECEMBER 18 2014......SUNRISE   711 AM CST   SUNSET   433 PM CST
DECEMBER 19 2014......SUNRISE   712 AM CST   SUNSET   433 PM CST


-  INDICATES NEGATIVE NUMBERS.
R  INDICATES RECORD WAS SET OR TIED.
MM INDICATES DATA IS MISSING.
T  INDICATES TRACE AMOUNT.




$$
