000
CDUS43 KILX 180633
CLIDEC


CLIMATE REPORT
NATIONAL WEATHER SERVICE LINCOLN IL
1231 AM CST SAT NOV 18 2017


...................................

...THE DECATUR IL AIRPORT CLIMATE SUMMARY FOR NOVEMBER 17 2017...

CLIMATE NORMAL PERIOD 1981 TO 2010
CLIMATE RECORD PERIOD 9999 TO 9999


WEATHER ITEM   OBSERVED TIME   RECORD YEAR NORMAL DEPARTURE LAST
                VALUE   (LST)  VALUE       VALUE  FROM      YEAR
                                                  NORMAL
..................................................................
TEMPERATURE (F)
 YESTERDAY
  MAXIMUM         54   1157 PM  MM      MM  51      3       77
  MINIMUM         30    552 AM  MM      MM  34     -4       50
  AVERAGE         42                        42      0       64

PRECIPITATION (IN)
  YESTERDAY        0.03         MM      MM   0.12  -0.09     0.00
  MONTH TO DATE    0.17                      1.91  -1.74     0.97
  SINCE SEP 1      5.95                      8.08  -2.13     6.05
  SINCE JAN 1     32.12                     34.39  -2.27    28.97

DEGREE DAYS
 HEATING
  YESTERDAY       23                        23      0        1
  MONTH TO DATE  363                       325     38      209
  SINCE SEP 1    659                       737    -78      390
  SINCE JUL 1    660                       743    -83      395

 COOLING
  YESTERDAY        0                         0      0        0
  MONTH TO DATE    0                         0      0       13
  SINCE SEP 1    214                       130     84      299
  SINCE JAN 1   1120                      1048     72     1434
..................................................................


WIND (MPH)
  HIGHEST WIND SPEED    22   HIGHEST WIND DIRECTION     S (160)
  HIGHEST GUST SPEED    28   HIGHEST GUST DIRECTION     S (170)
  AVERAGE WIND SPEED    13.7


SKY COVER
  POSSIBLE SUNSHINE  MM
  AVERAGE SKY COVER 0.7


WEATHER CONDITIONS
 THE FOLLOWING WEATHER WAS RECORDED YESTERDAY.
  LIGHT RAIN
  FOG


RELATIVE HUMIDITY (PERCENT)
 HIGHEST    92          1200 AM
 LOWEST     76           500 PM
 AVERAGE    84

..........................................................


THE DECATUR IL AIRPORT CLIMATE NORMALS FOR TODAY
                         NORMAL    RECORD    YEAR
 MAXIMUM TEMPERATURE (F)   50        MM        MM
 MINIMUM TEMPERATURE (F)   33        MM        MM


SUNRISE AND SUNSET
NOVEMBER 18 2017......SUNRISE   644 AM CST   SUNSET   437 PM CST
NOVEMBER 19 2017......SUNRISE   645 AM CST   SUNSET   436 PM CST


-  INDICATES NEGATIVE NUMBERS.
R  INDICATES RECORD WAS SET OR TIED.
MM INDICATES DATA IS MISSING.
T  INDICATES TRACE AMOUNT.




$$
