000
CDUS45 KBOU 010826
CLIDEN


CLIMATE REPORT
NATIONAL WEATHER SERVICE DENVER CO
124 AM MST SUN FEB 1 2015


...................................

...THE DENVER CO CLIMATE SUMMARY FOR JANUARY 31 2015...

CLIMATE NORMAL PERIOD 1981 TO 2010
CLIMATE RECORD PERIOD 1872 TO 2015


WEATHER ITEM   OBSERVED TIME   RECORD YEAR NORMAL DEPARTURE LAST
                VALUE   (LST)  VALUE       VALUE  FROM      YEAR
                                                  NORMAL
..................................................................
TEMPERATURE (F)
 YESTERDAY
  MAXIMUM         38    100 PM  70    1954  44     -6       29
  MINIMUM         29   1159 PM -24    1951  17     12       16
  AVERAGE         34                        31      3       23

PRECIPITATION (IN)
  YESTERDAY        0.08          1.22 1883   0.01   0.07     0.05
  MONTH TO DATE    0.38                      0.41  -0.03     0.94
  SINCE DEC 1      0.97                      0.76   0.21     1.19
  SINCE JAN 1      0.38                      0.41  -0.03     0.94

SNOWFALL (IN)
  YESTERDAY        0.3
  MONTH TO DATE    7.2
  SINCE DEC 1     19.2
  SINCE JUL 1     23.2
  SNOW DEPTH       0


DEGREE DAYS
 HEATING
  YESTERDAY       31                        34     -3       42
  MONTH TO DATE  958                      1059   -101     1046
  SINCE DEC 1   1995                      2149   -154     2174
  SINCE JUL 1   3249                      3531   -282     3497

 COOLING
  YESTERDAY        0                         0      0        0
  MONTH TO DATE    0                         0      0        0
  SINCE DEC 1      0                         0      0        0
  SINCE JAN 1      0                         0      0        0
..................................................................


WIND (MPH)
  HIGHEST WIND SPEED    23   HIGHEST WIND DIRECTION     N (350)
  HIGHEST GUST SPEED    29   HIGHEST GUST DIRECTION     N (360)
  AVERAGE WIND SPEED     5.5


SKY COVER **
  POSSIBLE SUNSHINE  MM
  AVERAGE SKY COVER 0.9


WEATHER CONDITIONS
 THE FOLLOWING WEATHER WAS RECORDED YESTERDAY.
  LIGHT SNOW
  FOG
  HAZE


RELATIVE HUMIDITY (PERCENT)
 HIGHEST    92          1100 PM
 LOWEST     64          1200 AM
 AVERAGE    78

..........................................................


THE DENVER CO CLIMATE NORMALS FOR TODAY
                         NORMAL    RECORD    YEAR
 MAXIMUM TEMPERATURE (F)   44        73      1934
 MINIMUM TEMPERATURE (F)   17       -25      1951


SUNRISE AND SUNSET
FEBRUARY  1 2015......SUNRISE   707 AM MST   SUNSET   517 PM MST
FEBRUARY  2 2015......SUNRISE   706 AM MST   SUNSET   518 PM MST


-  INDICATES NEGATIVE NUMBERS.
R  INDICATES RECORD WAS SET OR TIED.
MM INDICATES DATA IS MISSING.
T  INDICATES TRACE AMOUNT.

&&

** SUNSHINE DATA WILL NO LONGER BE AVAILABLE EFFECTIVE OCTOBER 1ST 2009.




$$
