000
CDUS45 KBOU 220740
CLIDEN


CLIMATE REPORT
NATIONAL WEATHER SERVICE DENVER/BOULDER CO
1237 AM MST THU FEB 22 2018


...................................

...THE DENVER CO CLIMATE SUMMARY FOR FEBRUARY 21 2018...

CLIMATE NORMAL PERIOD 1981 TO 2010
CLIMATE RECORD PERIOD 1872 TO 2018


WEATHER ITEM   OBSERVED TIME   RECORD YEAR NORMAL DEPARTURE LAST
                VALUE   (LST)  VALUE       VALUE  FROM      YEAR
                                                  NORMAL
..................................................................
TEMPERATURE (F)
 YESTERDAY
  MAXIMUM         22   1253 PM  73    2017  47    -25       73
  MINIMUM         -7R   409 AM  -2    1955  20    -27       39
                                      1953
  AVERAGE          8                        34    -26       56

PRECIPITATION (IN)
  YESTERDAY        0.00          0.24 1915   0.01  -0.01     0.00
  MONTH TO DATE    0.29                      0.26   0.03      T
  SINCE DEC 1      1.04                      1.02   0.02     1.32
  SINCE JAN 1      0.83                      0.67   0.16     0.54

SNOWFALL (IN)
  YESTERDAY        0.0
  MONTH TO DATE    5.3
  SINCE DEC 1     15.7
  SINCE JUL 1     18.5
  SNOW DEPTH       1

DEGREE DAYS
 HEATING
  YESTERDAY       57                        31     26        9
  MONTH TO DATE  726                       697     29      440
  SINCE DEC 1   2637                      2846   -209     2661
  SINCE JUL 1   3808                      4228   -420     3557

 COOLING
  YESTERDAY        0                         0      0        0
  MONTH TO DATE    0                         0      0        0
  SINCE DEC 1      0                         0      0        0
  SINCE JAN 1      0                         0      0        0
..................................................................


WIND (MPH)
  HIGHEST WIND SPEED    14   HIGHEST WIND DIRECTION     N (350)
  HIGHEST GUST SPEED    18   HIGHEST GUST DIRECTION     N (10)
  AVERAGE WIND SPEED     7.3


SKY COVER
  POSSIBLE SUNSHINE  MM
  AVERAGE SKY COVER 0.3


WEATHER CONDITIONS
 THE FOLLOWING WEATHER WAS RECORDED YESTERDAY.
  FOG
  HAZE


RELATIVE HUMIDITY (PERCENT)
 HIGHEST    88           900 AM
 LOWEST     67          1100 AM
 AVERAGE    78

..........................................................


THE DENVER CO CLIMATE NORMALS FOR TODAY
                         NORMAL    RECORD    YEAR
 MAXIMUM TEMPERATURE (F)   48        72      1936
 MINIMUM TEMPERATURE (F)   20        -6      1913


SUNRISE AND SUNSET
FEBRUARY 22 2018......SUNRISE   642 AM MST   SUNSET   543 PM MST
FEBRUARY 23 2018......SUNRISE   640 AM MST   SUNSET   544 PM MST


-  INDICATES NEGATIVE NUMBERS.
R  INDICATES RECORD WAS SET OR TIED.
MM INDICATES DATA IS MISSING.
T  INDICATES TRACE AMOUNT.




$$
