000
CDUS45 KBOU 242329
CLIDEN


CLIMATE REPORT
NATIONAL WEATHER SERVICE DENVER/BOULDER CO
429 PM MST FRI FEB 24 2017


...................................

...THE DENVER CO CLIMATE SUMMARY FOR FEBRUARY 24 2017...
VALID TODAY AS OF 0400 PM LOCAL TIME.

CLIMATE NORMAL PERIOD 1981 TO 2010
CLIMATE RECORD PERIOD 1872 TO 2017


WEATHER ITEM   OBSERVED TIME   RECORD YEAR NORMAL DEPARTURE LAST
                VALUE   (LST)  VALUE       VALUE  FROM      YEAR
                                                  NORMAL
..................................................................
TEMPERATURE (F)
 TODAY
  MAXIMUM         26    109 PM  71    1995  48    -22       50
  MINIMUM         17    743 AM  -8    1874  21     -4       22
  AVERAGE         22                        34    -12       36

PRECIPITATION (IN)
  TODAY            0.05          0.54 1959   0.01   0.04     0.00
  MONTH TO DATE    0.21                      0.30  -0.09     0.48
  SINCE DEC 1      1.53                      1.06   0.47     1.69
  SINCE JAN 1      0.75                      0.71   0.04     0.98

DEGREE DAYS
 HEATING
  TODAY           43                        31     12       29
  MONTH TO DATE  543                       790   -247      677
  SINCE DEC 1   2764                      2939   -175     2795
  SINCE JUL 1   3660                      4321   -661     3885

 COOLING
  TODAY            0                         0      0        0
  MONTH TO DATE    0                         0      0        0
  SINCE DEC 1      0                         0      0        0
  SINCE JAN 1      0                         0      0        0
..................................................................


WIND (MPH)
  HIGHEST WIND SPEED    13   HIGHEST WIND DIRECTION    NE (30)
  HIGHEST GUST SPEED    14   HIGHEST GUST DIRECTION    NE (40)
  AVERAGE WIND SPEED     6.6


SKY COVER **
  POSSIBLE SUNSHINE  MM
  AVERAGE SKY COVER 0.8


WEATHER CONDITIONS
 THE FOLLOWING WEATHER WAS RECORDED TODAY.
  LIGHT SNOW
  FOG
  HAZE


RELATIVE HUMIDITY (PERCENT)
 HIGHEST    84           200 AM
 LOWEST     60           400 PM
 AVERAGE    72

..........................................................


THE DENVER CO CLIMATE NORMALS FOR TOMORROW
                         NORMAL    RECORD    YEAR
 MAXIMUM TEMPERATURE (F)   49        74      1986
 MINIMUM TEMPERATURE (F)   21       -11      1874


SUNRISE AND SUNSET
FEBRUARY 24 2017......SUNRISE   638 AM MST   SUNSET   545 PM MST
FEBRUARY 25 2017......SUNRISE   637 AM MST   SUNSET   546 PM MST


-  INDICATES NEGATIVE NUMBERS.
R  INDICATES RECORD WAS SET OR TIED.
MM INDICATES DATA IS MISSING.
T  INDICATES TRACE AMOUNT.




$$
