000
CDUS45 KBOU 110805
CLIDEN


CLIMATE REPORT
NATIONAL WEATHER SERVICE DENVER/BOULDER CO
103 AM MST THU FEB 11 2016


...................................

...THE DENVER CO CLIMATE SUMMARY FOR FEBRUARY 10 2016...

CLIMATE NORMAL PERIOD 1981 TO 2010
CLIMATE RECORD PERIOD 1872 TO 2016


WEATHER ITEM   OBSERVED TIME   RECORD YEAR NORMAL DEPARTURE LAST
                VALUE   (LST)  VALUE       VALUE  FROM      YEAR
                                                  NORMAL
..................................................................
TEMPERATURE (F)
 YESTERDAY
  MAXIMUM         66    306 PM  71    1951  45     21       59
  MINIMUM         34   1159 PM -14    1933  18     16       32
  AVERAGE         50                        31     19       46

PRECIPITATION (IN)
  YESTERDAY        0.00          0.71 1934   0.02  -0.02     0.00
  MONTH TO DATE    0.48                      0.13   0.35     0.17
  SINCE DEC 1      1.69                      0.89   0.80     1.14
  SINCE JAN 1      0.98                      0.54   0.44     0.55

SNOWFALL (IN)
  YESTERDAY        0.0
  MONTH TO DATE   11.6
  SINCE DEC 1     27.5
  SINCE JUL 1     38.8
  SNOW DEPTH       1


DEGREE DAYS
 HEATING
  YESTERDAY       15                        34    -19       19
  MONTH TO DATE  369                       340     29      207
  SINCE DEC 1   2487                      2489     -2     2202
  SINCE JUL 1   3577                      3871   -294     3456

 COOLING
  YESTERDAY        0                         0      0        0
  MONTH TO DATE    0                         0      0        0
  SINCE DEC 1      0                         0      0        0
  SINCE JAN 1      0                         0      0        0
..................................................................


WIND (MPH)
  HIGHEST WIND SPEED    24   HIGHEST WIND DIRECTION     W (280)
  HIGHEST GUST SPEED    31   HIGHEST GUST DIRECTION     W (270)
  AVERAGE WIND SPEED    12.8


SKY COVER **
  POSSIBLE SUNSHINE  MM
  AVERAGE SKY COVER 0.3


WEATHER CONDITIONS
 THE FOLLOWING WEATHER WAS RECORDED YESTERDAY.
  NO SIGNIFICANT WEATHER WAS OBSERVED.


RELATIVE HUMIDITY (PERCENT)
 HIGHEST    44          1200 AM
 LOWEST     16           100 PM
 AVERAGE    30

..........................................................


THE DENVER CO CLIMATE NORMALS FOR TODAY
                         NORMAL    RECORD    YEAR
 MAXIMUM TEMPERATURE (F)   45        73      1951
 MINIMUM TEMPERATURE (F)   18       -20      1899


SUNRISE AND SUNSET
FEBRUARY 11 2016......SUNRISE   657 AM MST   SUNSET   529 PM MST
FEBRUARY 12 2016......SUNRISE   655 AM MST   SUNSET   530 PM MST


-  INDICATES NEGATIVE NUMBERS.
R  INDICATES RECORD WAS SET OR TIED.
MM INDICATES DATA IS MISSING.
T  INDICATES TRACE AMOUNT.

&&

** SUNSHINE DATA WILL NO LONGER BE AVAILABLE EFFECTIVE OCTOBER 1ST 2009.




$$
