000
CDUS45 KBOU 312330
CLIDEN


CLIMATE REPORT
NATIONAL WEATHER SERVICE DENVER/BOULDER CO
529 PM MDT TUE MAY 31 2016


...................................

...THE DENVER CO CLIMATE SUMMARY FOR MAY 31 2016...
VALID TODAY AS OF 0500 PM LOCAL TIME.

CLIMATE NORMAL PERIOD 1981 TO 2010
CLIMATE RECORD PERIOD 1872 TO 2016


WEATHER ITEM   OBSERVED TIME   RECORD YEAR NORMAL DEPARTURE LAST
                VALUE   (LST)  VALUE       VALUE  FROM      YEAR
                                                  NORMAL
..................................................................
TEMPERATURE (F)
 TODAY
  MAXIMUM         66    319 PM  93    2002  77    -11       85
  MINIMUM         47    627 AM  33    1892  48     -1       53
  AVERAGE         57                        62     -5       69

PRECIPITATION (IN)
  TODAY            T             0.88 1894   0.08  -0.08     0.02
  MONTH TO DATE    2.33                      2.12   0.21     3.76
  SINCE MAR 1      6.07                      4.75   1.32     7.20
  SINCE JAN 1      7.05                      5.53   1.52     8.83

DEGREE DAYS
 HEATING
  TODAY            8                         4      4        0
  MONTH TO DATE  326                       264     62      367
  SINCE MAR 1   1568                      1557     11     1459
  SINCE JUL 1   5556                      5996   -440     5572

 COOLING
  TODAY            0                         2     -2        4
  MONTH TO DATE    3                        21    -18        4
  SINCE MAR 1      3                        22    -19        4
  SINCE JAN 1      3                        22    -19        4
..................................................................


WIND (MPH)
  HIGHEST WIND SPEED    22   HIGHEST WIND DIRECTION     N (20)
  HIGHEST GUST SPEED    28   HIGHEST GUST DIRECTION     N (360)
  AVERAGE WIND SPEED     7.6


SKY COVER **
  POSSIBLE SUNSHINE  MM
  AVERAGE SKY COVER 0.9


WEATHER CONDITIONS
 THE FOLLOWING WEATHER WAS RECORDED TODAY.
  FOG


RELATIVE HUMIDITY (PERCENT)
 HIGHEST    86           200 AM
 LOWEST     60           300 PM
 AVERAGE    73

..........................................................


THE DENVER CO CLIMATE NORMALS FOR TOMORROW
                         NORMAL    RECORD    YEAR
 MAXIMUM TEMPERATURE (F)   77        96      2002
 MINIMUM TEMPERATURE (F)   48        32      1919


SUNRISE AND SUNSET
MAY 31 2016...........SUNRISE   532 AM MDT   SUNSET   821 PM MDT
JUNE  1 2016..........SUNRISE   532 AM MDT   SUNSET   822 PM MDT


-  INDICATES NEGATIVE NUMBERS.
R  INDICATES RECORD WAS SET OR TIED.
MM INDICATES DATA IS MISSING.
T  INDICATES TRACE AMOUNT.




$$
