000
CDUS45 KBOU 212337
CLIDEN


CLIMATE REPORT
NATIONAL WEATHER SERVICE DENVER/BOULDER CO
436 PM MST TUE NOV 21 2017


...................................

...THE DENVER CO CLIMATE SUMMARY FOR NOVEMBER 21 2017...
VALID TODAY AS OF 0400 PM LOCAL TIME.

CLIMATE NORMAL PERIOD 1981 TO 2010
CLIMATE RECORD PERIOD 1872 TO 2017


WEATHER ITEM   OBSERVED TIME   RECORD YEAR NORMAL DEPARTURE LAST
                VALUE   (LST)  VALUE       VALUE  FROM      YEAR
                                                  NORMAL
..................................................................
TEMPERATURE (F)
 TODAY
  MAXIMUM         55    200 AM  73    1974  49      6       65
  MINIMUM         33    903 AM   0    1929  22     11       41
  AVERAGE         44                        36      8       53

PRECIPITATION (IN)
  TODAY            0.02          0.34 1967   0.01   0.01      T
  MONTH TO DATE    0.29                      0.46  -0.17     0.22
  SINCE SEP 1      2.51                      2.44   0.07     0.76
  SINCE JAN 1     11.48                     13.80  -2.32    10.77

DEGREE DAYS
 HEATING
  TODAY           21                        29     -8       12
  MONTH TO DATE  444                       519    -75      329
  SINCE SEP 1   1021                      1084    -63      624
  SINCE JUL 1   1029                      1100    -71      639

 COOLING
  TODAY            0                         0      0        0
  MONTH TO DATE    0                         0      0        0
  SINCE SEP 1    132                        81     51      116
  SINCE JAN 1    881                       769    112      878
..................................................................


WIND (MPH)
  HIGHEST WIND SPEED    26   HIGHEST WIND DIRECTION     N (340)
  HIGHEST GUST SPEED    34   HIGHEST GUST DIRECTION     N (340)
  AVERAGE WIND SPEED     7.9


SKY COVER
  POSSIBLE SUNSHINE  MM
  AVERAGE SKY COVER 0.8


WEATHER CONDITIONS
 THE FOLLOWING WEATHER WAS RECORDED TODAY.
  LIGHT RAIN
  LIGHT SNOW


RELATIVE HUMIDITY (PERCENT)
 HIGHEST    76          1100 AM
 LOWEST     18          1200 AM
 AVERAGE    47

..........................................................


THE DENVER CO CLIMATE NORMALS FOR TOMORROW
                         NORMAL    RECORD    YEAR
 MAXIMUM TEMPERATURE (F)   49        74      1998
 MINIMUM TEMPERATURE (F)   22        -2      1880


SUNRISE AND SUNSET
NOVEMBER 21 2017......SUNRISE   651 AM MST   SUNSET   438 PM MST
NOVEMBER 22 2017......SUNRISE   652 AM MST   SUNSET   438 PM MST


-  INDICATES NEGATIVE NUMBERS.
R  INDICATES RECORD WAS SET OR TIED.
MM INDICATES DATA IS MISSING.
T  INDICATES TRACE AMOUNT.




$$
