000
CDUS45 KBOU 191226
CLIDEN


CLIMATE REPORT
NATIONAL WEATHER SERVICE DENVER/BOULDER CO
626 AM MDT TUE SEP 19 2017


...................................

...THE DENVER CO CLIMATE SUMMARY FOR SEPTEMBER 19 2017...
VALID AS OF 0600 AM LOCAL TIME.

CLIMATE NORMAL PERIOD 1981 TO 2010
CLIMATE RECORD PERIOD 1872 TO 2017


WEATHER ITEM   OBSERVED TIME   RECORD YEAR NORMAL DEPARTURE LAST
                VALUE   (LST)  VALUE       VALUE  FROM      YEAR
                                                  NORMAL
..................................................................
TEMPERATURE (F)
 TODAY
  MAXIMUM         64    400 AM  96    2010  77    -13       90
  MINIMUM         58    213 AM  20    1971  47     11       60
  AVERAGE         61                        62     -1       75

PRECIPITATION (IN)
  TODAY            0.00          1.31 1955   0.03  -0.03     0.00
  MONTH TO DATE    0.02                      0.62  -0.60     0.28
  SINCE SEP 1      0.02                      0.62  -0.60     0.28
  SINCE JAN 1      8.99                     11.98  -2.99    10.29

..................................................................


WIND (MPH)
  HIGHEST WIND SPEED    18   HIGHEST WIND DIRECTION     S (190)
  HIGHEST GUST SPEED    23   HIGHEST GUST DIRECTION     S (190)
  AVERAGE WIND SPEED    11.5




RELATIVE HUMIDITY (PERCENT)
 HIGHEST    36          1200 AM
 LOWEST     21           400 AM
 AVERAGE    29

..........................................................


THE DENVER CO CLIMATE NORMALS FOR TOMORROW
                         NORMAL    RECORD    YEAR
 MAXIMUM TEMPERATURE (F)   77        94      2010
 MINIMUM TEMPERATURE (F)   47        28      1983


SUNRISE AND SUNSET
SEPTEMBER 19 2017.....SUNRISE   644 AM MDT   SUNSET   701 PM MDT
SEPTEMBER 20 2017.....SUNRISE   645 AM MDT   SUNSET   659 PM MDT


-  INDICATES NEGATIVE NUMBERS.
R  INDICATES RECORD WAS SET OR TIED.
MM INDICATES DATA IS MISSING.
T  INDICATES TRACE AMOUNT.




$$
