000
CDUS45 KBOU 262330
CLIDEN


CLIMATE REPORT
NATIONAL WEATHER SERVICE DENVER CO
429 PM MST THU FEB 26 2015


...................................

...THE DENVER CO CLIMATE SUMMARY FOR FEBRUARY 26 2015...
VALID TODAY AS OF 0400 PM LOCAL TIME.

CLIMATE NORMAL PERIOD 1981 TO 2010
CLIMATE RECORD PERIOD 1872 TO 2015


WEATHER ITEM   OBSERVED TIME   RECORD YEAR NORMAL DEPARTURE LAST
                VALUE   (LST)  VALUE       VALUE  FROM      YEAR
                                                  NORMAL
..................................................................
TEMPERATURE (F)
 TODAY
  MAXIMUM         17    336 PM  71    1950  49    -32       47
  MINIMUM          4    601 AM  -8    2002  21    -17        1
                                      1962
  AVERAGE         11                        35    -24       24

PRECIPITATION (IN)
  TODAY            0.02          0.60 1884   0.02   0.00     0.00
  MONTH TO DATE    1.19                      0.34   0.85     0.19
  SINCE DEC 1      2.16                      1.10   1.06     1.38
  SINCE JAN 1      1.57                      0.75   0.82     1.13

DEGREE DAYS
 HEATING
  TODAY           54                        30     24       41
  MONTH TO DATE  753                       850    -97      978
  SINCE DEC 1   2748                      2999   -251     3152
  SINCE JUL 1   4002                      4381   -379     4475

 COOLING
  TODAY            0                         0      0        0
  MONTH TO DATE    0                         0      0        0
  SINCE DEC 1      0                         0      0        0
  SINCE JAN 1      0                         0      0        0
..................................................................


WIND (MPH)
  HIGHEST WIND SPEED    18   HIGHEST WIND DIRECTION     E (70)
  HIGHEST GUST SPEED    20   HIGHEST GUST DIRECTION     E (70)
  AVERAGE WIND SPEED     8.9


SKY COVER **
  POSSIBLE SUNSHINE  MM
  AVERAGE SKY COVER 0.9


WEATHER CONDITIONS
 THE FOLLOWING WEATHER WAS RECORDED TODAY.
  SNOW
  LIGHT SNOW
  FOG
  FOG W/VISIBILITY <= 1/4 MILE
  HAZE


RELATIVE HUMIDITY (PERCENT)
 HIGHEST    96           600 AM
 LOWEST     73           200 AM
 AVERAGE    85

..........................................................


THE DENVER CO CLIMATE NORMALS FOR TOMORROW
                         NORMAL    RECORD    YEAR
 MAXIMUM TEMPERATURE (F)   49        73      2006
                                             1904
 MINIMUM TEMPERATURE (F)   22       -13      1962


SUNRISE AND SUNSET
FEBRUARY 26 2015......SUNRISE   636 AM MST   SUNSET   546 PM MST
FEBRUARY 27 2015......SUNRISE   635 AM MST   SUNSET   547 PM MST


-  INDICATES NEGATIVE NUMBERS.
R  INDICATES RECORD WAS SET OR TIED.
MM INDICATES DATA IS MISSING.
T  INDICATES TRACE AMOUNT.




$$
