000
CDUS45 KBOU 282324
CLIDEN


CLIMATE REPORT
NATIONAL WEATHER SERVICE DENVER CO
524 PM MDT SAT MAR 28 2015


...................................

...THE DENVER CO CLIMATE SUMMARY FOR MARCH 28 2015...
VALID TODAY AS OF 0500 PM LOCAL TIME.

CLIMATE NORMAL PERIOD 1981 TO 2010
CLIMATE RECORD PERIOD 1872 TO 2015


WEATHER ITEM   OBSERVED TIME   RECORD YEAR NORMAL DEPARTURE LAST
                VALUE   (LST)  VALUE       VALUE  FROM      YEAR
                                                  NORMAL
..................................................................
TEMPERATURE (F)
 TODAY
  MAXIMUM         79    257 PM  83    1963  58     21       54
  MINIMUM         46    451 AM -11    1886  29     17       29
  AVERAGE         63                        43     20       42

PRECIPITATION (IN)
  TODAY            0.00          1.11 1992   0.04  -0.04     0.08
  MONTH TO DATE    0.79                      0.80  -0.01     0.83
  SINCE MAR 1      0.79                      0.80  -0.01     0.83
  SINCE JAN 1      2.42                      1.58   0.84     1.96

DEGREE DAYS
 HEATING
  TODAY            2                        22    -20       23
  MONTH TO DATE  577                       699   -122      693
  SINCE MAR 1    577                       699   -122      693
  SINCE JUL 1   4690                      5138   -448     5212

 COOLING
  TODAY            0                         0      0        0
  MONTH TO DATE    0                         0      0        0
  SINCE MAR 1      0                         0      0        0
  SINCE JAN 1      0                         0      0        0
..................................................................


WIND (MPH)
  HIGHEST WIND SPEED    28   HIGHEST WIND DIRECTION     W (280)
  HIGHEST GUST SPEED    33   HIGHEST GUST DIRECTION     W (290)
  AVERAGE WIND SPEED    12.7


SKY COVER **
  POSSIBLE SUNSHINE  MM
  AVERAGE SKY COVER 0.1


WEATHER CONDITIONS
 THE FOLLOWING WEATHER WAS RECORDED TODAY.
  NO SIGNIFICANT WEATHER WAS OBSERVED.


RELATIVE HUMIDITY (PERCENT)
 HIGHEST    53           400 AM
 LOWEST     11           100 PM
 AVERAGE    32

..........................................................


THE DENVER CO CLIMATE NORMALS FOR TOMORROW
                         NORMAL    RECORD    YEAR
 MAXIMUM TEMPERATURE (F)   58        79      1967
                                             1943
                                             1879
 MINIMUM TEMPERATURE (F)   30         2      1886


SUNRISE AND SUNSET
MARCH 28 2015.........SUNRISE   649 AM MST   SUNSET   718 PM MST
MARCH 29 2015.........SUNRISE   648 AM MST   SUNSET   719 PM MST


-  INDICATES NEGATIVE NUMBERS.
R  INDICATES RECORD WAS SET OR TIED.
MM INDICATES DATA IS MISSING.
T  INDICATES TRACE AMOUNT.




$$
