000
CDUS45 KBOU 260757
CLIDEN


CLIMATE REPORT
NATIONAL WEATHER SERVICE DENVER CO
1256 AM MST WED NOV 26 2014


...................................

...THE DENVER CO CLIMATE SUMMARY FOR NOVEMBER 25 2014...

CLIMATE NORMAL PERIOD 1981 TO 2010
CLIMATE RECORD PERIOD 1872 TO 2014


WEATHER ITEM   OBSERVED TIME   RECORD YEAR NORMAL DEPARTURE LAST
                VALUE   (LST)  VALUE       VALUE  FROM      YEAR
                                                  NORMAL
..................................................................
TEMPERATURE (F)
 YESTERDAY
  MAXIMUM         49    234 PM  77    1990  48      1       38
  MINIMUM         21   1201 AM  -7    1952  21      0       29
  AVERAGE         35                        34      1       34

PRECIPITATION (IN)
  YESTERDAY        T             0.35 1978   0.02  -0.02     0.01
  MONTH TO DATE    0.76                      0.53   0.23     0.27
  SINCE SEP 1      3.07                      2.51   0.56     6.60
  SINCE JAN 1     18.18                     13.87   4.31    17.35

SNOWFALL (IN)
  YESTERDAY          T
  MONTH TO DATE      4
  SINCE SEP 1        4
  SINCE JUL 1        4
  SNOW DEPTH       0


DEGREE DAYS
 HEATING
  YESTERDAY       30                        31     -1       31
  MONTH TO DATE  755                       641    114      606
  SINCE SEP 1   1145                      1206    -61     1214
  SINCE JUL 1   1152                      1222    -70     1214

 COOLING
  YESTERDAY        0                         0      0        0
  MONTH TO DATE    0                         0      0        0
  SINCE SEP 1     88                        81      7      133
  SINCE JAN 1    701                       769    -68      999
..................................................................


WIND (MPH)
  HIGHEST WIND SPEED    28   HIGHEST WIND DIRECTION    NE (40)
  HIGHEST GUST SPEED    32   HIGHEST GUST DIRECTION    NE (40)
  AVERAGE WIND SPEED    14.2


SKY COVER **
  POSSIBLE SUNSHINE  MM
  AVERAGE SKY COVER 0.6


WEATHER CONDITIONS
 THE FOLLOWING WEATHER WAS RECORDED YESTERDAY.
  LIGHT SNOW


RELATIVE HUMIDITY (PERCENT)
 HIGHEST    75           900 PM
 LOWEST     24           100 PM
 AVERAGE    50

..........................................................


THE DENVER CO CLIMATE NORMALS FOR TODAY
                         NORMAL    RECORD    YEAR
 MAXIMUM TEMPERATURE (F)   47        72      1998
 MINIMUM TEMPERATURE (F)   20       -12      1887


SUNRISE AND SUNSET
NOVEMBER 26 2014......SUNRISE   656 AM MST   SUNSET   436 PM MST
NOVEMBER 27 2014......SUNRISE   657 AM MST   SUNSET   436 PM MST


-  INDICATES NEGATIVE NUMBERS.
R  INDICATES RECORD WAS SET OR TIED.
MM INDICATES DATA IS MISSING.
T  INDICATES TRACE AMOUNT.

&&

** SUNSHINE DATA WILL NO LONGER BE AVAILABLE EFFECTIVE OCTOBER 1ST 2009.




$$
