000
CDUS44 KSHV 240737
CLIDEQ


CLIMATE REPORT
NATIONAL WEATHER SERVICE SHREVEPORT, LA
237 AM CDT WED AUG 24 2016


...................................

...THE DE QUEEN CLIMATE SUMMARY FOR AUGUST 23 2016...

CLIMATE NORMAL PERIOD 1981 TO 2010
CLIMATE RECORD PERIOD 1902 TO 2016


WEATHER ITEM   OBSERVED TIME   RECORD YEAR NORMAL DEPARTURE LAST
                VALUE   (LST)  VALUE       VALUE  FROM      YEAR
                                                  NORMAL
..................................................................
TEMPERATURE (F)
 YESTERDAY
  MAXIMUM         90    249 PM 105    2005  94     -4       87
  MINIMUM         70    614 AM  51    1956  68      2       71
  AVERAGE         80                        81     -1       79

PRECIPITATION (IN)
  YESTERDAY        0.00          5.02 1937   0.08  -0.08     0.07
  MONTH TO DATE    4.31                      1.59   2.72     0.82
  SINCE DEC 1     38.01                     35.37   2.64    38.35
  SINCE JAN 1     27.73                     31.01  -3.28    36.63

SNOWFALL (IN)
  YESTERDAY        0.0
  MONTH TO DATE    0.0
  SINCE JUN 1      0.0
  SINCE JUL 1      0.0
  SNOW DEPTH       0

DEGREE DAYS
 HEATING
  YESTERDAY        0                         0      0        0
  MONTH TO DATE    0                         0      0        0
  SINCE JUN 1      0                         0      0        0
  SINCE JUL 1      0                         0      0        0

 COOLING
  YESTERDAY       15                        16     -1       14
  MONTH TO DATE  380                       381     -1      389
  SINCE JUN 1   1405                      1256    149     1366
  SINCE JAN 1   1602                      1473    129     1600
..................................................................


WIND (MPH)
  HIGHEST WIND SPEED    14   HIGHEST WIND DIRECTION     S (200)
  HIGHEST GUST SPEED    18   HIGHEST GUST DIRECTION    SW (240)
  AVERAGE WIND SPEED     4.4


SKY COVER
  POSSIBLE SUNSHINE  MM
  AVERAGE SKY COVER 0.4


WEATHER CONDITIONS
 THE FOLLOWING WEATHER WAS RECORDED YESTERDAY.
  FOG


RELATIVE HUMIDITY (PERCENT)
 HIGHEST   100          1200 AM
 LOWEST     64           400 PM
 AVERAGE    82

..........................................................


THE DE QUEEN CLIMATE NORMALS FOR TODAY
                         NORMAL    RECORD    YEAR
 MAXIMUM TEMPERATURE (F)   94       106      1987
 MINIMUM TEMPERATURE (F)   68        57      1980


SUNRISE AND SUNSET
AUGUST 24 2016........SUNRISE   646 AM CDT   SUNSET   753 PM CDT
AUGUST 25 2016........SUNRISE   647 AM CDT   SUNSET   752 PM CDT


-  INDICATES NEGATIVE NUMBERS.
R  INDICATES RECORD WAS SET OR TIED.
MM INDICATES DATA IS MISSING.
T  INDICATES TRACE AMOUNT.




$$
