000
CDUS44 KSHV 232133
CLIDEQ


CLIMATE REPORT
NATIONAL WEATHER SERVICE SHREVEPORT, LA
431 PM CDT WED JUL 23 2014


...................................

...THE DE QUEEN CLIMATE SUMMARY FOR JULY 23 2014...
VALID TODAY AS OF 0400 PM LOCAL TIME.

CLIMATE NORMAL PERIOD 1981 TO 2010
CLIMATE RECORD PERIOD 1902 TO 2014


WEATHER ITEM   OBSERVED TIME   RECORD YEAR NORMAL DEPARTURE LAST
                VALUE   (LST)  VALUE       VALUE  FROM      YEAR
                                                  NORMAL
..................................................................
TEMPERATURE (F)
 TODAY
  MAXIMUM         91    219 PM 106    1943  93     -2       95
  MINIMUM         68    522 AM  57    1947  70     -2       73
  AVERAGE         80                        81     -1       84

PRECIPITATION (IN)
  TODAY            0.00          2.52 1949   0.10  -0.10     0.64
  MONTH TO DATE    3.76                      2.99   0.77     2.11
  SINCE DEC 1     22.10                     32.99 -10.89    20.12
  SINCE JAN 1     20.17                     28.63  -8.46    16.07

DEGREE DAYS
 HEATING
  TODAY            0                         0      0        0
  MONTH TO DATE    0                         0      0        0
  SINCE JUN 1      0                         0      0        0
  SINCE JUL 1      0                         0      0        0

 COOLING
  TODAY           15                        16     -1       19
  MONTH TO DATE  273                       367    -94      338
  SINCE JUN 1    595                       745   -150      726
  SINCE JAN 1    802                       962   -160      958
..................................................................


WIND (MPH)
  HIGHEST WIND SPEED    13   HIGHEST WIND DIRECTION    SW (240)
  HIGHEST GUST SPEED    16   HIGHEST GUST DIRECTION    SW (230)
  AVERAGE WIND SPEED     3.5


SKY COVER
  POSSIBLE SUNSHINE  MM
  AVERAGE SKY COVER 0.3


WEATHER CONDITIONS
 THE FOLLOWING WEATHER WAS RECORDED TODAY.
  FOG
  FOG W/VISIBILITY <= 1/4 MILE


RELATIVE HUMIDITY (PERCENT)
 HIGHEST   100          1200 AM
 LOWEST     68          1200 PM
 AVERAGE    84

..........................................................


THE DE QUEEN CLIMATE NORMALS FOR TOMORROW
                         NORMAL    RECORD    YEAR
 MAXIMUM TEMPERATURE (F)   93       108      1954
 MINIMUM TEMPERATURE (F)   70        59      1947


SUNRISE AND SUNSET
JULY 23 2014..........SUNRISE   623 AM CDT   SUNSET   825 PM CDT
JULY 24 2014..........SUNRISE   623 AM CDT   SUNSET   825 PM CDT


-  INDICATES NEGATIVE NUMBERS.
R  INDICATES RECORD WAS SET OR TIED.
MM INDICATES DATA IS MISSING.
T  INDICATES TRACE AMOUNT.




$$
