000
CDUS44 KSHV 120838
CLIDEQ


CLIMATE REPORT
NATIONAL WEATHER SERVICE SHREVEPORT, LA
233 AM CST TUE DEC 12 2017


...................................

...THE DE QUEEN CLIMATE SUMMARY FOR DECEMBER 11 2017...

CLIMATE NORMAL PERIOD 1981 TO 2010
CLIMATE RECORD PERIOD 1902 TO 2017


WEATHER ITEM   OBSERVED TIME   RECORD YEAR NORMAL DEPARTURE LAST
                VALUE   (LST)  VALUE       VALUE  FROM      YEAR
                                                  NORMAL
..................................................................
TEMPERATURE (F)
 YESTERDAY
  MAXIMUM         75    319 PM  77    2007  56     19       63
  MINIMUM         26    727 AM  14    1995  31     -5       45
  AVERAGE         51                        43      8       54

PRECIPITATION (IN)
  YESTERDAY        0.00          4.50 1985   0.14  -0.14     0.02
  MONTH TO DATE    0.90                      1.35  -0.45     0.89
  SINCE DEC 1      0.90                      1.35  -0.45     0.89
  SINCE JAN 1     36.42                     45.98  -9.56    35.71

SNOWFALL (IN)
  YESTERDAY        0.0
  MONTH TO DATE    0.0
  SINCE DEC 1      0.0
  SINCE JUL 1      0.0
  SNOW DEPTH       0

DEGREE DAYS
 HEATING
  YESTERDAY       14                        22     -8       11
  MONTH TO DATE  184                       227    -43      229
  SINCE DEC 1    184                       227    -43      229
  SINCE JUL 1    647                       753   -106      543

 COOLING
  YESTERDAY        0                         0      0        0
  MONTH TO DATE    1                         0      1        0
  SINCE DEC 1      1                         0      1        0
  SINCE JAN 1   2089                      1941    148     2239
..................................................................


WIND (MPH)
  HIGHEST WIND SPEED    16   HIGHEST WIND DIRECTION     N (340)
  HIGHEST GUST SPEED    22   HIGHEST GUST DIRECTION     N (350)
  AVERAGE WIND SPEED     4.5


SKY COVER
  POSSIBLE SUNSHINE  MM
  AVERAGE SKY COVER 0.0


WEATHER CONDITIONS
 THE FOLLOWING WEATHER WAS RECORDED YESTERDAY.
  NO SIGNIFICANT WEATHER WAS OBSERVED.


RELATIVE HUMIDITY (PERCENT)
 HIGHEST   100           200 AM
 LOWEST     13           400 PM
 AVERAGE    57

..........................................................


THE DE QUEEN CLIMATE NORMALS FOR TODAY
                         NORMAL    RECORD    YEAR
 MAXIMUM TEMPERATURE (F)   56        78      1996
 MINIMUM TEMPERATURE (F)   31        12      1962


SUNRISE AND SUNSET
DECEMBER 12 2017......SUNRISE   714 AM CST   SUNSET   509 PM CST
DECEMBER 13 2017......SUNRISE   715 AM CST   SUNSET   509 PM CST


-  INDICATES NEGATIVE NUMBERS.
R  INDICATES RECORD WAS SET OR TIED.
MM INDICATES DATA IS MISSING.
T  INDICATES TRACE AMOUNT.




$$
