000
CDUS44 KSHV 172133
CLIDEQ


CLIMATE REPORT
NATIONAL WEATHER SERVICE SHREVEPORT, LA
432 PM CDT THU APR 17 2014


...................................

...THE DE QUEEN CLIMATE SUMMARY FOR APRIL 17 2014...
VALID TODAY AS OF 0400 PM LOCAL TIME.

CLIMATE NORMAL PERIOD 1981 TO 2010
CLIMATE RECORD PERIOD 1902 TO 2014


WEATHER ITEM   OBSERVED TIME   RECORD YEAR NORMAL DEPARTURE LAST
                VALUE   (LST)  VALUE       VALUE  FROM      YEAR
                                                  NORMAL
..................................................................
TEMPERATURE (F)
 TODAY
  MAXIMUM         67    243 PM  89    2006  74     -7       86
  MINIMUM         37    600 AM  27    1951  49    -12       73
  AVERAGE         52                        62    -10       80

PRECIPITATION (IN)
  TODAY            0.00          3.53 1943   0.13  -0.13     0.00
  MONTH TO DATE    3.08                      1.94   1.14     1.08
  SINCE DEC 1     10.10                     17.94  -7.84    10.63
  SINCE JAN 1      8.17                     13.58  -5.41     6.58

SNOWFALL (IN)
  TODAY            0.0
  MONTH TO DATE    0.0
  SINCE MAR 1      T
  SINCE JUL 1      1.2
  SNOW DEPTH       0

DEGREE DAYS
 HEATING
  TODAY           13                         5      8        0
  MONTH TO DATE  147                       113     34      112
  SINCE MAR 1    608                       490    118      578
  SINCE JUL 1   3380                      2981    399     2893

 COOLING
  TODAY            0                         1     -1       15
  MONTH TO DATE   17                        17      0       49
  SINCE MAR 1     18                        26     -8       49
  SINCE JAN 1     18                        28    -10       53
..................................................................


WIND (MPH)
  HIGHEST WIND SPEED    14   HIGHEST WIND DIRECTION    SE (150)
  HIGHEST GUST SPEED    18   HIGHEST GUST DIRECTION    SE (150)
  AVERAGE WIND SPEED     4.0


SKY COVER
  POSSIBLE SUNSHINE  MM
  AVERAGE SKY COVER 0.2


WEATHER CONDITIONS
 THE FOLLOWING WEATHER WAS RECORDED TODAY.
  FOG


RELATIVE HUMIDITY (PERCENT)
 HIGHEST   100          1200 AM
 LOWEST     42           300 PM
 AVERAGE    71

..........................................................


THE DE QUEEN CLIMATE NORMALS FOR TOMORROW
                         NORMAL    RECORD    YEAR
 MAXIMUM TEMPERATURE (F)   75        93      2006
 MINIMUM TEMPERATURE (F)   49        34      1999


SUNRISE AND SUNSET
APRIL 17 2014.........SUNRISE   644 AM CDT   SUNSET   751 PM CDT
APRIL 18 2014.........SUNRISE   643 AM CDT   SUNSET   751 PM CDT


-  INDICATES NEGATIVE NUMBERS.
R  INDICATES RECORD WAS SET OR TIED.
MM INDICATES DATA IS MISSING.
T  INDICATES TRACE AMOUNT.




$$
