000
CDUS44 KSHV 220900
CLIDEQ


CLIMATE REPORT
NATIONAL WEATHER SERVICE SHREVEPORT, LA
300 AM CST SUN JAN 22 2017


...................................

...THE DE QUEEN CLIMATE SUMMARY FOR JANUARY 21 2017...

CLIMATE NORMAL PERIOD 1981 TO 2010
CLIMATE RECORD PERIOD 1902 TO 2017


WEATHER ITEM   OBSERVED TIME   RECORD YEAR NORMAL DEPARTURE LAST
                VALUE   (LST)  VALUE       VALUE  FROM      YEAR
                                                  NORMAL
..................................................................
TEMPERATURE (F)
 YESTERDAY
  MAXIMUM         65    458 PM  76    1986  54     11       44
  MINIMUM         40    637 AM   8    1985  29     11       35
  AVERAGE         53                        41     12       40

PRECIPITATION (IN)
  YESTERDAY        0.02          2.18 1958   0.10  -0.08     0.15
  MONTH TO DATE    2.61                      2.24   0.37     0.87
  SINCE DEC 1      5.32                      6.60  -1.28    11.15
  SINCE JAN 1      2.61                      2.24   0.37     0.87

SNOWFALL (IN)
  YESTERDAY        0.0
  MONTH TO DATE    0.3
  SINCE DEC 1      0.3
  SINCE JUL 1      0.3
  SNOW DEPTH       0

DEGREE DAYS
 HEATING
  YESTERDAY       12                        24    -12       25
  MONTH TO DATE  364                       498   -134      490
  SINCE DEC 1    955                      1181   -226      942
  SINCE JUL 1   1269                      1707   -438     1283

 COOLING
  YESTERDAY        0                         0      0        0
  MONTH TO DATE    3                         0      3        0
  SINCE DEC 1      5                         0      5        3
  SINCE JAN 1      3                         0      3        0
..................................................................


WIND (MPH)
  HIGHEST WIND SPEED    15   HIGHEST WIND DIRECTION     W (270)
  HIGHEST GUST SPEED    19   HIGHEST GUST DIRECTION     W (270)
  AVERAGE WIND SPEED     2.3


SKY COVER
  POSSIBLE SUNSHINE  MM
  AVERAGE SKY COVER 0.6


WEATHER CONDITIONS
 THE FOLLOWING WEATHER WAS RECORDED YESTERDAY.
  THUNDERSTORM
  FOG


RELATIVE HUMIDITY (PERCENT)
 HIGHEST   100          1200 AM
 LOWEST     84           200 PM
 AVERAGE    92

..........................................................


THE DE QUEEN CLIMATE NORMALS FOR TODAY
                         NORMAL    RECORD    YEAR
 MAXIMUM TEMPERATURE (F)   54        78      1943
 MINIMUM TEMPERATURE (F)   29        11      1959


SUNRISE AND SUNSET
JANUARY 22 2017.......SUNRISE   720 AM CST   SUNSET   539 PM CST
JANUARY 23 2017.......SUNRISE   720 AM CST   SUNSET   540 PM CST


-  INDICATES NEGATIVE NUMBERS.
R  INDICATES RECORD WAS SET OR TIED.
MM INDICATES DATA IS MISSING.
T  INDICATES TRACE AMOUNT.




$$
