000
CDUS44 KSHV 290744
CLIDEQ


CLIMATE REPORT
NATIONAL WEATHER SERVICE SHREVEPORT, LA
244 AM CDT WED MAR 29 2017


...................................

...THE DE QUEEN CLIMATE SUMMARY FOR MARCH 28 2017...

CLIMATE NORMAL PERIOD 1981 TO 2010
CLIMATE RECORD PERIOD 1902 TO 2017


WEATHER ITEM   OBSERVED TIME   RECORD YEAR NORMAL DEPARTURE LAST
                VALUE   (LST)  VALUE       VALUE  FROM      YEAR
                                                  NORMAL
..................................................................
TEMPERATURE (F)
 YESTERDAY
  MAXIMUM         76    502 PM  88    1967  69      7       68
  MINIMUM         51    358 AM  27    1942  43      8       32
  AVERAGE         64                        56      8       50

PRECIPITATION (IN)
  YESTERDAY        0.00          4.50 1977   0.19  -0.19     0.00
  MONTH TO DATE    3.34                      4.06  -0.72     3.53
  SINCE DEC 1     10.23                     15.42  -5.19    16.06
  SINCE JAN 1      7.52                     11.06  -3.54     5.78

SNOWFALL (IN)
  YESTERDAY        0.0
  MONTH TO DATE    0.0
  SINCE MAR 1      0.0
  SINCE JUL 1      0.3
  SNOW DEPTH       0

DEGREE DAYS
 HEATING
  YESTERDAY        1                         9     -8       15
  MONTH TO DATE  220                       349   -129      249
  SINCE MAR 1    220                       349   -129      249
  SINCE JUL 1   1989                      2840   -851     2201

 COOLING
  YESTERDAY        0                         0      0        0
  MONTH TO DATE   26                         0     26        5
  SINCE MAR 1     26                         0     26        5
  SINCE JAN 1     36                         2     34        5
..................................................................


WIND (MPH)
  HIGHEST WIND SPEED    15   HIGHEST WIND DIRECTION     E (110)
  HIGHEST GUST SPEED    20   HIGHEST GUST DIRECTION     E (100)
  AVERAGE WIND SPEED     6.9


SKY COVER
  POSSIBLE SUNSHINE  MM
  AVERAGE SKY COVER 0.5


WEATHER CONDITIONS
 THE FOLLOWING WEATHER WAS RECORDED YESTERDAY.
  FOG


RELATIVE HUMIDITY (PERCENT)
 HIGHEST   100           100 AM
 LOWEST     68          1100 AM
 AVERAGE    84

..........................................................


THE DE QUEEN CLIMATE NORMALS FOR TODAY
                         NORMAL    RECORD    YEAR
 MAXIMUM TEMPERATURE (F)   69        89      1967
 MINIMUM TEMPERATURE (F)   43        27      1955


SUNRISE AND SUNSET
MARCH 29 2017.........SUNRISE   709 AM CDT   SUNSET   736 PM CDT
MARCH 30 2017.........SUNRISE   707 AM CDT   SUNSET   737 PM CDT


-  INDICATES NEGATIVE NUMBERS.
R  INDICATES RECORD WAS SET OR TIED.
MM INDICATES DATA IS MISSING.
T  INDICATES TRACE AMOUNT.




$$
