000
CDUS44 KSHV 230733
CLIDEQ


CLIMATE REPORT
NATIONAL WEATHER SERVICE SHREVEPORT, LA
232 AM CDT WED AUG 23 2017


...................................

...THE DE QUEEN CLIMATE SUMMARY FOR AUGUST 22 2017...

CLIMATE NORMAL PERIOD 1981 TO 2010
CLIMATE RECORD PERIOD 1902 TO 2017


WEATHER ITEM   OBSERVED TIME   RECORD YEAR NORMAL DEPARTURE LAST
                VALUE   (LST)  VALUE       VALUE  FROM      YEAR
                                                  NORMAL
..................................................................
TEMPERATURE (F)
 YESTERDAY
  MAXIMUM         95    344 PM 107    1980  94      1       83
  MINIMUM         71    619 AM  51    1956  68      3       68
  AVERAGE         83                        81      2       76

PRECIPITATION (IN)
  YESTERDAY        0.00          4.88 1937   0.07  -0.07     0.01
  MONTH TO DATE    7.47                      1.51   5.96     4.31
  SINCE DEC 1     35.95                     35.29   0.66    38.01
  SINCE JAN 1     33.24                     30.93   2.31    27.73

SNOWFALL (IN)
  YESTERDAY        0.0
  MONTH TO DATE    0.0
  SINCE JUN 1      0.0
  SINCE JUL 1      0.0
  SNOW DEPTH       0

DEGREE DAYS
 HEATING
  YESTERDAY        0                         0      0        0
  MONTH TO DATE    0                         0      0        0
  SINCE JUN 1      0                         0      0        0
  SINCE JUL 1      0                         0      0        0

 COOLING
  YESTERDAY       18                        16      2       11
  MONTH TO DATE  331                       365    -34      365
  SINCE JUN 1   1242                      1240      2     1390
  SINCE JAN 1   1522                      1457     65     1587
..................................................................


WIND (MPH)
  HIGHEST WIND SPEED    14   HIGHEST WIND DIRECTION     E (100)
  HIGHEST GUST SPEED    17   HIGHEST GUST DIRECTION     E (90)
  AVERAGE WIND SPEED     3.1


SKY COVER
  POSSIBLE SUNSHINE  MM
  AVERAGE SKY COVER 0.3


WEATHER CONDITIONS
 THE FOLLOWING WEATHER WAS RECORDED YESTERDAY.
  THUNDERSTORM
  FOG
  FOG W/VISIBILITY <= 1/4 MILE


RELATIVE HUMIDITY (PERCENT)
 HIGHEST   100          1200 AM
 LOWEST     56           300 PM
 AVERAGE    78

..........................................................


THE DE QUEEN CLIMATE NORMALS FOR TODAY
                         NORMAL    RECORD    YEAR
 MAXIMUM TEMPERATURE (F)   94       105      2005
 MINIMUM TEMPERATURE (F)   68        51      1956


SUNRISE AND SUNSET
AUGUST 23 2017........SUNRISE   645 AM CDT   SUNSET   755 PM CDT
AUGUST 24 2017........SUNRISE   646 AM CDT   SUNSET   753 PM CDT


-  INDICATES NEGATIVE NUMBERS.
R  INDICATES RECORD WAS SET OR TIED.
MM INDICATES DATA IS MISSING.
T  INDICATES TRACE AMOUNT.




$$
