000
CDUS46 KOTX 010824
CLIDEW


CLIMATE REPORT
NATIONAL WEATHER SERVICE SPOKANE, WA
121 AM PDT SAT AUG 1 2015


...................................

...THE DEER_PARK WA AIRPORT CLIMATE SUMMARY FOR JULY 31 2015...

CLIMATE NORMAL PERIOD 1981 TO 2010
CLIMATE RECORD PERIOD 9999 TO 9999


WEATHER ITEM   OBSERVED TIME   RECORD YEAR NORMAL DEPARTURE LAST
                VALUE   (LST)  VALUE       VALUE  FROM      YEAR
                                                  NORMAL
..................................................................
TEMPERATURE (F)
 YESTERDAY
  MAXIMUM        102    212 PM  MM      MM  86     16       99
  MINIMUM         47    500 AM  MM      MM  49     -2       49
  AVERAGE         75                        67      8       74

PRECIPITATION (IN)
  YESTERDAY        0.00         MM      MM   0.01  -0.01     0.00
  MONTH TO DATE    0.15                      0.90  -0.75     0.09
  SINCE OCT 1     16.62                     20.42  -3.80    17.48
  SINCE JAN 1     10.23                     12.60  -2.37    13.68

SNOWFALL (IN)
  YESTERDAY       MM

DEGREE DAYS
 HEATING
  YESTERDAY        0                         1     -1        0
  MONTH TO DATE   14                        64    -50       18
  SINCE JUN 1     92                       268   -176      224
  SINCE JUL 1     14                        68    -54       18

 COOLING
  YESTERDAY       10                         3      7        9
  MONTH TO DATE  158                        77     81      210
  SINCE JUN 1    261                        94    167      212
  SINCE JAN 1    272                        97    175      212
..................................................................


WIND (MPH)
  HIGHEST WIND SPEED    20   HIGHEST WIND DIRECTION    SW (220)
  HIGHEST GUST SPEED    23   HIGHEST GUST DIRECTION    SW (220)
  AVERAGE WIND SPEED     3.1


SKY COVER
  POSSIBLE SUNSHINE  MM
  AVERAGE SKY COVER 0.0


WEATHER CONDITIONS
 THE FOLLOWING WEATHER WAS RECORDED YESTERDAY.
  HAZE


RELATIVE HUMIDITY (PERCENT)
 HIGHEST    60           500 AM
 LOWEST      7           500 PM
 AVERAGE    34

..........................................................


THE DEER_PARK WA AIRPORT CLIMATE NORMALS FOR TODAY
                         NORMAL    RECORD    YEAR
 MAXIMUM TEMPERATURE (F)   86        MM        MM
 MINIMUM TEMPERATURE (F)   49        MM        MM


SUNRISE AND SUNSET
AUGUST  1 2015........SUNRISE   526 AM PDT   SUNSET   825 PM PDT
AUGUST  2 2015........SUNRISE   527 AM PDT   SUNSET   824 PM PDT


-  INDICATES NEGATIVE NUMBERS.
R  INDICATES RECORD WAS SET OR TIED.
MM INDICATES DATA IS MISSING.
T  INDICATES TRACE AMOUNT.




$$
