000
CDUS46 KOTX 220824
CLIDEW


CLIMATE REPORT
NATIONAL WEATHER SERVICE SPOKANE, WA
120 AM PDT TUE JUL 22 2014


...................................

...THE DEER_PARK WA AIRPORT CLIMATE SUMMARY FOR JULY 21 2014...

CLIMATE NORMAL PERIOD 1981 TO 2010
CLIMATE RECORD PERIOD 9999 TO 9999


WEATHER ITEM   OBSERVED TIME   RECORD YEAR NORMAL DEPARTURE LAST
                VALUE   (LST)  VALUE       VALUE  FROM      YEAR
                                                  NORMAL
..................................................................
TEMPERATURE (F)
 YESTERDAY
  MAXIMUM         77    440 PM   MM    MM   85     -8       91
  MINIMUM         49    511 AM   MM    MM   48      1       45
  AVERAGE         63                        66     -3       68

PRECIPITATION (IN)
  YESTERDAY        0.00          MM    MM   0.02  -0.02     0.00
  MONTH TO DATE    0.06                     0.75  -0.69     0.00
  SINCE OCT 1     17.45                    20.27  -2.82    18.70
  SINCE JAN 1     13.65                    12.45   1.20     9.86

SNOWFALL (IN)
  YESTERDAY       MM             MM    MM    MM     MM       MM
  MONTH TO DATE   MM                         MM     MM       MM
  SINCE JUN 1     MM                         MM     MM       MM
  SINCE JUL 1     MM                         MM     MM       MM
  SNOW DEPTH      MM

DEGREE DAYS
 HEATING
  YESTERDAY        2                         1      1        0
  MONTH TO DATE    2                        54    -52       22
  SINCE JUN 1    208                       254    -46      224
  SINCE JUL 1      2                        54    -52       22

 COOLING
  YESTERDAY        0                         3     -3        3
  MONTH TO DATE  145                        45    100       76
  SINCE JUN 1    147                        62     85       92
  SINCE JAN 1    147                        65     82       95
..................................................................


WIND (MPH)
  HIGHEST WIND SPEED    15   HIGHEST WIND DIRECTION     S (180)
  HIGHEST GUST SPEED    23   HIGHEST GUST DIRECTION     S (190)
  AVERAGE WIND SPEED     7.2


SKY COVER
  POSSIBLE SUNSHINE  MM
  AVERAGE SKY COVER 0.0


WEATHER CONDITIONS
 THE FOLLOWING WEATHER WAS RECORDED YESTERDAY.
  NO SIGNIFICANT WEATHER WAS OBSERVED.


RELATIVE HUMIDITY (PERCENT)
 HIGHEST    68           500 AM
 LOWEST     29           300 PM
 AVERAGE    49

..........................................................


THE DEER_PARK WA AIRPORT CLIMATE NORMALS FOR TODAY
                         NORMAL    RECORD    YEAR
 MAXIMUM TEMPERATURE (F)   85        MM        MM
 MINIMUM TEMPERATURE (F)   48        MM        MM


SUNRISE AND SUNSET
JULY 22 2014..........SUNRISE   514 AM PDT   SUNSET   838 PM PDT
JULY 23 2014..........SUNRISE   515 AM PDT   SUNSET   837 PM PDT


-  INDICATES NEGATIVE NUMBERS.
R  INDICATES RECORD WAS SET OR TIED.
MM INDICATES DATA IS MISSING.
T  INDICATES TRACE AMOUNT.

$$
