000
CDUS44 KFWD 220638
CLIDFW

CLIMATE REPORT
NATIONAL WEATHER SERVICE FORT WORTH TX
1239 AM CST MON DEC 22 2014


...................................

...THE DALLAS FORT WORTH CLIMATE SUMMARY FOR DECEMBER 21 2014...

CLIMATE NORMAL PERIOD 1981 TO 2010
CLIMATE RECORD PERIOD 1898 TO 2014


WEATHER ITEM   OBSERVED TIME   RECORD YEAR NORMAL DEPARTURE LAST
                VALUE   (LST)  VALUE       VALUE  FROM      YEAR
                                                  NORMAL
..................................................................
TEMPERATURE (F)
 YESTERDAY
  MAXIMUM         53   1159 PM  85    2010  56     -3       52
  MINIMUM         47    935 AM  10    1983  36     11       35
  AVERAGE         50                        46      4       44

PRECIPITATION (IN)
  YESTERDAY        T             1.88 1907   0.08  -0.08     1.48
  MONTH TO DATE    0.65                      1.77  -1.12     2.76
  SINCE DEC 1      0.65                      1.77  -1.12     2.76
  SINCE JAN 1     20.84                     35.36 -14.52    29.40

SNOWFALL (IN)
  YESTERDAY        0.0           2.8  1927   0.0    0.0      0.0
  MONTH TO DATE    0.0                       0.2   -0.2      2.1
  SINCE DEC 1      0.0                       0.2   -0.2      2.1
  SINCE JUL 1      T                         0.2   -0.2      2.1
  SNOW DEPTH       0

DEGREE DAYS
 HEATING
  YESTERDAY       15                        19     -4       21
  MONTH TO DATE  268                       363    -95      430
  SINCE DEC 1    268                       363    -95      430
  SINCE JUL 1    686                       717    -31      831

 COOLING
  YESTERDAY        0                         0      0        0
  MONTH TO DATE    1                         0      1        0
  SINCE DEC 1      1                         0      1        0
  SINCE JAN 1   2952                      2752    200     2930
..................................................................


WIND (MPH)
  HIGHEST WIND SPEED    21   HIGHEST WIND DIRECTION     S (170)
  HIGHEST GUST SPEED    26   HIGHEST GUST DIRECTION     S (170)
  AVERAGE WIND SPEED    12.2


SKY COVER
  POSSIBLE SUNSHINE  MM
  AVERAGE SKY COVER 1.0


WEATHER CONDITIONS
 THE FOLLOWING WEATHER WAS RECORDED YESTERDAY.
  LIGHT RAIN
  FOG


RELATIVE HUMIDITY (PERCENT)
 HIGHEST    93          1200 AM
 LOWEST     77           300 PM
 AVERAGE    85

..........................................................


THE DALLAS FORT WORTH CLIMATE NORMALS FOR TODAY
                         NORMAL    RECORD    YEAR
 MAXIMUM TEMPERATURE (F)   56        81      1964
 MINIMUM TEMPERATURE (F)   36         3      1989


SUNRISE AND SUNSET
DECEMBER 22 2014......SUNRISE   727 AM CST   SUNSET   526 PM CST
DECEMBER 23 2014......SUNRISE   728 AM CST   SUNSET   527 PM CST


-  INDICATES NEGATIVE NUMBERS.
R  INDICATES RECORD WAS SET OR TIED.
MM INDICATES DATA IS MISSING.
T  INDICATES TRACE AMOUNT.


$$

58
