000
CDUS44 KFWD 220641
CLIDFW


CLIMATE REPORT
NATIONAL WEATHER SERVICE FORT WORTH TX
1240 AM CST WED NOV 22 2017


...................................

...THE DALLAS FORT WORTH CLIMATE SUMMARY FOR NOVEMBER 21 2017...

CLIMATE NORMAL PERIOD 1981 TO 2010
CLIMATE RECORD PERIOD 1898 TO 2017


WEATHER ITEM   OBSERVED TIME   RECORD YEAR NORMAL DEPARTURE LAST
                VALUE   (LST)  VALUE       VALUE  FROM      YEAR
                                                  NORMAL
..................................................................
TEMPERATURE (F)
 YESTERDAY
  MAXIMUM         71    219 PM  83    1967  65      6       73
                                      1900
  MINIMUM         48    446 AM  22    1906  44      4       39
  AVERAGE         60                        54      6       56

PRECIPITATION (IN)
  YESTERDAY        0.00          1.40 1916   0.08  -0.08     0.00
  MONTH TO DATE    0.81                      2.04  -1.23     2.41
  SINCE SEP 1      3.40                      8.81  -5.41     5.40
  SINCE JAN 1     32.06                     32.92  -0.86    34.07

SNOWFALL (IN)
  YESTERDAY        0.0           2.2  1929   0.0    0.0      0.0
  MONTH TO DATE    0.0                       0.0    0.0      0.0
  SINCE SEP 1      0.0                       0.0    0.0      0.0
  SINCE JUL 1      0.0                       0.0    0.0      0.0
  SNOW DEPTH       0

DEGREE DAYS
 HEATING
  YESTERDAY        5                        11     -6        9
  MONTH TO DATE   86                       164    -78       55
  SINCE SEP 1    145                       236    -91       56
  SINCE JUL 1    145                       236    -91       56

 COOLING
  YESTERDAY        0                         0      0        0
  MONTH TO DATE   71                        27     44       60
  SINCE SEP 1    756                       568    188      852
  SINCE JAN 1   3257                      2750    507     3203
..................................................................


WIND (MPH)
  HIGHEST WIND SPEED    23   HIGHEST WIND DIRECTION     N (10)
  HIGHEST GUST SPEED    29   HIGHEST GUST DIRECTION     N (350)
  AVERAGE WIND SPEED    10.8


SKY COVER
  POSSIBLE SUNSHINE  MM
  AVERAGE SKY COVER 0.6


WEATHER CONDITIONS
 THE FOLLOWING WEATHER WAS RECORDED YESTERDAY.
  NO SIGNIFICANT WEATHER WAS OBSERVED.


RELATIVE HUMIDITY (PERCENT)
 HIGHEST    89           800 AM
 LOWEST     47           200 PM
 AVERAGE    68

..........................................................


THE DALLAS FORT WORTH CLIMATE NORMALS FOR TODAY
                         NORMAL    RECORD    YEAR
 MAXIMUM TEMPERATURE (F)   64        89      1955
 MINIMUM TEMPERATURE (F)   44        23      1898


SUNRISE AND SUNSET
NOVEMBER 22 2017......SUNRISE   705 AM CST   SUNSET   523 PM CST
NOVEMBER 23 2017......SUNRISE   706 AM CST   SUNSET   523 PM CST


-  INDICATES NEGATIVE NUMBERS.
R  INDICATES RECORD WAS SET OR TIED.
MM INDICATES DATA IS MISSING.
T  INDICATES TRACE AMOUNT.




$$
