000
CDUS44 KFWD 050644
CLIDFW


CLIMATE REPORT
NATIONAL WEATHER SERVICE FORT WORTH TX
143 AM CDT SAT SEP 5 2015

...THE DALLAS FORT WORTH CLIMATE SUMMARY FOR SEPTEMBER 4 2015...

CLIMATE NORMAL PERIOD 1981 TO 2010
CLIMATE RECORD PERIOD 1898 TO 2015


WEATHER ITEM   OBSERVED TIME   RECORD YEAR NORMAL DEPARTURE LAST
                VALUE   (LST)  VALUE       VALUE  FROM      YEAR
                                                  NORMAL
..................................................................
TEMPERATURE (F)
 YESTERDAY
  MAXIMUM         96    409 PM 111    2000  92      4       97
  MINIMUM         78    641 AM  55    1974  72      6       78
  AVERAGE         87                        82      5       88

PRECIPITATION (IN)
  YESTERDAY        0.00          4.54 1943   0.09  -0.09     0.00
  MONTH TO DATE    0.00                      0.38  -0.38     0.00
  SINCE SEP 1      0.00                      0.38  -0.38     0.00
  SINCE JAN 1     36.96                     24.49  12.47    15.91

DEGREE DAYS
 HEATING
  YESTERDAY        0                         0      0        0
  MONTH TO DATE    0                         0      0        0
  SINCE SEP 1      0                         0      0        0
  SINCE JUL 1      0                         0      0        0

 COOLING
  YESTERDAY       22                        17      5       23
  MONTH TO DATE   81                        70     11       92
  SINCE SEP 1     81                        70     11       92
  SINCE JAN 1   2313                      2252     61     2348
..................................................................


WIND (MPH)
  HIGHEST WIND SPEED    15   HIGHEST WIND DIRECTION    SE (130)
  HIGHEST GUST SPEED    19   HIGHEST GUST DIRECTION    SE (120)
  AVERAGE WIND SPEED     8.8


SKY COVER
  POSSIBLE SUNSHINE  MM
  AVERAGE SKY COVER 0.4


WEATHER CONDITIONS
 THE FOLLOWING WEATHER WAS RECORDED YESTERDAY.
  NO SIGNIFICANT WEATHER WAS OBSERVED.


RELATIVE HUMIDITY (PERCENT)
 HIGHEST    79           700 AM
 LOWEST     39           500 PM
 AVERAGE    59

..........................................................


THE DALLAS FORT WORTH CLIMATE NORMALS FOR TODAY
                         NORMAL    RECORD    YEAR
 MAXIMUM TEMPERATURE (F)   92       104      1913
 MINIMUM TEMPERATURE (F)   71        55      1974


SUNRISE AND SUNSET
SEPTEMBER  5 2015.....SUNRISE   705 AM CDT   SUNSET   748 PM CDT
SEPTEMBER  6 2015.....SUNRISE   706 AM CDT   SUNSET   747 PM CDT


-  INDICATES NEGATIVE NUMBERS.
R  INDICATES RECORD WAS SET OR TIED.
MM INDICATES DATA IS MISSING.
T  INDICATES TRACE AMOUNT.




$$
