000
CDUS44 KFWD 210641
CLIDFW

CLIMATE REPORT
NATIONAL WEATHER SERVICE FORT WORTH TX
139 AM CDT TUE OCT 21 2014


...THE DALLAS FORT WORTH CLIMATE SUMMARY FOR OCTOBER 20 2014...

CLIMATE NORMAL PERIOD 1981 TO 2010
CLIMATE RECORD PERIOD 1898 TO 2014


WEATHER ITEM   OBSERVED TIME   RECORD YEAR NORMAL DEPARTURE LAST
                VALUE   (LST)  VALUE       VALUE  FROM      YEAR
                                                  NORMAL
..................................................................
TEMPERATURE (F)
 YESTERDAY
  MAXIMUM         82    328 PM  95    1934  77      5       73
  MINIMUM         58    719 AM  33    1989  56      2       44
  AVERAGE         70                        66      4       59

PRECIPITATION (IN)
  YESTERDAY        0.00          2.13 1984   0.16  -0.16     0.00
  MONTH TO DATE    2.08                      2.58  -0.50     1.77
  SINCE SEP 1      2.14                      5.13  -2.99     4.49
  SINCE JAN 1     18.05                     29.24 -11.19    23.16

SNOWFALL (IN)
  YESTERDAY        0.0           0.0         0.0    0.0      0.0
  MONTH TO DATE    0.0                       0.0    0.0      0.0
  SINCE SEP 1      0.0                       0.0    0.0      0.0
  SINCE JUL 1      0.0                       0.0    0.0      0.0
  SNOW DEPTH       0

DEGREE DAYS
 HEATING
  YESTERDAY        0                         2     -2        6
  MONTH TO DATE    4                        27    -23       31
  SINCE SEP 1      5                        33    -28       31
  SINCE JUL 1      5                        33    -28       31

 COOLING
  YESTERDAY        5                         4      1        0
  MONTH TO DATE  161                       113     48      133
  SINCE SEP 1    626                       508    118      665
  SINCE JAN 1   2882                      2690    192     2893
..................................................................


WIND (MPH)
  HIGHEST WIND SPEED    10   HIGHEST WIND DIRECTION    SW (210)
  HIGHEST GUST SPEED    13   HIGHEST GUST DIRECTION     S (200)
  AVERAGE WIND SPEED     3.5


SKY COVER
  POSSIBLE SUNSHINE  MM
  AVERAGE SKY COVER 0.4


WEATHER CONDITIONS
 THE FOLLOWING WEATHER WAS RECORDED YESTERDAY.
  NO SIGNIFICANT WEATHER WAS OBSERVED.


RELATIVE HUMIDITY (PERCENT)
 HIGHEST    84           800 AM
 LOWEST     49           200 PM
 AVERAGE    67

..........................................................


THE DALLAS FORT WORTH CLIMATE NORMALS FOR TODAY
                         NORMAL    RECORD    YEAR
 MAXIMUM TEMPERATURE (F)   77        94      1979
                                             1939
 MINIMUM TEMPERATURE (F)   55        36      1917
                                             1898


SUNRISE AND SUNSET
OCTOBER 21 2014.......SUNRISE   737 AM CDT   SUNSET   648 PM CDT
OCTOBER 22 2014.......SUNRISE   738 AM CDT   SUNSET   647 PM CDT


-  INDICATES NEGATIVE NUMBERS.
R  INDICATES RECORD WAS SET OR TIED.
MM INDICATES DATA IS MISSING.
T  INDICATES TRACE AMOUNT.




$$
