547
CDUS44 KFWD 170647
CLIDFW


CLIMATE REPORT
NATIONAL WEATHER SERVICE FORT WORTH TX
1246 AM CST SAT FEB 17 2018


...................................

...THE DALLAS FORT WORTH CLIMATE SUMMARY FOR FEBRUARY 16 2018...

CLIMATE NORMAL PERIOD 1981 TO 2010
CLIMATE RECORD PERIOD 1898 TO 2018


WEATHER ITEM   OBSERVED TIME   RECORD YEAR NORMAL DEPARTURE LAST
                VALUE   (LST)  VALUE       VALUE  FROM      YEAR
                                                  NORMAL
..................................................................
TEMPERATURE (F)
 YESTERDAY
  MAXIMUM         71   1204 AM  85    2006  61     10       68
  MINIMUM         47   1159 PM  12    1903  40      7       37
  AVERAGE         59                        50      9       53

PRECIPITATION (IN)
  YESTERDAY        T             1.60 2001   0.09  -0.09     0.00
  MONTH TO DATE    0.28                      1.45  -1.17     1.51
  SINCE DEC 1      5.69                      6.13  -0.44     6.50
  SINCE JAN 1      1.13                      3.58  -2.45     5.90

SNOWFALL (IN)
  YESTERDAY        0.0           3.0  1903   0.0    0.0      0.0
  MONTH TO DATE    T                         0.6   -0.6      0.0
  SINCE DEC 1      T                         1.1   -1.1      0.1
  SINCE JUL 1      T                         1.1   -1.1      0.1
  SNOW DEPTH       0

DEGREE DAYS
 HEATING
  YESTERDAY        6                        15     -9       12
  MONTH TO DATE  266                       265      1      128
  SINCE DEC 1   1330                      1416    -86     1039
  SINCE JUL 1   1533                      1770   -237     1141

 COOLING
  YESTERDAY        0                         0      0        0
  MONTH TO DATE    9                         0      9       28
  SINCE DEC 1     24                         6     18       50
  SINCE JAN 1     12                         2     10       34
..................................................................


WIND (MPH)
  HIGHEST WIND SPEED    30   HIGHEST WIND DIRECTION     N (340)
  HIGHEST GUST SPEED    36   HIGHEST GUST DIRECTION     N (340)
  AVERAGE WIND SPEED    15.9


SKY COVER
  POSSIBLE SUNSHINE  MM
  AVERAGE SKY COVER 0.8


WEATHER CONDITIONS
 THE FOLLOWING WEATHER WAS RECORDED YESTERDAY.
  LIGHT RAIN


RELATIVE HUMIDITY (PERCENT)
 HIGHEST    93           500 AM
 LOWEST     37          1100 AM
 AVERAGE    65

..........................................................


THE DALLAS FORT WORTH CLIMATE NORMALS FOR TODAY
                         NORMAL    RECORD    YEAR
 MAXIMUM TEMPERATURE (F)   61        88      1959
 MINIMUM TEMPERATURE (F)   40        11      1910


SUNRISE AND SUNSET
FEBRUARY 17 2018......SUNRISE   709 AM CST   SUNSET   615 PM CST
FEBRUARY 18 2018......SUNRISE   708 AM CST   SUNSET   616 PM CST


-  INDICATES NEGATIVE NUMBERS.
R  INDICATES RECORD WAS SET OR TIED.
MM INDICATES DATA IS MISSING.
T  INDICATES TRACE AMOUNT.




$$
