000
CDUS44 KFWD 280638
CLIDFW

CLIMATE REPORT
NATIONAL WEATHER SERVICE FORT WORTH TX
137 AM CDT THU AUG 28 2014


...................................

...THE DALLAS FORT WORTH CLIMATE SUMMARY FOR AUGUST 27 2014...

CLIMATE NORMAL PERIOD 1981 TO 2010
CLIMATE RECORD PERIOD 1898 TO 2014


WEATHER ITEM   OBSERVED TIME   RECORD YEAR NORMAL DEPARTURE LAST
                VALUE   (LST)  VALUE       VALUE  FROM      YEAR
                                                  NORMAL
..................................................................
TEMPERATURE (F)
 YESTERDAY
  MAXIMUM         95    303 PM 107    1901  95      0       94
  MINIMUM         77    616 AM  61    1906  74      3       74
  AVERAGE         86                        84      2       84

PRECIPITATION (IN)
  YESTERDAY        0.00          0.81 1920   0.08  -0.08     0.00
  MONTH TO DATE    3.94                      1.58   2.36     1.32
  SINCE JUN 1      8.18                      7.53   0.65     5.51
  SINCE JAN 1     15.51                     23.78  -8.27    18.67

DEGREE DAYS
 HEATING
  YESTERDAY        0                         0      0        0
  MONTH TO DATE    0                         0      0        0
  SINCE JUN 1      0                         0      0        0
  SINCE JUL 1      0                         0      0        0

 COOLING
  YESTERDAY       21                        19      2       19
  MONTH TO DATE  585                       558     27      596
  SINCE JUN 1   1701                      1680     21     1743
  SINCE JAN 1   2177                      2102     75     2132
..................................................................


WIND (MPH)
  HIGHEST WIND SPEED    15   HIGHEST WIND DIRECTION     E (100)
  HIGHEST GUST SPEED    18   HIGHEST GUST DIRECTION     E (90)
  AVERAGE WIND SPEED     6.8


SKY COVER
  POSSIBLE SUNSHINE  MM
  AVERAGE SKY COVER 0.2


WEATHER CONDITIONS
 THE FOLLOWING WEATHER WAS RECORDED YESTERDAY.
  NO SIGNIFICANT WEATHER WAS OBSERVED.


RELATIVE HUMIDITY (PERCENT)
 HIGHEST    79           700 AM
 LOWEST     39           400 PM
 AVERAGE    59

..........................................................


THE DALLAS FORT WORTH CLIMATE NORMALS FOR TODAY
                         NORMAL    RECORD    YEAR
 MAXIMUM TEMPERATURE (F)   94       108      1901
 MINIMUM TEMPERATURE (F)   74        56      1906


SUNRISE AND SUNSET
AUGUST 28 2014........SUNRISE   700 AM CDT   SUNSET   758 PM CDT
AUGUST 29 2014........SUNRISE   701 AM CDT   SUNSET   757 PM CDT


-  INDICATES NEGATIVE NUMBERS.
R  INDICATES RECORD WAS SET OR TIED.
MM INDICATES DATA IS MISSING.
T  INDICATES TRACE AMOUNT.




$$
