000
CDUS44 KFWD 240647
CLIDFW

CLIMATE REPORT
NATIONAL WEATHER SERVICE FORT WORTH TX
145 AM CDT SUN JUL 24 2016

...................................

...THE DALLAS FORT WORTH CLIMATE SUMMARY FOR JULY 23 2016...

CLIMATE NORMAL PERIOD 1981 TO 2010
CLIMATE RECORD PERIOD 1898 TO 2016


WEATHER ITEM   OBSERVED TIME   RECORD YEAR NORMAL DEPARTURE LAST
                VALUE   (LST)  VALUE       VALUE  FROM      YEAR
                                                  NORMAL
..................................................................
TEMPERATURE (F)
 YESTERDAY
  MAXIMUM        100    437 PM 105    1974  96      4       99
  MINIMUM         81    613 AM  59    1970  76      5       80
  AVERAGE         91                        86      5       90

PRECIPITATION (IN)
  YESTERDAY        0.00          1.36 1926   0.05  -0.05     0.00
  MONTH TO DATE    3.86                      1.73   2.13     0.92
  SINCE JUN 1      7.46                      5.52   1.94     4.87
  SINCE JAN 1     24.22                     21.77   2.45    36.50

DEGREE DAYS
 HEATING
  YESTERDAY        0                         0      0        0
  MONTH TO DATE    0                         0      0        0
  SINCE JUN 1      0                         0      0        0
  SINCE JUL 1      0                         0      0        0

 COOLING
  YESTERDAY       26                        21      5       25
  MONTH TO DATE  509                       462     47      495
  SINCE JUN 1   1083                       953    130     1015
  SINCE JAN 1   1506                      1375    131     1334
..................................................................


WIND (MPH)
  HIGHEST WIND SPEED    16   HIGHEST WIND DIRECTION     S (190)
  HIGHEST GUST SPEED    20   HIGHEST GUST DIRECTION    SE (150)
  AVERAGE WIND SPEED     9.8


SKY COVER
  POSSIBLE SUNSHINE  MM
  AVERAGE SKY COVER 0.2


WEATHER CONDITIONS
 THE FOLLOWING WEATHER WAS RECORDED YESTERDAY.
  NO SIGNIFICANT WEATHER WAS OBSERVED.


RELATIVE HUMIDITY (PERCENT)
 HIGHEST    65           200 AM
 LOWEST     35           500 PM
 AVERAGE    50

..........................................................


THE DALLAS FORT WORTH CLIMATE NORMALS FOR TODAY
                         NORMAL    RECORD    YEAR
 MAXIMUM TEMPERATURE (F)   96       108      1977
                                             1954
 MINIMUM TEMPERATURE (F)   76        64      1911


SUNRISE AND SUNSET
JULY 24 2016..........SUNRISE   637 AM CDT   SUNSET   832 PM CDT
JULY 25 2016..........SUNRISE   637 AM CDT   SUNSET   832 PM CDT


-  INDICATES NEGATIVE NUMBERS.
R  INDICATES RECORD WAS SET OR TIED.
MM INDICATES DATA IS MISSING.
T  INDICATES TRACE AMOUNT.

$$
