000
CDUS44 KFWD 070700
CLIDFW


CLIMATE REPORT
NATIONAL WEATHER SERVICE FORT WORTH TX
200 AM CDT TUE JUL 7 2015


...................................

...THE DALLAS FORT WORTH CLIMATE SUMMARY FOR JULY 6 2015...

CLIMATE NORMAL PERIOD 1981 TO 2010
CLIMATE RECORD PERIOD 1898 TO 2015


WEATHER ITEM   OBSERVED TIME   RECORD YEAR NORMAL DEPARTURE LAST
                VALUE   (LST)  VALUE       VALUE  FROM      YEAR
                                                  NORMAL
..................................................................
TEMPERATURE (F)
 YESTERDAY
  MAXIMUM         93    308 PM 105    1996  95     -2       95
                                      1980
  MINIMUM         80    733 AM  59    1972  75      5       74
  AVERAGE         87                        84      3       85

PRECIPITATION (IN)
  YESTERDAY        0.00          1.03 1960   0.09  -0.09     0.00
  MONTH TO DATE    0.00                      0.55  -0.55     0.00
  SINCE JUN 1      3.95                      4.34  -0.39     3.26
  SINCE JAN 1     35.58                     20.59  14.99    10.59

DEGREE DAYS
 HEATING
  YESTERDAY        0                         0      0        0
  MONTH TO DATE    0                         0      0        0
  SINCE JUN 1      0                         0      0        0
  SINCE JUL 1      0                         0      0        0

 COOLING
  YESTERDAY       22                        20      2       20
  MONTH TO DATE  123                       115      8      110
  SINCE JUN 1    643                       606     37      637
  SINCE JAN 1    962                      1028    -66     1113
..................................................................


WIND (MPH)
  HIGHEST WIND SPEED    29   HIGHEST WIND DIRECTION     S (180)
  HIGHEST GUST SPEED    36   HIGHEST GUST DIRECTION     S (200)
  AVERAGE WIND SPEED    19.5


SKY COVER
  POSSIBLE SUNSHINE  MM
  AVERAGE SKY COVER 0.7


WEATHER CONDITIONS
 THE FOLLOWING WEATHER WAS RECORDED YESTERDAY.
  NO SIGNIFICANT WEATHER WAS OBSERVED.


RELATIVE HUMIDITY (PERCENT)
 HIGHEST    79           400 AM
 LOWEST     44           100 PM
 AVERAGE    62

..........................................................


THE DALLAS FORT WORTH CLIMATE NORMALS FOR TODAY
                         NORMAL    RECORD    YEAR
 MAXIMUM TEMPERATURE (F)   95       106      1996
 MINIMUM TEMPERATURE (F)   75        64      1972
                                             1968


SUNRISE AND SUNSET
JULY  7 2015..........SUNRISE   626 AM CDT   SUNSET   840 PM CDT
JULY  8 2015..........SUNRISE   627 AM CDT   SUNSET   840 PM CDT


-  INDICATES NEGATIVE NUMBERS.
R  INDICATES RECORD WAS SET OR TIED.
MM INDICATES DATA IS MISSING.
T  INDICATES TRACE AMOUNT.




$$
