000
CDUS44 KFWD 280642
CLIDFW


CLIMATE REPORT
NATIONAL WEATHER SERVICE FORT WORTH TX
141 AM CDT SUN MAY 28 2017

...THE DALLAS FORT WORTH CLIMATE SUMMARY FOR MAY 27 2017...

CLIMATE NORMAL PERIOD 1981 TO 2010
CLIMATE RECORD PERIOD 1898 TO 2017


WEATHER ITEM   OBSERVED TIME   RECORD YEAR NORMAL DEPARTURE LAST
                VALUE   (LST)  VALUE       VALUE  FROM      YEAR
                                                  NORMAL
..................................................................
TEMPERATURE (F)
 YESTERDAY
  MAXIMUM         92    437 PM 103    1928  87      5       82
  MINIMUM         80    545 AM  47    1901  67     13       66
  AVERAGE         86                        77      9       74

PRECIPITATION (IN)
  YESTERDAY        0.00          2.39 2004   0.16  -0.16     0.92
  MONTH TO DATE    0.53                      4.27  -3.74     4.02
  SINCE MAR 1      4.97                     10.83  -5.86    11.29
  SINCE JAN 1     11.69                     15.62  -3.93    14.53

DEGREE DAYS
 HEATING
  YESTERDAY        0                         0      0        0
  MONTH TO DATE    0                         6     -6       12
  SINCE MAR 1    117                       350   -233      181
  SINCE JUL 1   1305                      2282   -977     1592

 COOLING
  YESTERDAY       21                        12      9        9
  MONTH TO DATE  275                       234     41      200
  SINCE MAR 1    558                       365    193      361
  SINCE JAN 1    626                       372    254      372
..................................................................


WIND (MPH)
  HIGHEST WIND SPEED    26   HIGHEST WIND DIRECTION     S (190)
  HIGHEST GUST SPEED    31   HIGHEST GUST DIRECTION     S (180)
  AVERAGE WIND SPEED    18.7


SKY COVER
  POSSIBLE SUNSHINE  MM
  AVERAGE SKY COVER 0.7


WEATHER CONDITIONS
 THE FOLLOWING WEATHER WAS RECORDED YESTERDAY.
  HAZE


RELATIVE HUMIDITY (PERCENT)
 HIGHEST    85           100 AM
 LOWEST     60          1200 PM
 AVERAGE    73

..........................................................


THE DALLAS FORT WORTH CLIMATE NORMALS FOR TODAY
                         NORMAL    RECORD    YEAR
 MAXIMUM TEMPERATURE (F)   87       107      1927
 MINIMUM TEMPERATURE (F)   68        51      1907


SUNRISE AND SUNSET
MAY 28 2017...........SUNRISE   622 AM CDT   SUNSET   829 PM CDT
MAY 29 2017...........SUNRISE   622 AM CDT   SUNSET   830 PM CDT


-  INDICATES NEGATIVE NUMBERS.
R  INDICATES RECORD WAS SET OR TIED.
MM INDICATES DATA IS MISSING.
T  INDICATES TRACE AMOUNT.




$$
