000
CDUS43 KDDC 052326
CLIDGC


CLIMATE REPORT
NATIONAL WEATHER SERVICE DODGE CITY KS
625 PM CDT THU MAY 5 2016


...................................

...THE DODGE CITY KS CLIMATE SUMMARY FOR MAY 5 2016...
VALID TODAY AS OF 0500 PM LOCAL TIME.

CLIMATE NORMAL PERIOD 1981 TO 2010
CLIMATE RECORD PERIOD 1875 TO 2016


WEATHER ITEM   OBSERVED TIME   RECORD YEAR NORMAL DEPARTURE LAST
                VALUE   (LST)  VALUE       VALUE  FROM      YEAR
                                                  NORMAL
..................................................................
TEMPERATURE (F)
 TODAY
  MAXIMUM         78    441 PM  95    1964  74      4       63
  MINIMUM         45    546 AM  32    2013  48     -3       58
                                      1905
  AVERAGE         62                        61      1       61

PRECIPITATION (IN)
  TODAY            0.00          1.70 2008   0.08  -0.08     0.40
  MONTH TO DATE    T                         0.39  -0.39     0.92
  SINCE MAR 1      8.12                      3.80   4.32     3.01
  SINCE JAN 1      8.71                      5.06   3.65     4.31

SNOWFALL (IN)
  TODAY            0.0           0.7  1915   0.0    0.0      0.0
  MONTH TO DATE    0.0                       0.0    0.0      0.0
  SINCE MAR 1      0.4                       6.0   -5.6       T
  SINCE JUL 1     10.4                      21.1  -10.7     21.4
  SNOW DEPTH       0

DEGREE DAYS
 HEATING
  TODAY            3                         6     -3        4
  MONTH TO DATE   58                        32     26        4
  SINCE MAR 1    873                      1024   -151      765
  SINCE JUL 1   4235                      4871   -636     4513

 COOLING
  TODAY            0                         2     -2        0
  MONTH TO DATE    0                         6     -6       22
  SINCE MAR 1      9                        25    -16       37
  SINCE JAN 1     11                        25    -14       37
..................................................................


WIND (MPH)
  HIGHEST WIND SPEED    16   HIGHEST WIND DIRECTION    SE (140)
  HIGHEST GUST SPEED    23   HIGHEST GUST DIRECTION    SE (150)
  AVERAGE WIND SPEED     8.4


SKY COVER
  POSSIBLE SUNSHINE  MM
  AVERAGE SKY COVER 0.0


WEATHER CONDITIONS
 THE FOLLOWING WEATHER WAS RECORDED TODAY.
  NO SIGNIFICANT WEATHER WAS OBSERVED.


RELATIVE HUMIDITY (PERCENT)
 HIGHEST    80           200 AM
 LOWEST     33           200 PM
 AVERAGE    57

..........................................................


THE DODGE CITY KS CLIMATE NORMALS FOR TOMORROW
                         NORMAL    RECORD    YEAR
 MAXIMUM TEMPERATURE (F)   74        96      2014
                                             2004
 MINIMUM TEMPERATURE (F)   48        32      1944


SUNRISE AND SUNSET
MAY  5 2016...........SUNRISE   639 AM CDT   SUNSET   834 PM CDT
MAY  6 2016...........SUNRISE   638 AM CDT   SUNSET   835 PM CDT


-  INDICATES NEGATIVE NUMBERS.
R  INDICATES RECORD WAS SET OR TIED.
MM INDICATES DATA IS MISSING.
T  INDICATES TRACE AMOUNT.




$$
