000
CDUS43 KDDC 180707
CLIDGC


CLIMATE REPORT
NATIONAL WEATHER SERVICE DODGE CITY KS
106 AM CST MON DEC 18 2017


...................................

...THE DODGE CITY KS CLIMATE SUMMARY FOR DECEMBER 17 2017...

CLIMATE NORMAL PERIOD 1981 TO 2010
CLIMATE RECORD PERIOD 1875 TO 2017


WEATHER ITEM   OBSERVED TIME   RECORD YEAR NORMAL DEPARTURE LAST
                VALUE   (LST)  VALUE       VALUE  FROM      YEAR
                                                  NORMAL
..................................................................
TEMPERATURE (F)
 YESTERDAY
  MAXIMUM         47    346 PM  79    1939  44      3       23
  MINIMUM         23   1105 PM  -8    2016  21      2       -8
  AVERAGE         35                        32      3        8

PRECIPITATION (IN)
  YESTERDAY        0.00          0.42 1918   0.03  -0.03     0.08
  MONTH TO DATE    T                         0.45  -0.45     0.42
  SINCE DEC 1      T                         0.45  -0.45     0.42
  SINCE JAN 1     25.57                     21.21   4.36    23.20

SNOWFALL (IN)
  YESTERDAY       MM             3.8  1918   0.1   MM        2.1
  MONTH TO DATE    0.0                       2.2   -2.2      2.3
  SINCE DEC 1      0.0                       2.2   -2.2      2.3
  SINCE JUL 1      0.0                       4.4   -4.4      2.3
  SNOW DEPTH       0

DEGREE DAYS
 HEATING
  YESTERDAY       30                        33     -3       57
  MONTH TO DATE  409                       533   -124      635
  SINCE DEC 1    409                       533   -124      635
  SINCE JUL 1   1263                      1547   -284     1231

 COOLING
  YESTERDAY        0                         0      0        0
  MONTH TO DATE    0                         0      0        0
  SINCE DEC 1      0                         0      0        0
  SINCE JAN 1   1520                      1463     57     1580
..................................................................


WIND (MPH)
  HIGHEST WIND SPEED    20   HIGHEST WIND DIRECTION     S (170)
  HIGHEST GUST SPEED    27   HIGHEST GUST DIRECTION     N (350)
  AVERAGE WIND SPEED     8.5


SKY COVER
  POSSIBLE SUNSHINE  MM
  AVERAGE SKY COVER 0.3


WEATHER CONDITIONS
 THE FOLLOWING WEATHER WAS RECORDED YESTERDAY.
  LIGHT RAIN
  FOG
  HAZE


RELATIVE HUMIDITY (PERCENT)
 HIGHEST    92           900 AM
 LOWEST     45          1200 AM
 AVERAGE    69

..........................................................


THE DODGE CITY KS CLIMATE NORMALS FOR TODAY
                         NORMAL    RECORD    YEAR
 MAXIMUM TEMPERATURE (F)   43        71      1979
 MINIMUM TEMPERATURE (F)   21       -16      2016


SUNRISE AND SUNSET
DECEMBER 18 2017......SUNRISE   750 AM CST   SUNSET   523 PM CST
DECEMBER 19 2017......SUNRISE   751 AM CST   SUNSET   524 PM CST


-  INDICATES NEGATIVE NUMBERS.
R  INDICATES RECORD WAS SET OR TIED.
MM INDICATES DATA IS MISSING.
T  INDICATES TRACE AMOUNT.




$$
