000
CDUS43 KDDC 241503
CLIDGC


CLIMATE REPORT
NATIONAL WEATHER SERVICE DODGE CITY KS
1003 AM CDT MON APR 24 2017


...................................

...THE DODGE CITY KS CLIMATE SUMMARY FOR APRIL 23 2017...

CLIMATE NORMAL PERIOD 1981 TO 2010
CLIMATE RECORD PERIOD 1875 TO 2017


WEATHER ITEM   OBSERVED TIME   RECORD YEAR NORMAL DEPARTURE LAST
                VALUE   (LST)  VALUE       VALUE  FROM      YEAR
                                                  NORMAL
..................................................................
TEMPERATURE (F)
 YESTERDAY
  MAXIMUM         69    333 PM  97    1989  70     -1       82
  MINIMUM         34    552 AM  24    2013  43     -9       50
                                      1887
  AVERAGE         52                        56     -4       66

PRECIPITATION (IN)
  YESTERDAY        0.00          2.48 1905   0.07  -0.07     0.00
  MONTH TO DATE    4.50                      1.33   3.17     5.81
  SINCE MAR 1      7.08                      2.92   4.16     5.85
  SINCE JAN 1      9.65                      4.18   5.47     6.44

SNOWFALL (IN)
  YESTERDAY        0.0           T    1914   0.1   -0.1      0.0
  MONTH TO DATE    0.0                       1.1   -1.1      0.0
  SINCE MAR 1      0.0                       6.0   -6.0      0.4
  SINCE JUL 1      5.0                      21.1  -16.1     10.4
  SNOW DEPTH       0

DEGREE DAYS
 HEATING
  YESTERDAY       13                         9      4        0
  MONTH TO DATE  197                       294    -97      235
  SINCE MAR 1    681                       934   -253      741
  SINCE JUL 1   3915                      4781   -866     4103

 COOLING
  YESTERDAY        0                         1     -1        1
  MONTH TO DATE   31                         8     23        5
  SINCE MAR 1     40                         9     31        7
  SINCE JAN 1     40                         9     31        9
..................................................................


WIND (MPH)
  HIGHEST WIND SPEED    28   HIGHEST WIND DIRECTION     S (180)
  HIGHEST GUST SPEED    36   HIGHEST GUST DIRECTION     S (170)
  AVERAGE WIND SPEED    14.8


SKY COVER
  POSSIBLE SUNSHINE  MM
  AVERAGE SKY COVER 0.0


WEATHER CONDITIONS
 THE FOLLOWING WEATHER WAS RECORDED YESTERDAY.
  NO SIGNIFICANT WEATHER WAS OBSERVED.


RELATIVE HUMIDITY (PERCENT)
 HIGHEST    89           600 AM
 LOWEST     26           200 PM
 AVERAGE    58

..........................................................


THE DODGE CITY KS CLIMATE NORMALS FOR TODAY
                         NORMAL    RECORD    YEAR
 MAXIMUM TEMPERATURE (F)   70        98      1989
 MINIMUM TEMPERATURE (F)   43        23      2013


SUNRISE AND SUNSET
APRIL 24 2017.........SUNRISE   652 AM CDT   SUNSET   824 PM CDT
APRIL 25 2017.........SUNRISE   651 AM CDT   SUNSET   825 PM CDT


-  INDICATES NEGATIVE NUMBERS.
R  INDICATES RECORD WAS SET OR TIED.
MM INDICATES DATA IS MISSING.
T  INDICATES TRACE AMOUNT.




$$
