000
CDUS45 KCYS 300731
CLIDGW


CLIMATE REPORT
NATIONAL WEATHER SERVICE CHEYENNE WY
130 AM MDT SAT MAY 30 2015


...................................

...THE DOUGLAS WY AIRPORT CLIMATE SUMMARY FOR MAY 29 2015...

CLIMATE NORMAL PERIOD 1981 TO 2010
CLIMATE RECORD PERIOD 1998 TO 2015


WEATHER ITEM   OBSERVED TIME   RECORD YEAR NORMAL DEPARTURE LAST
                VALUE   (LST)  VALUE       VALUE  FROM      YEAR
                                                  NORMAL
..................................................................
TEMPERATURE (F)
 YESTERDAY
  MAXIMUM         56    525 PM  97    2003  73    -17       85
  MINIMUM         41   1146 PM  33    2012  43     -2       53
  AVERAGE         49                        58     -9       69

PRECIPITATION (IN)
  YESTERDAY        0.25          0.84 2011   0.08   0.17     0.00
  MONTH TO DATE    3.34                      2.33   1.01     1.93
  SINCE JAN 1      7.97                      5.48   2.49     5.48

DEGREE DAYS
 HEATING
  YESTERDAY       16                         8      8        0
  MONTH TO DATE  446                       358     88      341
  SINCE MAR 1   1808                      1915   -107     1870
  SINCE JUL 1   6811                      7315   -504     7460

 COOLING
  YESTERDAY        0                         1     -1        4
  MONTH TO DATE    0                         1     -1        5
  SINCE MAR 1      1                         1      0        5
  SINCE JAN 1      1                         1      0        5
..................................................................


WIND (MPH)
  HIGHEST WIND SPEED    22   HIGHEST WIND DIRECTION     N (350)
  HIGHEST GUST SPEED    26   HIGHEST GUST DIRECTION     N (350)
  AVERAGE WIND SPEED     9.2


SKY COVER
  AVERAGE SKY COVER 0.7


WEATHER CONDITIONS
 THE FOLLOWING WEATHER WAS RECORDED YESTERDAY.
  HEAVY RAIN
  RAIN
  LIGHT RAIN
  FOG


RELATIVE HUMIDITY (PERCENT)
 HIGHEST    96          1100 PM
 LOWEST     66           400 PM
 AVERAGE    81

..........................................................


THE DOUGLAS WY AIRPORT CLIMATE NORMALS FOR TODAY
                         NORMAL    RECORD    YEAR
 MAXIMUM TEMPERATURE (F)   73        93      2002
 MINIMUM TEMPERATURE (F)   43        32      2010


SUNRISE AND SUNSET
MAY 30 2015...........SUNRISE   527 AM MDT   SUNSET   831 PM MDT
MAY 31 2015...........SUNRISE   526 AM MDT   SUNSET   832 PM MDT


-  INDICATES NEGATIVE NUMBERS.
R  INDICATES RECORD WAS SET OR TIED.
MM INDICATES DATA IS MISSING.
T  INDICATES TRACE AMOUNT.




$$
