000
CDUS45 KCYS 090747
CLIDGW


CLIMATE REPORT
NATIONAL WEATHER SERVICE CHEYENNE WY
1246 AM MST TUE FEB 9 2016


...................................

...THE DOUGLAS WY AIRPORT CLIMATE SUMMARY FOR FEBRUARY 8 2016...

CLIMATE NORMAL PERIOD 1981 TO 2010
CLIMATE RECORD PERIOD 1998 TO 2016


WEATHER ITEM   OBSERVED TIME   RECORD YEAR NORMAL DEPARTURE LAST
                VALUE   (LST)  VALUE       VALUE  FROM      YEAR
                                                  NORMAL
..................................................................
TEMPERATURE (F)
 YESTERDAY
  MAXIMUM         43        MM  59    2015  39      4       59
  MINIMUM         16        MM -20    2001  12      4       28
  AVERAGE         30                        25      5       44

PRECIPITATION (IN)
  YESTERDAY        0.00          0.12 2014   0.02  -0.02     0.00
  MONTH TO DATE    0.01                      0.12  -0.11     0.23
  SINCE JAN 1      0.46                      0.50  -0.04     0.57

DEGREE DAYS
 HEATING
  YESTERDAY       35                        40     -5       21
  MONTH TO DATE  341                       320     21      218
  SINCE DEC 1   2799                      2829    -30     2556
  SINCE JUL 1   4261                      4651   -390     4280

 COOLING
  YESTERDAY        0                         0      0        0
  MONTH TO DATE    0                         0      0        0
  SINCE DEC 1      0                         0      0        0
  SINCE JAN 1      0                         0      0        0
..................................................................


WIND (MPH)
  HIGHEST WIND SPEED    24   HIGHEST WIND DIRECTION    NW (300)
  HIGHEST GUST SPEED    33   HIGHEST GUST DIRECTION     W (290)
  AVERAGE WIND SPEED    13.9


SKY COVER
  AVERAGE SKY COVER 0.0


WEATHER CONDITIONS
 THE FOLLOWING WEATHER WAS RECORDED YESTERDAY.
  NO SIGNIFICANT WEATHER WAS OBSERVED.


RELATIVE HUMIDITY (PERCENT)
 HIGHEST     0          1200 AM
 LOWEST      0          1200 AM
 AVERAGE     0

..........................................................


THE DOUGLAS WY AIRPORT CLIMATE NORMALS FOR TODAY
                         NORMAL    RECORD    YEAR
 MAXIMUM TEMPERATURE (F)   39        66      2015
 MINIMUM TEMPERATURE (F)   12       -23      2001


SUNRISE AND SUNSET
FEBRUARY  9 2016......SUNRISE   707 AM MST   SUNSET   525 PM MST
FEBRUARY 10 2016......SUNRISE   706 AM MST   SUNSET   526 PM MST


-  INDICATES NEGATIVE NUMBERS.
R  INDICATES RECORD WAS SET OR TIED.
MM INDICATES DATA IS MISSING.
T  INDICATES TRACE AMOUNT.




$$
