000
CDUS45 KCYS 260755
CLIDGW


CLIMATE REPORT
NATIONAL WEATHER SERVICE CHEYENNE WY
155 AM MDT THU MAR 26 2015


...................................

...THE DOUGLAS WY AIRPORT CLIMATE SUMMARY FOR MARCH 25 2015...

CLIMATE NORMAL PERIOD 1981 TO 2010
CLIMATE RECORD PERIOD 1998 TO 2015


WEATHER ITEM   OBSERVED TIME   RECORD YEAR NORMAL DEPARTURE LAST
                VALUE   (LST)  VALUE       VALUE  FROM      YEAR
                                                  NORMAL
..................................................................
TEMPERATURE (F)
 YESTERDAY
  MAXIMUM         48    231 PM  78    2012  52     -4       61
  MINIMUM         24   1143 PM   2    2013  25     -1       21
  AVERAGE         36                        38     -2       41

PRECIPITATION (IN)
  YESTERDAY        0.01          0.14 2004   0.04  -0.03     0.00
  MONTH TO DATE    0.11                      0.65  -0.54     0.67
  SINCE JAN 1      0.97                      1.44  -0.47     2.13

DEGREE DAYS
 HEATING
  YESTERDAY       29                        27      2       24
  MONTH TO DATE  663                       762    -99      758
  SINCE MAR 1    663                       762    -99      758
  SINCE JUL 1   5666                      6162   -496     6348

 COOLING
  YESTERDAY        0                         0      0        0
  MONTH TO DATE    1                         0      1        0
  SINCE MAR 1      1                         0      1        0
  SINCE JAN 1      1                         0      1        0
..................................................................


WIND (MPH)
  HIGHEST WIND SPEED    22   HIGHEST WIND DIRECTION    NW (320)
  HIGHEST GUST SPEED    29   HIGHEST GUST DIRECTION    NW (310)
  AVERAGE WIND SPEED     7.4


SKY COVER
  AVERAGE SKY COVER 0.7


WEATHER CONDITIONS
 THE FOLLOWING WEATHER WAS RECORDED YESTERDAY.
  LIGHT SNOW
  FOG


RELATIVE HUMIDITY (PERCENT)
 HIGHEST    92           900 PM
 LOWEST     49           300 PM
 AVERAGE    71

..........................................................


THE DOUGLAS WY AIRPORT CLIMATE NORMALS FOR TODAY
                         NORMAL    RECORD    YEAR
 MAXIMUM TEMPERATURE (F)   52        75      2004
 MINIMUM TEMPERATURE (F)   25         5      2002


SUNRISE AND SUNSET
MARCH 26 2015.........SUNRISE   655 AM MDT   SUNSET   721 PM MDT
MARCH 27 2015.........SUNRISE   653 AM MDT   SUNSET   722 PM MDT


-  INDICATES NEGATIVE NUMBERS.
R  INDICATES RECORD WAS SET OR TIED.
MM INDICATES DATA IS MISSING.
T  INDICATES TRACE AMOUNT.




$$
