000
CDUS45 KCYS 062125
CLIDGW


CLIMATE REPORT
NATIONAL WEATHER SERVICE CHEYENNE WY
325 PM MDT FRI MAY 6 2016


...................................

...THE DOUGLAS WY AIRPORT CLIMATE SUMMARY FOR MAY 6 2016...
VALID AS OF 0300 PM LOCAL TIME.

CLIMATE NORMAL PERIOD 1981 TO 2010
CLIMATE RECORD PERIOD 1998 TO 2016


WEATHER ITEM   OBSERVED TIME   RECORD YEAR NORMAL DEPARTURE LAST
                VALUE   (LST)  VALUE       VALUE  FROM      YEAR
                                                  NORMAL
..................................................................
TEMPERATURE (F)
 TODAY
  MAXIMUM         75    138 PM  83    2004  64     11       55
  MINIMUM         43    502 AM  24    2012  35      8       42
  AVERAGE         59                        50      9       49

PRECIPITATION (IN)
  TODAY            0.00          0.49 2007   0.08  -0.08     0.05
  MONTH TO DATE    0.00                      0.49  -0.49     0.27
  SINCE JAN 1      5.45                      3.64   1.81     4.90

DEGREE DAYS
 HEATING
  TODAY            6                        15     -9       16
  MONTH TO DATE   78                        97    -19       66
  SINCE MAR 1   1527                      1654   -127     1428
  SINCE JUL 1   6338                      7054   -716     6431

 COOLING
  TODAY            0                         0      0        0
  MONTH TO DATE    0                         0      0        0
  SINCE MAR 1      0                         0      0        1
  SINCE JAN 1      0                         0      0        1
..................................................................


WIND (MPH)
  HIGHEST WIND SPEED    26   HIGHEST WIND DIRECTION     N (10)
  HIGHEST GUST SPEED    31   HIGHEST GUST DIRECTION     N (10)
  AVERAGE WIND SPEED     6.8


SKY COVER
  AVERAGE SKY COVER 0.0


WEATHER CONDITIONS
 THE FOLLOWING WEATHER WAS RECORDED TODAY.
  NO SIGNIFICANT WEATHER WAS OBSERVED.


RELATIVE HUMIDITY (PERCENT)
 HIGHEST    86           600 AM
 LOWEST     35           100 PM
 AVERAGE    61

..........................................................


THE DOUGLAS WY AIRPORT CLIMATE NORMALS FOR TOMORROW
                         NORMAL    RECORD    YEAR
 MAXIMUM TEMPERATURE (F)   65        85      2004
 MINIMUM TEMPERATURE (F)   35        22      2001


SUNRISE AND SUNSET
MAY  6 2016...........SUNRISE   548 AM MDT   SUNSET   808 PM MDT
MAY  7 2016...........SUNRISE   547 AM MDT   SUNSET   809 PM MDT


-  INDICATES NEGATIVE NUMBERS.
R  INDICATES RECORD WAS SET OR TIED.
MM INDICATES DATA IS MISSING.
T  INDICATES TRACE AMOUNT.




$$
