000
CDUS45 KCYS 220731
CLIDGW


CLIMATE REPORT
NATIONAL WEATHER SERVICE CHEYENNE WY
1229 AM MST MON DEC 22 2014


...................................

...THE DOUGLAS WY AIRPORT CLIMATE SUMMARY FOR DECEMBER 21 2014...

CLIMATE NORMAL PERIOD 1981 TO 2010
CLIMATE RECORD PERIOD 1998 TO 2014


WEATHER ITEM   OBSERVED TIME   RECORD YEAR NORMAL DEPARTURE LAST
                VALUE   (LST)  VALUE       VALUE  FROM      YEAR
                                                  NORMAL
..................................................................
TEMPERATURE (F)
 YESTERDAY
  MAXIMUM         48    210 PM  68    2005  37     11       27
  MINIMUM         29    108 AM -13    2000  10     19       -1
  AVERAGE         39                        24     15       13

PRECIPITATION (IN)
  YESTERDAY        0.06          0.34 2011   0.01   0.05     0.03
  MONTH TO DATE    0.06                      0.29  -0.23     0.48
  SINCE JAN 1     12.41                     13.28  -0.87     9.96

DEGREE DAYS
 HEATING
  YESTERDAY       26                        42    -16       52
  MONTH TO DATE  669                       857   -188      929
  SINCE DEC 1    669                       857   -188      929
  SINCE JUL 1   2393                      2679   -286     2666

 COOLING
  YESTERDAY        0                         0      0        0
  MONTH TO DATE    0                         0      0        0
  SINCE DEC 1      0                         0      0        0
  SINCE JAN 1    401                       486    -85      739
..................................................................


WIND (MPH)
  HIGHEST WIND SPEED    39   HIGHEST WIND DIRECTION     W (290)
  HIGHEST GUST SPEED    52   HIGHEST GUST DIRECTION     W (290)
  AVERAGE WIND SPEED    15.5


SKY COVER
  AVERAGE SKY COVER 0.5


WEATHER CONDITIONS
 THE FOLLOWING WEATHER WAS RECORDED YESTERDAY.
  LIGHT RAIN
  LIGHT SNOW
  FOG


RELATIVE HUMIDITY (PERCENT)
 HIGHEST    96           700 PM
 LOWEST     53           800 AM
 AVERAGE    75

..........................................................


THE DOUGLAS WY AIRPORT CLIMATE NORMALS FOR TODAY
                         NORMAL    RECORD    YEAR
 MAXIMUM TEMPERATURE (F)   37        54      2012
 MINIMUM TEMPERATURE (F)   10       -12      2011


SUNRISE AND SUNSET
DECEMBER 22 2014......SUNRISE   729 AM MST   SUNSET   431 PM MST
DECEMBER 23 2014......SUNRISE   730 AM MST   SUNSET   432 PM MST


-  INDICATES NEGATIVE NUMBERS.
R  INDICATES RECORD WAS SET OR TIED.
MM INDICATES DATA IS MISSING.
T  INDICATES TRACE AMOUNT.




$$
