000
CDUS44 KTAE 220633
CLIDHN


CLIMATE REPORT
NATIONAL WEATHER SERVICE TALLAHASSEE FL
233 AM EDT WED OCT 22 2014


...................................

...THE DOTHAN CLIMATE SUMMARY FOR OCTOBER 21 2014...

CLIMATE NORMAL PERIOD 1981 TO 2010
CLIMATE RECORD PERIOD 1965 TO 2014


WEATHER ITEM   OBSERVED TIME   NORMAL DEPARTURE LAST
                VALUE   (LST)  VALUE  FROM      YEAR
                                      NORMAL
......................................................
TEMPERATURE (F)
 YESTERDAY
  MAXIMUM         81    233 PM  78      3       74
  MINIMUM         49    359 AM  54     -5       57
  AVERAGE         65            66     -1       66

PRECIPITATION (IN)
  YESTERDAY        0.00          0.11  -0.11     0.01
  MONTH TO DATE    5.80          2.27   3.53     0.42
  SINCE SEP 1      8.44          5.86   2.58     8.79
  SINCE JAN 1     48.38         44.25   4.13    66.63

SNOWFALL (IN)
  YESTERDAY        0.0

DEGREE DAYS
 HEATING
  YESTERDAY        0             2     -2        0
  MONTH TO DATE   17            21     -4        0
  SINCE SEP 1     17            23     -6        0
  SINCE JUL 1     17            23     -6        0

 COOLING
  YESTERDAY        0             3     -3        1
  MONTH TO DATE  115           107      8      139
  SINCE SEP 1    502           455     47      523
  SINCE JAN 1   2387          2335     52     2277
......................................................


WIND (MPH)
  HIGHEST WIND SPEED    12   HIGHEST WIND DIRECTION    NW (330)
  HIGHEST GUST SPEED    17   HIGHEST GUST DIRECTION     N (340)
  AVERAGE WIND SPEED     4.0








-  INDICATES NEGATIVE NUMBERS.
R  INDICATES RECORD WAS SET OR TIED.
MM INDICATES DATA IS MISSING.
T  INDICATES TRACE AMOUNT.




$$
