000
CDUS44 KTAE 220642
CLIDHN


CLIMATE REPORT
NATIONAL WEATHER SERVICE TALLAHASSEE FL
238 AM EDT MON SEP 22 2014


...................................

...THE DOTHAN CLIMATE SUMMARY FOR SEPTEMBER 21 2014...

CLIMATE NORMAL PERIOD 1981 TO 2010
CLIMATE RECORD PERIOD 1965 TO 2014


WEATHER ITEM   OBSERVED TIME   NORMAL DEPARTURE LAST
                VALUE   (LST)  VALUE  FROM      YEAR
                                      NORMAL
......................................................
TEMPERATURE (F)
 YESTERDAY
  MAXIMUM         89    334 PM  86      3       79
  MINIMUM         61    511 AM  64     -3       70
  AVERAGE         75            75      0       75

PRECIPITATION (IN)
  YESTERDAY        0.00          0.09  -0.09     0.58
  MONTH TO DATE    2.33          2.77  -0.44     3.63
  SINCE SEP 1      2.33          2.77  -0.44     3.63
  SINCE JAN 1     42.27         41.16   1.11    61.47

SNOWFALL (IN)
  YESTERDAY        0.0

DEGREE DAYS
 HEATING
  YESTERDAY        0             0      0        0
  MONTH TO DATE    0             0      0        0
  SINCE SEP 1      0             0      0        0
  SINCE JUL 1      0             0      0        0

 COOLING
  YESTERDAY       10            10      0       10
  MONTH TO DATE  324           268     56      311
  SINCE SEP 1    324           268     56      311
  SINCE JAN 1   2209          2148     61     2065
......................................................


WIND (MPH)
  HIGHEST WIND SPEED     8   HIGHEST WIND DIRECTION    NW (320)
  HIGHEST GUST SPEED    10   HIGHEST GUST DIRECTION    NW (330)
  AVERAGE WIND SPEED     2.5








-  INDICATES NEGATIVE NUMBERS.
R  INDICATES RECORD WAS SET OR TIED.
MM INDICATES DATA IS MISSING.
T  INDICATES TRACE AMOUNT.




$$
