000
CDUS44 KTAE 290631
CLIDHN


CLIMATE REPORT
NATIONAL WEATHER SERVICE TALLAHASSEE FL
231 AM EDT SAT APR 29 2017


...................................

...THE DOTHAN CLIMATE SUMMARY FOR APRIL 28 2017...

CLIMATE NORMAL PERIOD 1981 TO 2010
CLIMATE RECORD PERIOD 1965 TO 2017


WEATHER ITEM   OBSERVED TIME   NORMAL DEPARTURE LAST
                VALUE   (LST)  VALUE  FROM      YEAR
                                      NORMAL
......................................................
TEMPERATURE (F)
 YESTERDAY
  MAXIMUM         90    436 PM  82      8       82
  MINIMUM         71    540 AM  57     14       66
  AVERAGE         81            69     12       74

PRECIPITATION (IN)
  YESTERDAY        0.00          0.07  -0.07     0.01
  MONTH TO DATE    1.58          3.37  -1.79     5.79
  SINCE MAR 1      3.11          9.25  -6.14    11.95
  SINCE JAN 1     22.70         18.65   4.05    22.80

SNOWFALL (IN)
  YESTERDAY        0.0

DEGREE DAYS
 HEATING
  YESTERDAY        0             1     -1        0
  MONTH TO DATE   22            68    -46       38
  SINCE MAR 1    193           279    -86      160
  SINCE JUL 1   1052          1838   -786     1338

 COOLING
  YESTERDAY       16             5     11        9
  MONTH TO DATE  164            79     85       63
  SINCE MAR 1    240           100    140      136
  SINCE JAN 1    278           110    168      142
......................................................


WIND (MPH)
  HIGHEST WIND SPEED    20   HIGHEST WIND DIRECTION     S (180)
  HIGHEST GUST SPEED    28   HIGHEST GUST DIRECTION     S (160)
  AVERAGE WIND SPEED    11.2








-  INDICATES NEGATIVE NUMBERS.
R  INDICATES RECORD WAS SET OR TIED.
MM INDICATES DATA IS MISSING.
T  INDICATES TRACE AMOUNT.




$$
