000
CDUS44 KTAE 310654
CLIDHN


CLIMATE REPORT
NATIONAL WEATHER SERVICE TALLAHASSEE FL
253 AM EDT FRI OCT 31 2014


...................................

...THE DOTHAN CLIMATE SUMMARY FOR OCTOBER 30 2014...

CLIMATE NORMAL PERIOD 1981 TO 2010
CLIMATE RECORD PERIOD 1965 TO 2014


WEATHER ITEM   OBSERVED TIME   NORMAL DEPARTURE LAST
                VALUE   (LST)  VALUE  FROM      YEAR
                                      NORMAL
......................................................
TEMPERATURE (F)
 YESTERDAY
  MAXIMUM         73    154 PM  76     -3       80
  MINIMUM         48   1159 PM  51     -3       53
  AVERAGE         61            63     -2       67

PRECIPITATION (IN)
  YESTERDAY        0.00          0.12  -0.12     0.00
  MONTH TO DATE    5.80          3.29   2.51     0.48
  SINCE SEP 1      8.44          6.88   1.56     8.85
  SINCE JAN 1     48.38         45.27   3.11    66.69

SNOWFALL (IN)
  YESTERDAY        0.0

DEGREE DAYS
 HEATING
  YESTERDAY        4             4      0        0
  MONTH TO DATE   36            52    -16       41
  SINCE SEP 1     36            54    -18       41
  SINCE JUL 1     36            54    -18       41

 COOLING
  YESTERDAY        0             2     -2        2
  MONTH TO DATE  136           133      3      143
  SINCE SEP 1    523           481     42      527
  SINCE JAN 1   2408          2361     47     2281
......................................................


WIND (MPH)
  HIGHEST WIND SPEED    20   HIGHEST WIND DIRECTION     N (20)
  HIGHEST GUST SPEED    24   HIGHEST GUST DIRECTION     N (20)
  AVERAGE WIND SPEED     7.6








-  INDICATES NEGATIVE NUMBERS.
R  INDICATES RECORD WAS SET OR TIED.
MM INDICATES DATA IS MISSING.
T  INDICATES TRACE AMOUNT.




$$
