000
CDUS44 KTAE 210633
CLIDHN


CLIMATE REPORT
NATIONAL WEATHER SERVICE TALLAHASSEE FL
133 AM EST SUN DEC 21 2014


...................................

...THE DOTHAN CLIMATE SUMMARY FOR DECEMBER 20 2014...

CLIMATE NORMAL PERIOD 1981 TO 2010
CLIMATE RECORD PERIOD 1965 TO 2014


WEATHER ITEM   OBSERVED TIME   NORMAL DEPARTURE LAST
                VALUE   (LST)  VALUE  FROM      YEAR
                                      NORMAL
......................................................
TEMPERATURE (F)
 YESTERDAY
  MAXIMUM         57    357 PM  61     -4       73
  MINIMUM         46    131 AM  39      7       39
  AVERAGE         52            50      2       56

PRECIPITATION (IN)
  YESTERDAY        0.06          0.11  -0.05     0.00
  MONTH TO DATE    0.44          3.22  -2.78     2.84
  SINCE DEC 1      0.44          3.22  -2.78     2.84
  SINCE JAN 1     50.43         52.80  -2.37    72.11

SNOWFALL (IN)
  YESTERDAY       MM

DEGREE DAYS
 HEATING
  YESTERDAY       13            15     -2        9
  MONTH TO DATE  214           263    -49      187
  SINCE DEC 1    214           263    -49      187
  SINCE JUL 1    635           540     95      487
......................................................


WIND (MPH)
  HIGHEST WIND SPEED    13   HIGHEST WIND DIRECTION     E (80)
  HIGHEST GUST SPEED    16   HIGHEST GUST DIRECTION     E (100)
  AVERAGE WIND SPEED     6.5








-  INDICATES NEGATIVE NUMBERS.
R  INDICATES RECORD WAS SET OR TIED.
MM INDICATES DATA IS MISSING.
T  INDICATES TRACE AMOUNT.




$$
