000
CDUS44 KTAE 010632
CLIDHN


CLIMATE REPORT
NATIONAL WEATHER SERVICE TALLAHASSEE FL
231 AM EDT SAT AUG 1 2015


...................................

...THE DOTHAN CLIMATE SUMMARY FOR JULY 31 2015...

CLIMATE NORMAL PERIOD 1981 TO 2010
CLIMATE RECORD PERIOD 1965 TO 2015


WEATHER ITEM   OBSERVED TIME   NORMAL DEPARTURE LAST
                VALUE   (LST)  VALUE  FROM      YEAR
                                      NORMAL
......................................................
TEMPERATURE (F)
 YESTERDAY
  MAXIMUM         95    151 PM  92      3       88
  MINIMUM         74   1159 PM  72      2       62
  AVERAGE         85            82      3       75

PRECIPITATION (IN)
  YESTERDAY        0.01          0.19  -0.18     0.00
  MONTH TO DATE    4.11          5.95  -1.84     5.21
  SINCE JUN 1      7.31         11.55  -4.24     7.69
  SINCE JAN 1     31.56         33.91  -2.35    37.76

SNOWFALL (IN)
  YESTERDAY        0.0

DEGREE DAYS
 COOLING
  YESTERDAY       20            17      3       10
  MONTH TO DATE  585           524     61      495
  SINCE JUN 1   1058           968     90      969
  SINCE JAN 1   1646          1381    265     1354
......................................................


WIND (MPH)
  HIGHEST WIND SPEED    16   HIGHEST WIND DIRECTION     N (20)
  HIGHEST GUST SPEED    23   HIGHEST GUST DIRECTION    NE (30)
  AVERAGE WIND SPEED     5.1








-  INDICATES NEGATIVE NUMBERS.
R  INDICATES RECORD WAS SET OR TIED.
MM INDICATES DATA IS MISSING.
T  INDICATES TRACE AMOUNT.




$$
