000
CDUS44 KTAE 260633
CLIDHN


CLIMATE REPORT
NATIONAL WEATHER SERVICE TALLAHASSEE FL
232 AM EDT SUN OCT 26 2014


...................................

...THE DOTHAN CLIMATE SUMMARY FOR OCTOBER 25 2014...

CLIMATE NORMAL PERIOD 1981 TO 2010
CLIMATE RECORD PERIOD 1965 TO 2014


WEATHER ITEM   OBSERVED TIME   NORMAL DEPARTURE LAST
                VALUE   (LST)  VALUE  FROM      YEAR
                                      NORMAL
......................................................
TEMPERATURE (F)
 YESTERDAY
  MAXIMUM         79    240 PM  77      2       65
  MINIMUM         46    517 AM  52     -6       41
  AVERAGE         63            65     -2       53

PRECIPITATION (IN)
  YESTERDAY        0.00          0.10  -0.10     0.00
  MONTH TO DATE    5.80          2.72   3.08     0.48
  SINCE SEP 1      8.44          6.31   2.13     8.85
  SINCE JAN 1     48.38         44.70   3.68    66.69

SNOWFALL (IN)
  YESTERDAY        0.0

DEGREE DAYS
 HEATING
  YESTERDAY        2             3     -1       12
  MONTH TO DATE   32            33     -1       23
  SINCE SEP 1     32            35     -3       23
  SINCE JUL 1     32            35     -3       23

 COOLING
  YESTERDAY        0             3     -3        0
  MONTH TO DATE  115           119     -4      140
  SINCE SEP 1    502           467     35      524
  SINCE JAN 1   2387          2347     40     2278
......................................................


WIND (MPH)
  HIGHEST WIND SPEED    15   HIGHEST WIND DIRECTION    NW (330)
  HIGHEST GUST SPEED    20   HIGHEST GUST DIRECTION    NW (330)
  AVERAGE WIND SPEED     6.6








-  INDICATES NEGATIVE NUMBERS.
R  INDICATES RECORD WAS SET OR TIED.
MM INDICATES DATA IS MISSING.
T  INDICATES TRACE AMOUNT.




$$
