000
CDUS44 KTAE 140630
CLIDHN


CLIMATE REPORT
NATIONAL WEATHER SERVICE TALLAHASSEE FL
130 AM EST THU DEC 14 2017


...................................

...THE DOTHAN CLIMATE SUMMARY FOR DECEMBER 13 2017...

CLIMATE NORMAL PERIOD 1981 TO 2010
CLIMATE RECORD PERIOD 1965 TO 2017


WEATHER ITEM   OBSERVED TIME   NORMAL DEPARTURE LAST
                VALUE   (LST)  VALUE  FROM      YEAR
                                      NORMAL
......................................................
TEMPERATURE (F)
 YESTERDAY
  MAXIMUM         57    349 PM  63     -6       74
  MINIMUM         30    750 AM  40    -10       61
  AVERAGE         44            52     -8       68

PRECIPITATION (IN)
  YESTERDAY        0.00          0.15  -0.15     0.76
  MONTH TO DATE    2.14          2.28  -0.14     8.81
  SINCE DEC 1      2.14          2.28  -0.14     8.81
  SINCE JAN 1     49.79         51.86  -2.07    53.62

SNOWFALL (IN)
  YESTERDAY        0.0

DEGREE DAYS
 HEATING
  YESTERDAY       21            14      7        0
  MONTH TO DATE  169           162      7      135
  SINCE DEC 1    169           162      7      135
  SINCE JUL 1    390           439    -49      296
......................................................


WIND (MPH)
  HIGHEST WIND SPEED    14   HIGHEST WIND DIRECTION    SW (220)
  HIGHEST GUST SPEED    18   HIGHEST GUST DIRECTION    SW (230)
  AVERAGE WIND SPEED     6.2








-  INDICATES NEGATIVE NUMBERS.
R  INDICATES RECORD WAS SET OR TIED.
MM INDICATES DATA IS MISSING.
T  INDICATES TRACE AMOUNT.




$$
