000
CDUS44 KAMA 310634
CLIDHT


CLIMATE REPORT
NATIONAL WEATHER SERVICE AMARILLO TX
134 AM CDT TUE MAY 31 2016


...................................

...THE DALHART CLIMATE SUMMARY FOR MAY 30 2016...

CLIMATE NORMAL PERIOD 1981 TO 2010
CLIMATE RECORD PERIOD 1948 TO 2016


WEATHER ITEM   OBSERVED TIME   RECORD YEAR NORMAL DEPARTURE LAST
                VALUE   (LST)  VALUE       VALUE  FROM      YEAR
                                                  NORMAL
..................................................................
TEMPERATURE (F)
 YESTERDAY
  MAXIMUM         86    523 PM  99    2000  83      3       70
  MINIMUM         50    516 AM  41    1975  53     -3       52
  AVERAGE         68                        68      0       61

PRECIPITATION (IN)
  YESTERDAY        0.01          0.68 1976   0.09  -0.08     0.00
  MONTH TO DATE    2.36                      2.16   0.20     2.02
  SINCE MAR 1      6.70                      4.41   2.29     3.40
  SINCE JAN 1      6.95                      5.33   1.62     6.71

SNOWFALL (IN)
  YESTERDAY        0.0           T    1951   0.0    0.0      0.0
  MONTH TO DATE    0.0                       0.1   -0.1      0.0
  SINCE MAR 1      0.0                       5.5   -5.5      0.8
  SINCE JUL 1      2.5                      19.0  -16.5     34.1
  SNOW DEPTH       0

DEGREE DAYS
 HEATING
  YESTERDAY        0                         1     -1        4
  MONTH TO DATE  145                       113     32      131
  SINCE MAR 1    906                      1072   -166      865
  SINCE JUL 1   3851                      4715   -864     4158

 COOLING
  YESTERDAY        3                         4     -1        0
  MONTH TO DATE   44                        61    -17       20
  SINCE MAR 1     46                        67    -21       21
  SINCE JAN 1     46                        67    -21       21
..................................................................


WIND (MPH)
  RESULTANT WIND SPEED  12   RESULTANT WIND DIRECTION   S (200)
  HIGHEST WIND SPEED    30   HIGHEST WIND DIRECTION     S (170)
  HIGHEST GUST SPEED    36   HIGHEST GUST DIRECTION     S (170)
  AVERAGE WIND SPEED    14.3


SKY COVER
  AVERAGE SKY COVER 0.0


WEATHER CONDITIONS
 THE FOLLOWING WEATHER WAS RECORDED YESTERDAY.
  THUNDERSTORM
  LIGHT RAIN
  FOG


RELATIVE HUMIDITY (PERCENT)
 HIGHEST    93           500 AM
 LOWEST     28           600 PM
 AVERAGE    61

..........................................................


THE DALHART CLIMATE NORMALS FOR TODAY
                         NORMAL    RECORD    YEAR
 MAXIMUM TEMPERATURE (F)   83        99      2002
 MINIMUM TEMPERATURE (F)   54        40      2004


SUNRISE AND SUNSET
MAY 31 2016...........SUNRISE   635 AM CDT   SUNSET   901 PM CDT
JUNE  1 2016..........SUNRISE   635 AM CDT   SUNSET   902 PM CDT


-  INDICATES NEGATIVE NUMBERS.
R  INDICATES RECORD WAS SET OR TIED.
MM INDICATES DATA IS MISSING.
T  INDICATES TRACE AMOUNT.




$$
