000
CDUS44 KAMA 290638
CLIDHT


CLIMATE REPORT
NATIONAL WEATHER SERVICE AMARILLO TX
137 AM CDT FRI MAY 29 2015


...................................

...THE DALHART CLIMATE SUMMARY FOR MAY 28 2015...

CLIMATE NORMAL PERIOD 1981 TO 2010
CLIMATE RECORD PERIOD 1894 TO 2015


WEATHER ITEM   OBSERVED TIME   RECORD YEAR NORMAL DEPARTURE LAST
                VALUE   (LST)  VALUE       VALUE  FROM      YEAR
                                                  NORMAL
..................................................................
TEMPERATURE (F)
 YESTERDAY
  MAXIMUM         80    226 PM 100    1974  82     -2       87
  MINIMUM         56    511 AM  38    1992  53      3       57
  AVERAGE         68                        67      1       72

PRECIPITATION (IN)
  YESTERDAY        0.03          2.14 1991   0.08  -0.05     0.00
  MONTH TO DATE    2.02                      1.98   0.04     1.38
  SINCE MAR 1      3.40                      4.23  -0.83     1.58
  SINCE JAN 1      6.71                      5.15   1.56     1.67

SNOWFALL (IN)
  YESTERDAY        0.0           T    1991   0.0    0.0      0.0
  MONTH TO DATE    0.0                       0.1   -0.1      0.0
  SINCE MAR 1      0.8                       5.5   -4.7      2.1
  SINCE JUL 1     34.1                      19.0   15.1     17.4
  SNOW DEPTH       0

DEGREE DAYS
 HEATING
  YESTERDAY        0                         2     -2        0
  MONTH TO DATE  127                       111     16       92
  SINCE MAR 1    861                      1070   -209      999
  SINCE JUL 1   4154                      4713   -559     4593

 COOLING
  YESTERDAY        3                         4     -1        7
  MONTH TO DATE   20                        53    -33       75
  SINCE MAR 1     21                        59    -38       91
  SINCE JAN 1     21                        59    -38       91
..................................................................


WIND (MPH)
  RESULTANT WIND SPEED  10   RESULTANT WIND DIRECTION  SE (150)
  HIGHEST WIND SPEED    31   HIGHEST WIND DIRECTION     S (170)
  HIGHEST GUST SPEED    38   HIGHEST GUST DIRECTION     S (160)
  AVERAGE WIND SPEED    14.0


SKY COVER
  AVERAGE SKY COVER 0.4


WEATHER CONDITIONS
 THE FOLLOWING WEATHER WAS RECORDED YESTERDAY.
  THUNDERSTORM
  RAIN


RELATIVE HUMIDITY (PERCENT)
 HIGHEST    93           400 AM
 LOWEST     44           600 PM
 AVERAGE    69

..........................................................


THE DALHART CLIMATE NORMALS FOR TODAY
                         NORMAL    RECORD    YEAR
 MAXIMUM TEMPERATURE (F)   82       102      2011
 MINIMUM TEMPERATURE (F)   53        38      1973


SUNRISE AND SUNSET
MAY 29 2015...........SUNRISE   636 AM CDT   SUNSET   900 PM CDT
MAY 30 2015...........SUNRISE   636 AM CDT   SUNSET   900 PM CDT


-  INDICATES NEGATIVE NUMBERS.
R  INDICATES RECORD WAS SET OR TIED.
MM INDICATES DATA IS MISSING.
T  INDICATES TRACE AMOUNT.




$$
