000
CDUS44 KAMA 220631
CLIDHT


CLIMATE REPORT
NATIONAL WEATHER SERVICE AMARILLO TX
130 AM CDT SUN OCT 22 2017


...................................

...THE DALHART CLIMATE SUMMARY FOR OCTOBER 21 2017...

CLIMATE NORMAL PERIOD 1981 TO 2010
CLIMATE RECORD PERIOD 1948 TO 2017


WEATHER ITEM   OBSERVED TIME   RECORD YEAR NORMAL DEPARTURE LAST
                VALUE   (LST)  VALUE       VALUE  FROM      YEAR
                                                  NORMAL
..................................................................
TEMPERATURE (F)
 YESTERDAY
  MAXIMUM         67    944 AM  87    2012  70     -3       81
                                      2003
  MINIMUM         40   1159 PM  27    1990  39      1       32
  AVERAGE         54                        54      0       57

PRECIPITATION (IN)
  YESTERDAY        0.00          1.38 2015   0.05  -0.05     0.00
  MONTH TO DATE    4.03                      1.01   3.02     0.10
  SINCE SEP 1      7.04                      2.66   4.38     3.52
  SINCE JAN 1     24.28                     16.01   8.27    17.71

SNOWFALL (IN)
  YESTERDAY        0.0           4.0  1996   0.1   -0.1      0.0
  MONTH TO DATE    0.0                       0.3   -0.3      0.0
  SINCE SEP 1      0.0                       0.3   -0.3      0.0
  SINCE JUL 1      0.0                       0.3   -0.3      0.0
  SNOW DEPTH       0

DEGREE DAYS
 HEATING
  YESTERDAY       11                        11      0        8
  MONTH TO DATE   99                       168    -69       91
  SINCE SEP 1    137                       228    -91      102
  SINCE JUL 1    137                       231    -94      102

 COOLING
  YESTERDAY        0                         0      0        0
  MONTH TO DATE   38                         8     30       46
  SINCE SEP 1    196                       140     56      266
  SINCE JAN 1   1344                      1136    208     1541
..................................................................


WIND (MPH)
  RESULTANT WIND SPEED   2   RESULTANT WIND DIRECTION  NE (30)
  HIGHEST WIND SPEED    29   HIGHEST WIND DIRECTION    NE (40)
  HIGHEST GUST SPEED    37   HIGHEST GUST DIRECTION    NE (40)
  AVERAGE WIND SPEED    14.0


SKY COVER
  AVERAGE SKY COVER 0.0


WEATHER CONDITIONS
 THE FOLLOWING WEATHER WAS RECORDED YESTERDAY.
  NO SIGNIFICANT WEATHER WAS OBSERVED.


RELATIVE HUMIDITY (PERCENT)
 HIGHEST    83           600 AM
 LOWEST     26           300 PM
 AVERAGE    55

..........................................................


THE DALHART CLIMATE NORMALS FOR TODAY
                         NORMAL    RECORD    YEAR
 MAXIMUM TEMPERATURE (F)   69        90      2016
 MINIMUM TEMPERATURE (F)   38        24      1949


SUNRISE AND SUNSET
OCTOBER 22 2017.......SUNRISE   804 AM CDT   SUNSET   705 PM CDT
OCTOBER 23 2017.......SUNRISE   804 AM CDT   SUNSET   704 PM CDT


-  INDICATES NEGATIVE NUMBERS.
R  INDICATES RECORD WAS SET OR TIED.
MM INDICATES DATA IS MISSING.
T  INDICATES TRACE AMOUNT.




$$
