000
CDUS44 KAMA 270631
CLIDHT


CLIMATE REPORT
NATIONAL WEATHER SERVICE AMARILLO TX
130 AM CDT WED AUG 27 2014


...................................

...THE DALHART CLIMATE SUMMARY FOR AUGUST 26 2014...

CLIMATE NORMAL PERIOD 1981 TO 2010
CLIMATE RECORD PERIOD 1894 TO 2014


WEATHER ITEM   OBSERVED TIME   RECORD YEAR NORMAL DEPARTURE LAST
                VALUE   (LST)  VALUE       VALUE  FROM      YEAR
                                                  NORMAL
..................................................................
TEMPERATURE (F)
 YESTERDAY
  MAXIMUM         94    201 PM 101    2002  88      6       93
  MINIMUM         63    515 AM  49    2010  60      3       63
  AVERAGE         79                        74      5       78

PRECIPITATION (IN)
  YESTERDAY        0.51          0.96 1981   0.07   0.44     0.00
  MONTH TO DATE    0.88                      2.51  -1.63     1.56
  SINCE JUN 1      6.80                      7.60  -0.80     3.72
  SINCE JAN 1      8.64                     13.01  -4.37     5.02

SNOWFALL (IN)
  YESTERDAY        0.0           0.0    MM   0.0    0.0      0.0
  MONTH TO DATE    0.0                       0.0    0.0      0.0
  SINCE JUN 1      0.0                       0.0    0.0      0.0
  SINCE JUL 1      0.0                       0.0    0.0      0.0
  SNOW DEPTH       0

DEGREE DAYS
 HEATING
  YESTERDAY        0                         0      0        0
  MONTH TO DATE    0                         0      0        0
  SINCE JUN 1      4                        13     -9        0
  SINCE JUL 1      0                         1     -1        0

 COOLING
  YESTERDAY       14                         9      5       13
  MONTH TO DATE  361                       275     86      315
  SINCE JUN 1   1034                       880    154     1124
  SINCE JAN 1   1154                       952    202     1278
..................................................................


WIND (MPH)
  RESULTANT WIND SPEED   8   RESULTANT WIND DIRECTION   S (200)
  HIGHEST WIND SPEED    30   HIGHEST WIND DIRECTION    SE (150)
  HIGHEST GUST SPEED    35   HIGHEST GUST DIRECTION    SE (150)
  AVERAGE WIND SPEED    11.3


SKY COVER
  AVERAGE SKY COVER 0.3


WEATHER CONDITIONS
 THE FOLLOWING WEATHER WAS RECORDED YESTERDAY.
  THUNDERSTORM
  HEAVY RAIN
  RAIN
  LIGHT RAIN
  FOG


RELATIVE HUMIDITY (PERCENT)
 HIGHEST    93          1100 PM
 LOWEST     26           200 PM
 AVERAGE    60

..........................................................


THE DALHART CLIMATE NORMALS FOR TODAY
                         NORMAL    RECORD    YEAR
 MAXIMUM TEMPERATURE (F)   88        99      1978
 MINIMUM TEMPERATURE (F)   60        49      1992


SUNRISE AND SUNSET
AUGUST 27 2014........SUNRISE   718 AM CDT   SUNSET   825 PM CDT
AUGUST 28 2014........SUNRISE   719 AM CDT   SUNSET   823 PM CDT


-  INDICATES NEGATIVE NUMBERS.
R  INDICATES RECORD WAS SET OR TIED.
MM INDICATES DATA IS MISSING.
T  INDICATES TRACE AMOUNT.




$$
