000
CDUS44 KAMA 230633
CLIDHT


CLIMATE REPORT
NATIONAL WEATHER SERVICE AMARILLO TX
132 AM CDT WED AUG 23 2017


...................................

...THE DALHART CLIMATE SUMMARY FOR AUGUST 22 2017...

CLIMATE NORMAL PERIOD 1981 TO 2010
CLIMATE RECORD PERIOD 1948 TO 2017


WEATHER ITEM   OBSERVED TIME   RECORD YEAR NORMAL DEPARTURE LAST
                VALUE   (LST)  VALUE       VALUE  FROM      YEAR
                                                  NORMAL
..................................................................
TEMPERATURE (F)
 YESTERDAY
  MAXIMUM         75    616 PM 101    2015  89    -14       89
  MINIMUM         64   1159 PM  53    1979  61      3       59
  AVERAGE         70                        75     -5       74

PRECIPITATION (IN)
  YESTERDAY        0.00          0.64 1984   0.08  -0.08      T
  MONTH TO DATE    3.78                      2.20   1.58     2.17
  SINCE JUN 1      8.05                      7.29   0.76     6.25
  SINCE JAN 1     17.19                     12.70   4.49    13.47

SNOWFALL (IN)
  YESTERDAY        0.0           0.0    MM   0.0    0.0      0.0
  MONTH TO DATE    0.0                       0.0    0.0      0.0
  SINCE JUN 1      0.0                       0.0    0.0      0.0
  SINCE JUL 1      0.0                       0.0    0.0      0.0
  SNOW DEPTH       0

DEGREE DAYS
 HEATING
  YESTERDAY        0                         0      0        0
  MONTH TO DATE    0                         0      0        0
  SINCE JUN 1      0                        13    -13        0
  SINCE JUL 1      0                         1     -1        0

 COOLING
  YESTERDAY        5                        10     -5        9
  MONTH TO DATE  194                       237    -43      275
  SINCE JUN 1   1015                       842    173     1157
  SINCE JAN 1   1092                       914    178     1203
..................................................................


WIND (MPH)
  RESULTANT WIND SPEED   7   RESULTANT WIND DIRECTION   N (20)
  HIGHEST WIND SPEED    22   HIGHEST WIND DIRECTION     N (10)
  HIGHEST GUST SPEED    27   HIGHEST GUST DIRECTION    NE (30)
  AVERAGE WIND SPEED    11.1


SKY COVER
  AVERAGE SKY COVER 0.6


WEATHER CONDITIONS
 THE FOLLOWING WEATHER WAS RECORDED YESTERDAY.
  FOG


RELATIVE HUMIDITY (PERCENT)
 HIGHEST    93          1200 AM
 LOWEST     73           400 PM
 AVERAGE    83

..........................................................


THE DALHART CLIMATE NORMALS FOR TODAY
                         NORMAL    RECORD    YEAR
 MAXIMUM TEMPERATURE (F)   89       101      2010
 MINIMUM TEMPERATURE (F)   61        52      1966


SUNRISE AND SUNSET
AUGUST 23 2017........SUNRISE   715 AM CDT   SUNSET   830 PM CDT
AUGUST 24 2017........SUNRISE   716 AM CDT   SUNSET   828 PM CDT


-  INDICATES NEGATIVE NUMBERS.
R  INDICATES RECORD WAS SET OR TIED.
MM INDICATES DATA IS MISSING.
T  INDICATES TRACE AMOUNT.




$$
