000
CDUS44 KAMA 300644
CLIDHT


CLIMATE REPORT
NATIONAL WEATHER SERVICE AMARILLO TX
144 AM CDT TUE SEP 30 2014


...................................

...THE DALHART CLIMATE SUMMARY FOR SEPTEMBER 29 2014...

CLIMATE NORMAL PERIOD 1981 TO 2010
CLIMATE RECORD PERIOD 1894 TO 2014


WEATHER ITEM   OBSERVED TIME   RECORD YEAR NORMAL DEPARTURE LAST
                VALUE   (LST)  VALUE       VALUE  FROM      YEAR
                                                  NORMAL
..................................................................
TEMPERATURE (F)
 YESTERDAY
  MAXIMUM         81    319 PM  97    2010  77      4       82
  MINIMUM         58    655 AM  28    1985  47     11       36
  AVERAGE         70                        62      8       59

PRECIPITATION (IN)
  YESTERDAY        0.42          0.77 1983   0.05   0.37     0.00
  MONTH TO DATE    1.55                      1.60  -0.05     1.64
  SINCE SEP 1      1.55                      1.60  -0.05     1.64
  SINCE JAN 1     10.19                     14.95  -4.76     6.66

SNOWFALL (IN)
  YESTERDAY        0.0           0.5  1984   0.0    0.0      0.0
  MONTH TO DATE    0.0                       0.0    0.0      0.0
  SINCE SEP 1      0.0                       0.0    0.0      0.0
  SINCE JUL 1      0.0                       0.0    0.0      0.0
  SNOW DEPTH       0

DEGREE DAYS
 HEATING
  YESTERDAY        0                         5     -5        6
  MONTH TO DATE   21                        55    -34       14
  SINCE SEP 1     21                        55    -34       14
  SINCE JUL 1     21                        58    -37       14

 COOLING
  YESTERDAY        5                         2      3        0
  MONTH TO DATE  175                       131     44      208
  SINCE SEP 1    175                       131     44      208
  SINCE JAN 1   1390                      1127    263     1561
..................................................................


WIND (MPH)
  RESULTANT WIND SPEED  16   RESULTANT WIND DIRECTION   S (180)
  HIGHEST WIND SPEED    29   HIGHEST WIND DIRECTION    SE (150)
  HIGHEST GUST SPEED    39   HIGHEST GUST DIRECTION     S (170)
  AVERAGE WIND SPEED    15.5


SKY COVER
  AVERAGE SKY COVER 0.3


WEATHER CONDITIONS
 THE FOLLOWING WEATHER WAS RECORDED YESTERDAY.
  THUNDERSTORM
  HEAVY RAIN
  LIGHT RAIN
  FOG


RELATIVE HUMIDITY (PERCENT)
 HIGHEST    86           700 AM
 LOWEST     42           100 PM
 AVERAGE    64

..........................................................


THE DALHART CLIMATE NORMALS FOR TODAY
                         NORMAL    RECORD    YEAR
 MAXIMUM TEMPERATURE (F)   76        95      2009
 MINIMUM TEMPERATURE (F)   47        27      1985


SUNRISE AND SUNSET
SEPTEMBER 30 2014.....SUNRISE   744 AM CDT   SUNSET   735 PM CDT
OCTOBER  1 2014.......SUNRISE   745 AM CDT   SUNSET   734 PM CDT


-  INDICATES NEGATIVE NUMBERS.
R  INDICATES RECORD WAS SET OR TIED.
MM INDICATES DATA IS MISSING.
T  INDICATES TRACE AMOUNT.




$$
