000
CDUS44 KAMA 092239
CLIDHT


CLIMATE REPORT
NATIONAL WEATHER SERVICE AMARILLO TX
438 PM CST FRI DEC 9 2016


...................................

...THE DALHART CLIMATE SUMMARY FOR DECEMBER 9 2016...
VALID TODAY AS OF 0400 PM LOCAL TIME.

CLIMATE NORMAL PERIOD 1981 TO 2010
CLIMATE RECORD PERIOD 1948 TO 2016


WEATHER ITEM   OBSERVED TIME   RECORD YEAR NORMAL DEPARTURE LAST
                VALUE   (LST)  VALUE       VALUE  FROM      YEAR
                                                  NORMAL
..................................................................
TEMPERATURE (F)
 TODAY
  MAXIMUM         MM        MM  75    1993  49     MM       71
  MINIMUM         MM        MM  -7    1978  20     MM       31
  AVERAGE         MM                        35     MM       51

PRECIPITATION (IN)
  TODAY            0.00          0.39 1960   0.02  -0.02     0.00
  MONTH TO DATE    0.03                      0.15  -0.12     0.00
  SINCE DEC 1      0.03                      0.15  -0.12     0.00
  SINCE JAN 1     18.91                     17.20   1.71    20.82

SNOWFALL (IN)
  TODAY            0.0           4.0  1960   0.1   -0.1      0.0
  MONTH TO DATE    0.5                       1.1   -0.6      0.0
  SINCE DEC 1      0.5                       1.1   -0.6      0.0
  SINCE JUL 1      0.5                       3.0   -2.5      0.5
  SNOW DEPTH      MM

DEGREE DAYS
 HEATING
  TODAY           MM                        30     MM       14
  MONTH TO DATE  258                       262     -4      184
  SINCE DEC 1    258                       262     -4      184
  SINCE JUL 1    834                      1257   -423      894

 COOLING
  TODAY           MM                         0     MM        0
  MONTH TO DATE    0                         0      0        0
  SINCE DEC 1      0                         0      0        0
  SINCE JAN 1   1556                      1138    418     1538
..................................................................


WIND (MPH)
  RESULTANT WIND SPEED  14   RESULTANT WIND DIRECTION   S (180)
  HIGHEST WIND SPEED    MM   HIGHEST WIND DIRECTION    MM
  HIGHEST GUST SPEED    MM   HIGHEST GUST DIRECTION    MM
  AVERAGE WIND SPEED   100.0


SKY COVER
  AVERAGE SKY COVER 0.8


WEATHER CONDITIONS
 THE FOLLOWING WEATHER WAS RECORDED TODAY.
  NO SIGNIFICANT WEATHER WAS OBSERVED.


RELATIVE HUMIDITY (PERCENT)
 HIGHEST    MM
 LOWEST     MM
 AVERAGE    MM

..........................................................


THE DALHART CLIMATE NORMALS FOR TOMORROW
                         NORMAL    RECORD    YEAR
 MAXIMUM TEMPERATURE (F)   49        75      1981
 MINIMUM TEMPERATURE (F)   20         3      2013


SUNRISE AND SUNSET
DECEMBER  9 2016......SUNRISE   750 AM CST   SUNSET   536 PM CST
DECEMBER 10 2016......SUNRISE   750 AM CST   SUNSET   536 PM CST


-  INDICATES NEGATIVE NUMBERS.
R  INDICATES RECORD WAS SET OR TIED.
MM INDICATES DATA IS MISSING.
T  INDICATES TRACE AMOUNT.




$$
