000
CDUS44 KAMA 300736
CLIDHT


CLIMATE REPORT
NATIONAL WEATHER SERVICE AMARILLO TX
136 AM CST FRI JAN 30 2015


...................................

...THE DALHART CLIMATE SUMMARY FOR JANUARY 29 2015...

CLIMATE NORMAL PERIOD 1981 TO 2010
CLIMATE RECORD PERIOD 1894 TO 2015


WEATHER ITEM   OBSERVED TIME   RECORD YEAR NORMAL DEPARTURE LAST
                VALUE   (LST)  VALUE       VALUE  FROM      YEAR
                                                  NORMAL
..................................................................
TEMPERATURE (F)
 YESTERDAY
  MAXIMUM         52    502 PM  75    1971  51      1       51
  MINIMUM         37   1149 PM  -3    1951  20     17       18
  AVERAGE         45                        35     10       35

PRECIPITATION (IN)
  YESTERDAY        0.00          0.40 1999   0.02  -0.02     0.00
  MONTH TO DATE    1.09                      0.48   0.61     0.01
  SINCE DEC 1      1.42                      1.02   0.40     0.22
  SINCE JAN 1      1.09                      0.48   0.61     0.01

SNOWFALL (IN)
  YESTERDAY        0.0           6.4  1999   0.2   -0.2      0.0
  MONTH TO DATE   15.0                       4.0   11.0      3.0
  SINCE DEC 1     19.5                       8.3   11.2      9.5
  SINCE JUL 1     21.0                      10.2   10.8     12.5
  SNOW DEPTH       0

DEGREE DAYS
 HEATING
  YESTERDAY       20                        30    -10       30
  MONTH TO DATE  820                       881    -61      857
  SINCE DEC 1   1683                      1829   -146     1846
  SINCE JUL 1   2536                      2824   -288     2792

 COOLING
  YESTERDAY        0                         0      0        0
  MONTH TO DATE    0                         0      0        0
  SINCE DEC 1      0                         0      0        0
  SINCE JAN 1      0                         0      0        0
..................................................................


WIND (MPH)
  RESULTANT WIND SPEED  11   RESULTANT WIND DIRECTION   N (10)
  HIGHEST WIND SPEED    26   HIGHEST WIND DIRECTION     N (20)
  HIGHEST GUST SPEED    32   HIGHEST GUST DIRECTION    NE (30)
  AVERAGE WIND SPEED    12.5


SKY COVER
  AVERAGE SKY COVER 0.5


WEATHER CONDITIONS
 THE FOLLOWING WEATHER WAS RECORDED YESTERDAY.
  NO SIGNIFICANT WEATHER WAS OBSERVED.


RELATIVE HUMIDITY (PERCENT)
 HIGHEST    70          1000 PM
 LOWEST     36           300 PM
 AVERAGE    53

..........................................................


THE DALHART CLIMATE NORMALS FOR TODAY
                         NORMAL    RECORD    YEAR
 MAXIMUM TEMPERATURE (F)   51        75      1986
 MINIMUM TEMPERATURE (F)   20        -4      1949


SUNRISE AND SUNSET
JANUARY 30 2015.......SUNRISE   752 AM CST   SUNSET   615 PM CST
JANUARY 31 2015.......SUNRISE   752 AM CST   SUNSET   616 PM CST


-  INDICATES NEGATIVE NUMBERS.
R  INDICATES RECORD WAS SET OR TIED.
MM INDICATES DATA IS MISSING.
T  INDICATES TRACE AMOUNT.




$$
