000
CDUS44 KAMA 310628
CLIDHT


CLIMATE REPORT
NATIONAL WEATHER SERVICE AMARILLO TX
127 AM CDT MON AUG 31 2015


...................................

...THE DALHART CLIMATE SUMMARY FOR AUGUST 30 2015...

CLIMATE NORMAL PERIOD 1981 TO 2010
CLIMATE RECORD PERIOD 1948 TO 2015


WEATHER ITEM   OBSERVED TIME   RECORD YEAR NORMAL DEPARTURE LAST
                VALUE   (LST)  VALUE       VALUE  FROM      YEAR
                                                  NORMAL
..................................................................
TEMPERATURE (F)
 YESTERDAY
  MAXIMUM         92    447 PM  99    2013  87      5       94
                                      2011
  MINIMUM         52R   610 AM  52    1967  59     -7       61
  AVERAGE         72                        73     -1       78

PRECIPITATION (IN)
  YESTERDAY        0.00          1.25 1973   0.07  -0.07     0.00
  MONTH TO DATE    1.72                      2.79  -1.07     0.88
  SINCE JUN 1      6.72                      7.88  -1.16     6.80
  SINCE JAN 1     13.43                     13.29   0.14     8.64

SNOWFALL (IN)
  YESTERDAY        0.0           T    1997   0.0    0.0      0.0
  MONTH TO DATE    0.0                       0.0    0.0      0.0
  SINCE JUN 1      0.0                       0.0    0.0      0.0
  SINCE JUL 1      0.0                       0.0    0.0      0.0
  SNOW DEPTH       0

DEGREE DAYS
 HEATING
  YESTERDAY        0                         0      0        0
  MONTH TO DATE    0                         0      0        0
  SINCE JUN 1      0                        13    -13        4
  SINCE JUL 1      0                         1     -1        0

 COOLING
  YESTERDAY        7                         8     -1       13
  MONTH TO DATE  377                       310     67      404
  SINCE JUN 1   1176                       915    261     1077
  SINCE JAN 1   1198                       987    211     1197
..................................................................


WIND (MPH)
  RESULTANT WIND SPEED   6   RESULTANT WIND DIRECTION   S (180)
  HIGHEST WIND SPEED    16   HIGHEST WIND DIRECTION     S (160)
  HIGHEST GUST SPEED    23   HIGHEST GUST DIRECTION    SW (220)
  AVERAGE WIND SPEED     8.2


SKY COVER
  AVERAGE SKY COVER 0.0


WEATHER CONDITIONS
 THE FOLLOWING WEATHER WAS RECORDED YESTERDAY.
  FOG
  HAZE


RELATIVE HUMIDITY (PERCENT)
 HIGHEST    83           600 AM
 LOWEST     20           500 PM
 AVERAGE    52

..........................................................


THE DALHART CLIMATE NORMALS FOR TODAY
                         NORMAL    RECORD    YEAR
 MAXIMUM TEMPERATURE (F)   87       103      2011
 MINIMUM TEMPERATURE (F)   59        49      1987


SUNRISE AND SUNSET
AUGUST 31 2015........SUNRISE   721 AM CDT   SUNSET   819 PM CDT
SEPTEMBER  1 2015.....SUNRISE   722 AM CDT   SUNSET   818 PM CDT


-  INDICATES NEGATIVE NUMBERS.
R  INDICATES RECORD WAS SET OR TIED.
MM INDICATES DATA IS MISSING.
T  INDICATES TRACE AMOUNT.




$$
