000
CDUS43 KBIS 230732
CLIDIK


CLIMATE REPORT
NATIONAL WEATHER SERVICE BISMARCK ND
232 AM CDT SUN APR 23 2017


...................................

...THE DICKINSON ND CLIMATE SUMMARY FOR APRIL 22 2017...

CLIMATE NORMAL PERIOD 1981 TO 2010
CLIMATE RECORD PERIOD 1893 TO 2017


WEATHER ITEM   OBSERVED TIME   RECORD YEAR NORMAL DEPARTURE LAST
                VALUE   (LST)  VALUE       VALUE  FROM      YEAR
                                                  NORMAL
..................................................................
TEMPERATURE (F)
 YESTERDAY
  MAXIMUM         63    313 PM  90    1989  58      5       71
  MINIMUM         33    533 AM  15    1951  31      2       35
  AVERAGE         48                        45      3       53

PRECIPITATION (IN)
  YESTERDAY        T             1.77 1940   0.05  -0.05     0.00
  MONTH TO DATE    0.49                      0.97  -0.48     0.95
  SINCE MAR 1      0.83                      1.66  -0.83     1.20
  SINCE JAN 1      1.11                      2.29  -1.18     1.62

DEGREE DAYS
 HEATING
  YESTERDAY       17                        20     -3       12
  MONTH TO DATE  478                       533    -55      488
  SINCE MAR 1   1491                      1619   -128     1359
  SINCE JUL 1   7621                      7913   -292     6768

 COOLING
  YESTERDAY        0                         0      0        0
  MONTH TO DATE    0                         0      0        0
  SINCE MAR 1      0                         0      0        0
  SINCE JAN 1      0                         0      0        0
..................................................................


WIND (MPH)
  HIGHEST WIND SPEED    23   HIGHEST WIND DIRECTION     E (80)
  HIGHEST GUST SPEED    28   HIGHEST GUST DIRECTION     E (70)
  AVERAGE WIND SPEED    11.5


SKY COVER
  POSSIBLE SUNSHINE  MM
  AVERAGE SKY COVER 0.5


WEATHER CONDITIONS
 THE FOLLOWING WEATHER WAS RECORDED YESTERDAY.
  NO SIGNIFICANT WEATHER WAS OBSERVED.


RELATIVE HUMIDITY (PERCENT)
 HIGHEST    92           600 AM
 LOWEST     42           300 PM
 AVERAGE    67

..........................................................


THE DICKINSON ND CLIMATE NORMALS FOR TODAY
                         NORMAL    RECORD    YEAR
 MAXIMUM TEMPERATURE (F)   59        87      2012
 MINIMUM TEMPERATURE (F)   32        13      1931


SUNRISE AND SUNSET
APRIL 23 2017.........SUNRISE   549 AM MDT   SUNSET   751 PM MDT
APRIL 24 2017.........SUNRISE   547 AM MDT   SUNSET   752 PM MDT


-  INDICATES NEGATIVE NUMBERS.
R  INDICATES RECORD WAS SET OR TIED.
MM INDICATES DATA IS MISSING.
T  INDICATES TRACE AMOUNT.




$$
