000
CDUS43 KBIS 280744
CLIDIK


CLIMATE REPORT
NATIONAL WEATHER SERVICE BISMARCK ND
243 AM CDT TUE JUL 28 2015


...................................

...THE DICKINSON ND CLIMATE SUMMARY FOR JULY 27 2015...

CLIMATE NORMAL PERIOD 1981 TO 2010
CLIMATE RECORD PERIOD 1893 TO 2015


WEATHER ITEM   OBSERVED TIME   RECORD YEAR NORMAL DEPARTURE LAST
                VALUE   (LST)  VALUE       VALUE  FROM      YEAR
                                                  NORMAL
..................................................................
TEMPERATURE (F)
 YESTERDAY
  MAXIMUM         90    320 PM 109    1931  85      5       73
  MINIMUM         59   1159 PM  40    2013  56      3       50
                                      1971
  AVERAGE         75                        71      4       62

PRECIPITATION (IN)
  YESTERDAY        T             0.70 1940   0.06  -0.06     0.00
  MONTH TO DATE    2.37                      2.20   0.17     1.11
  SINCE JUN 1      5.30                      5.40  -0.10     4.94
  SINCE JAN 1      8.73                     10.51  -1.78    12.98

DEGREE DAYS
 HEATING
  YESTERDAY        0                         1     -1        3
  MONTH TO DATE    8                        33    -25       48
  SINCE JUN 1     76                       170    -94      213
  SINCE JUL 1      8                        33    -25       48

 COOLING
  YESTERDAY       10                         6      4        0
  MONTH TO DATE  163                       138     25       83
  SINCE JUN 1    221                       192     29       95
  SINCE JAN 1    221                       202     19      125
..................................................................


WIND (MPH)
  HIGHEST WIND SPEED    35   HIGHEST WIND DIRECTION     S (160)
  HIGHEST GUST SPEED    54   HIGHEST GUST DIRECTION    SW (240)
  AVERAGE WIND SPEED    15.4


SKY COVER
  POSSIBLE SUNSHINE  MM
  AVERAGE SKY COVER 0.0


WEATHER CONDITIONS
 THE FOLLOWING WEATHER WAS RECORDED YESTERDAY.
  LIGHT RAIN
  HAZE


RELATIVE HUMIDITY (PERCENT)
 HIGHEST    90          1000 PM
 LOWEST     44           100 PM
 AVERAGE    67

..........................................................


THE DICKINSON ND CLIMATE NORMALS FOR TODAY
                         NORMAL    RECORD    YEAR
 MAXIMUM TEMPERATURE (F)   85       106      1935
 MINIMUM TEMPERATURE (F)   56        33      1942


SUNRISE AND SUNSET
JULY 28 2015..........SUNRISE   526 AM MDT   SUNSET   829 PM MDT
JULY 29 2015..........SUNRISE   527 AM MDT   SUNSET   827 PM MDT


-  INDICATES NEGATIVE NUMBERS.
R  INDICATES RECORD WAS SET OR TIED.
MM INDICATES DATA IS MISSING.
T  INDICATES TRACE AMOUNT.




$$
