000
CDUS43 KBIS 220728
CLIDIK


CLIMATE REPORT
NATIONAL WEATHER SERVICE BISMARCK ND
227 AM CDT MON SEP 22 2014


...................................

...THE DICKINSON ND CLIMATE SUMMARY FOR SEPTEMBER 21 2014...

CLIMATE NORMAL PERIOD 1981 TO 2010
CLIMATE RECORD PERIOD 1903 TO 2014


WEATHER ITEM   OBSERVED TIME   RECORD YEAR NORMAL DEPARTURE LAST
                VALUE   (LST)  VALUE       VALUE  FROM      YEAR
                                                  NORMAL
..................................................................
TEMPERATURE (F)
 YESTERDAY
  MAXIMUM         73    421 PM  94    1922  69      4       76
  MINIMUM         40    505 AM  20    1995  41     -1       41
  AVERAGE         57                        55      2       59

PRECIPITATION (IN)
  YESTERDAY        0.00          1.42 1959   0.05  -0.05     0.00
  MONTH TO DATE    0.77                      1.03  -0.26     2.76
  SINCE SEP 1      0.77                      1.03  -0.26     2.76
  SINCE JAN 1     20.54                     13.32   7.22    17.77

DEGREE DAYS
 HEATING
  YESTERDAY        8                        11     -3        6
  MONTH TO DATE  214                       151     63       57
  SINCE SEP 1    214                       151     63       57
  SINCE JUL 1    315                       237     78       97

 COOLING
  YESTERDAY        0                         0      0        0
  MONTH TO DATE    1                        30    -29       74
  SINCE SEP 1      1                        30    -29       74
  SINCE JAN 1    233                       416   -183      386
..................................................................


WIND (MPH)
  HIGHEST WIND SPEED    12   HIGHEST WIND DIRECTION     S (180)
  HIGHEST GUST SPEED    13   HIGHEST GUST DIRECTION     S (180)
  AVERAGE WIND SPEED     6.5


SKY COVER
  POSSIBLE SUNSHINE  MM
  AVERAGE SKY COVER 0.0


WEATHER CONDITIONS
 THE FOLLOWING WEATHER WAS RECORDED YESTERDAY.
  NO SIGNIFICANT WEATHER WAS OBSERVED.


RELATIVE HUMIDITY (PERCENT)
 HIGHEST    79           400 AM
 LOWEST     25           400 PM
 AVERAGE    52

..........................................................


THE DICKINSON ND CLIMATE NORMALS FOR TODAY
                         NORMAL    RECORD    YEAR
 MAXIMUM TEMPERATURE (F)   68        95      1938
 MINIMUM TEMPERATURE (F)   40        19      1995


SUNRISE AND SUNSET
SEPTEMBER 22 2014.....SUNRISE   638 AM MDT   SUNSET   649 PM MDT
SEPTEMBER 23 2014.....SUNRISE   639 AM MDT   SUNSET   647 PM MDT


-  INDICATES NEGATIVE NUMBERS.
R  INDICATES RECORD WAS SET OR TIED.
MM INDICATES DATA IS MISSING.
T  INDICATES TRACE AMOUNT.




$$
