000
CDUS43 KBIS 210838
CLIDIK


CLIMATE REPORT
NATIONAL WEATHER SERVICE BISMARCK ND
238 AM CST SUN JAN 21 2018


...................................

...THE DICKINSON ND CLIMATE SUMMARY FOR JANUARY 20 2018...

CLIMATE NORMAL PERIOD 1981 TO 2010
CLIMATE RECORD PERIOD 1893 TO 2018


WEATHER ITEM   OBSERVED TIME   RECORD YEAR NORMAL DEPARTURE LAST
                VALUE   (LST)  VALUE       VALUE  FROM      YEAR
                                                  NORMAL
..................................................................
TEMPERATURE (F)
 YESTERDAY
  MAXIMUM         38    132 PM  54    1908  27     11       32
  MINIMUM         22   1159 PM -33    1954   6     16       17
  AVERAGE         30                        16     14       25

PRECIPITATION (IN)
  YESTERDAY        0.00          0.40 1906   0.01  -0.01     0.00
  MONTH TO DATE    0.03                      0.21  -0.18     0.07
  SINCE DEC 1      0.16                      0.45  -0.29     0.23
  SINCE JAN 1      0.03                      0.21  -0.18     0.07

DEGREE DAYS
 HEATING
  YESTERDAY       35                        49    -14       40
  MONTH TO DATE 1018                       980     38     1185
  SINCE DEC 1   2488                      2440     48     2814
  SINCE JUL 1   4441                      4517    -76     4481

 COOLING
  YESTERDAY        0                         0      0        0
  MONTH TO DATE    0                         0      0        0
  SINCE DEC 1      0                         0      0        0
  SINCE JAN 1      0                         0      0        0
..................................................................


WIND (MPH)
  HIGHEST WIND SPEED    21   HIGHEST WIND DIRECTION     W (270)
  HIGHEST GUST SPEED    24   HIGHEST GUST DIRECTION     W (270)
  AVERAGE WIND SPEED    11.2


SKY COVER
  POSSIBLE SUNSHINE  MM
  AVERAGE SKY COVER 0.1


WEATHER CONDITIONS
 THE FOLLOWING WEATHER WAS RECORDED YESTERDAY.
  NO SIGNIFICANT WEATHER WAS OBSERVED.


RELATIVE HUMIDITY (PERCENT)
 HIGHEST    92           500 AM
 LOWEST     59           100 PM
 AVERAGE    76

..........................................................


THE DICKINSON ND CLIMATE NORMALS FOR TODAY
                         NORMAL    RECORD    YEAR
 MAXIMUM TEMPERATURE (F)   27        54      1942
 MINIMUM TEMPERATURE (F)    6       -33      1927


SUNRISE AND SUNSET
JANUARY 21 2018.......SUNRISE   727 AM MST   SUNSET   438 PM MST
JANUARY 22 2018.......SUNRISE   726 AM MST   SUNSET   440 PM MST


-  INDICATES NEGATIVE NUMBERS.
R  INDICATES RECORD WAS SET OR TIED.
MM INDICATES DATA IS MISSING.
T  INDICATES TRACE AMOUNT.




$$
