000
CDUS43 KBIS 180838
CLIDIK


CLIMATE REPORT
NATIONAL WEATHER SERVICE BISMARCK ND
337 AM CDT FRI APR 18 2014


...................................

...THE DICKINSON ND CLIMATE SUMMARY FOR APRIL 17 2014...

CLIMATE NORMAL PERIOD 1981 TO 2010
CLIMATE RECORD PERIOD 1903 TO 2014


WEATHER ITEM   OBSERVED TIME   RECORD YEAR NORMAL DEPARTURE LAST
                VALUE   (LST)  VALUE       VALUE  FROM      YEAR
                                                  NORMAL
..................................................................
TEMPERATURE (F)
 YESTERDAY
  MAXIMUM         45    420 PM  84    1994  56    -11       31
  MINIMUM         26    213 AM   6    1905  30     -4       20
  AVERAGE         36                        43     -7       26

PRECIPITATION (IN)
  YESTERDAY        0.00          0.42 1971   0.05  -0.05      T
  MONTH TO DATE    0.04                      0.72  -0.68     0.56
  SINCE MAR 1      0.54                      1.41  -0.87     0.91
  SINCE JAN 1      0.71                      2.04  -1.33     0.99

DEGREE DAYS
 HEATING
  YESTERDAY       29                        22      7       39
  MONTH TO DATE  538                       429    109      567
  SINCE MAR 1   1734                      1515    219     1773
  SINCE JUL 1   8376                      7809    567     7751

 COOLING
  YESTERDAY        0                         0      0        0
  MONTH TO DATE    0                         0      0        0
  SINCE MAR 1      0                         0      0        0
  SINCE JAN 1      0                         0      0        0
..................................................................


WIND (MPH)
  HIGHEST WIND SPEED    24   HIGHEST WIND DIRECTION    SE (150)
  HIGHEST GUST SPEED    29   HIGHEST GUST DIRECTION     S (160)
  AVERAGE WIND SPEED    16.1


SKY COVER
  POSSIBLE SUNSHINE  MM
  AVERAGE SKY COVER 0.8


WEATHER CONDITIONS
 THE FOLLOWING WEATHER WAS RECORDED YESTERDAY.
  NO SIGNIFICANT WEATHER WAS OBSERVED.


RELATIVE HUMIDITY (PERCENT)
 HIGHEST    81          1200 AM
 LOWEST     45           600 PM
 AVERAGE    63

..........................................................


THE DICKINSON ND CLIMATE NORMALS FOR TODAY
                         NORMAL    RECORD    YEAR
 MAXIMUM TEMPERATURE (F)   57        89      1987
 MINIMUM TEMPERATURE (F)   30        11      2013


SUNRISE AND SUNSET
APRIL 18 2014.........SUNRISE   558 AM MDT   SUNSET   744 PM MDT
APRIL 19 2014.........SUNRISE   556 AM MDT   SUNSET   745 PM MDT


-  INDICATES NEGATIVE NUMBERS.
R  INDICATES RECORD WAS SET OR TIED.
MM INDICATES DATA IS MISSING.
T  INDICATES TRACE AMOUNT.




$$
