000
CDUS43 KBIS 040727
CLIDIK


CLIMATE REPORT
NATIONAL WEATHER SERVICE BISMARCK ND
227 AM CDT SAT JUL 4 2015


...................................

...THE DICKINSON ND CLIMATE SUMMARY FOR JULY 3 2015...

CLIMATE NORMAL PERIOD 1981 TO 2010
CLIMATE RECORD PERIOD 1893 TO 2015


WEATHER ITEM   OBSERVED TIME   RECORD YEAR NORMAL DEPARTURE LAST
                VALUE   (LST)  VALUE       VALUE  FROM      YEAR
                                                  NORMAL
..................................................................
TEMPERATURE (F)
 YESTERDAY
  MAXIMUM         83    346 PM  97    1936  81      2       77
                                      1933
  MINIMUM         56    400 AM  32    1898  53      3       49
  AVERAGE         70                        67      3       63

PRECIPITATION (IN)
  YESTERDAY        0.00          1.41 1958   0.09  -0.09     0.00
  MONTH TO DATE    0.02                      0.28  -0.26     0.02
  SINCE JUN 1      2.95                      3.48  -0.53     3.85
  SINCE JAN 1      6.38                      8.59  -2.21    11.89

DEGREE DAYS
 HEATING
  YESTERDAY        0                         2     -2        2
  MONTH TO DATE    0                         6     -6       15
  SINCE JUN 1     68                       143    -75      180
  SINCE JUL 1      0                         6     -6       15

 COOLING
  YESTERDAY        5                         4      1        0
  MONTH TO DATE   13                        12      1        0
  SINCE JUN 1     71                        66      5       12
  SINCE JAN 1     71                        76     -5       42
..................................................................


WIND (MPH)
  HIGHEST WIND SPEED    14   HIGHEST WIND DIRECTION     S (170)
  HIGHEST GUST SPEED    16   HIGHEST GUST DIRECTION    SE (150)
  AVERAGE WIND SPEED     6.8


SKY COVER
  POSSIBLE SUNSHINE  MM
  AVERAGE SKY COVER 0.1


WEATHER CONDITIONS
 THE FOLLOWING WEATHER WAS RECORDED YESTERDAY.
  FOG
  HAZE


RELATIVE HUMIDITY (PERCENT)
 HIGHEST    93           200 AM
 LOWEST     47           300 PM
 AVERAGE    70

..........................................................


THE DICKINSON ND CLIMATE NORMALS FOR TODAY
                         NORMAL    RECORD    YEAR
 MAXIMUM TEMPERATURE (F)   81       102      1989
 MINIMUM TEMPERATURE (F)   53        37      1972


SUNRISE AND SUNSET
JULY  4 2015..........SUNRISE   503 AM MDT   SUNSET   848 PM MDT
JULY  5 2015..........SUNRISE   503 AM MDT   SUNSET   848 PM MDT


-  INDICATES NEGATIVE NUMBERS.
R  INDICATES RECORD WAS SET OR TIED.
MM INDICATES DATA IS MISSING.
T  INDICATES TRACE AMOUNT.




$$
