513
CDUS43 KBIS 260737
CLIDIK


CLIMATE REPORT
NATIONAL WEATHER SERVICE BISMARCK ND
237 AM CDT SUN MAR 26 2017


...................................

...THE DICKINSON ND CLIMATE SUMMARY FOR MARCH 25 2017...

CLIMATE NORMAL PERIOD 1981 TO 2010
CLIMATE RECORD PERIOD 1893 TO 2017


WEATHER ITEM   OBSERVED TIME   RECORD YEAR NORMAL DEPARTURE LAST
                VALUE   (LST)  VALUE       VALUE  FROM      YEAR
                                                  NORMAL
..................................................................
TEMPERATURE (F)
 YESTERDAY
  MAXIMUM         61    238 PM  77    2007  45     16       38
  MINIMUM         32    609 AM -13    1975  22     10       14
  AVERAGE         47                        34     13       26

PRECIPITATION (IN)
  YESTERDAY        T             0.62 1904   0.03  -0.03      T
  MONTH TO DATE    0.21                      0.51  -0.30     0.10
  SINCE MAR 1      0.21                      0.51  -0.30     0.10
  SINCE JAN 1      0.49                      1.14  -0.65     0.52

DEGREE DAYS
 HEATING
  YESTERDAY       18                        32    -14       39
  MONTH TO DATE  904                       907     -3      713
  SINCE MAR 1    904                       907     -3      713
  SINCE JUL 1   7034                      7201   -167     6122

 COOLING
  YESTERDAY        0                         0      0        0
  MONTH TO DATE    0                         0      0        0
  SINCE MAR 1      0                         0      0        0
  SINCE JAN 1      0                         0      0        0
..................................................................


WIND (MPH)
  HIGHEST WIND SPEED    24   HIGHEST WIND DIRECTION     S (160)
  HIGHEST GUST SPEED    32   HIGHEST GUST DIRECTION     S (160)
  AVERAGE WIND SPEED    11.2


SKY COVER
  POSSIBLE SUNSHINE  MM
  AVERAGE SKY COVER 0.4


WEATHER CONDITIONS
 THE FOLLOWING WEATHER WAS RECORDED YESTERDAY.
  LIGHT SNOW


RELATIVE HUMIDITY (PERCENT)
 HIGHEST    89           200 AM
 LOWEST     24           300 PM
 AVERAGE    57

..........................................................


THE DICKINSON ND CLIMATE NORMALS FOR TODAY
                         NORMAL    RECORD    YEAR
 MAXIMUM TEMPERATURE (F)   46        75      1999
                                             1997
 MINIMUM TEMPERATURE (F)   22       -16      1913


SUNRISE AND SUNSET
MARCH 26 2017.........SUNRISE   642 AM MDT   SUNSET   713 PM MDT
MARCH 27 2017.........SUNRISE   640 AM MDT   SUNSET   714 PM MDT


-  INDICATES NEGATIVE NUMBERS.
R  INDICATES RECORD WAS SET OR TIED.
MM INDICATES DATA IS MISSING.
T  INDICATES TRACE AMOUNT.




$$
