000
CDUS43 KDLH 300625
CLIDLH


CLIMATE REPORT
NATIONAL WEATHER SERVICE DULUTH MN
122 AM CDT THU MAR 30 2017


...................................

...THE DULUTH MN CLIMATE SUMMARY FOR MARCH 29 2017...

CLIMATE NORMAL PERIOD 1981 TO 2010
CLIMATE RECORD PERIOD 1870 TO 2017


WEATHER ITEM   OBSERVED TIME   RECORD YEAR NORMAL DEPARTURE LAST
                VALUE   (LST)  VALUE       VALUE  FROM      YEAR
                                                  NORMAL
..................................................................
TEMPERATURE (F)
 YESTERDAY
  MAXIMUM         39    120 PM  63    1963  40     -1       53
  MINIMUM         30   1159 PM  -9    1969  23      7       28
  AVERAGE         35                        31      4       41

PRECIPITATION (IN)
  YESTERDAY        0.00          1.02 1938   0.05  -0.05     0.00
  MONTH TO DATE    1.05                      1.38  -0.33     3.57
  SINCE MAR 1      1.05                      1.38  -0.33     3.57
  SINCE JAN 1      4.01                      3.15   0.86     5.45

SNOWFALL (IN)
  YESTERDAY        0.0           6.6  1944   0.3   -0.3      0.0
  MONTH TO DATE    5.3                      12.6   -7.3     17.3
  SINCE MAR 1      5.3                      12.6   -7.3     17.3
  SINCE JUL 1     64.3                      78.2  -13.9     71.5
  SNOW DEPTH       T

DEGREE DAYS
 HEATING
  YESTERDAY       30                        34     -4       24
  MONTH TO DATE 1144                      1146     -2      975
  SINCE MAR 1   1144                      1146     -2      975
  SINCE JUL 1   6834                      8013  -1179     6812

 COOLING
  YESTERDAY        0                         0      0        0
  MONTH TO DATE    0                         0      0        0
  SINCE MAR 1      0                         0      0        0
  SINCE JAN 1      0                         0      0        0
..................................................................


WIND (MPH)
  HIGHEST WIND SPEED    21   HIGHEST WIND DIRECTION     E (90)
  HIGHEST GUST SPEED    27   HIGHEST GUST DIRECTION     E (100)
  AVERAGE WIND SPEED    12.6


SKY COVER
  AVERAGE SKY COVER 0.2


WEATHER CONDITIONS
 THE FOLLOWING WEATHER WAS RECORDED YESTERDAY.
  NO SIGNIFICANT WEATHER WAS OBSERVED.


RELATIVE HUMIDITY (PERCENT)
 HIGHEST    92           900 PM
 LOWEST     64           200 AM
 AVERAGE    78

..........................................................


THE DULUTH MN CLIMATE NORMALS FOR TODAY
                         NORMAL    RECORD    YEAR
 MAXIMUM TEMPERATURE (F)   40        67      1918
 MINIMUM TEMPERATURE (F)   23       -12      1923


SUNRISE AND SUNSET
MARCH 30 2017.........SUNRISE   651 AM CDT   SUNSET   735 PM CDT
MARCH 31 2017.........SUNRISE   649 AM CDT   SUNSET   737 PM CDT


-  INDICATES NEGATIVE NUMBERS.
R  INDICATES RECORD WAS SET OR TIED.
MM INDICATES DATA IS MISSING.
T  INDICATES TRACE AMOUNT.




$$
