000
CDUS43 KDLH 250621
CLIDLH


CLIMATE REPORT
NATIONAL WEATHER SERVICE DULUTH MN
121 AM CDT MON JUL 25 2016


...................................

...THE DULUTH MN CLIMATE SUMMARY FOR JULY 24 2016...

CLIMATE NORMAL PERIOD 1981 TO 2010
CLIMATE RECORD PERIOD 1870 TO 2016


WEATHER ITEM   OBSERVED TIME   RECORD YEAR NORMAL DEPARTURE LAST
                VALUE   (LST)  VALUE       VALUE  FROM      YEAR
                                                  NORMAL
..................................................................
TEMPERATURE (F)
 YESTERDAY
  MAXIMUM         81    311 PM  91    1886  77      4       81
  MINIMUM         62    138 AM  41    2004  56      6       67
  AVERAGE         72                        66      6       74

PRECIPITATION (IN)
  YESTERDAY        0.03          1.23 1949   0.12  -0.09     0.04
  MONTH TO DATE    4.35                      3.08   1.27     3.01
  SINCE JUN 1      8.81                      7.31   1.50     6.65
  SINCE JAN 1     18.92                     16.23   2.69    13.04

SNOWFALL (IN)
  YESTERDAY        0.0           0.0  2002   0.0    0.0      0.0
                                      2001
  MONTH TO DATE    0.0                       0.0    0.0      0.0
  SINCE JUN 1      T                         0.0    0.0       T
  SINCE JUL 1      0.0                       0.0    0.0      0.0
  SNOW DEPTH       0

DEGREE DAYS
 HEATING
  YESTERDAY        0                         2     -2        0
  MONTH TO DATE   21                        54    -33       15
  SINCE JUN 1    163                       233    -70      136
  SINCE JUL 1     21                        54    -33       15

 COOLING
  YESTERDAY        7                         3      4        9
  MONTH TO DATE   83                        69     14      100
  SINCE JUN 1    126                        99     27      122
  SINCE JAN 1    135                       103     32      126
..................................................................


WIND (MPH)
  HIGHEST WIND SPEED    22   HIGHEST WIND DIRECTION     W (290)
  HIGHEST GUST SPEED    27   HIGHEST GUST DIRECTION     W (280)
  AVERAGE WIND SPEED    11.6


SKY COVER
  AVERAGE SKY COVER 0.5


WEATHER CONDITIONS
 THE FOLLOWING WEATHER WAS RECORDED YESTERDAY.
  THUNDERSTORM
  LIGHT RAIN
  FOG
  FOG W/VISIBILITY <= 1/4 MILE


RELATIVE HUMIDITY (PERCENT)
 HIGHEST   100           400 AM
 LOWEST     49           300 PM
 AVERAGE    75

..........................................................


THE DULUTH MN CLIMATE NORMALS FOR TODAY
                         NORMAL    RECORD    YEAR
 MAXIMUM TEMPERATURE (F)   77        89      1989
                                             1892
                                             1874
 MINIMUM TEMPERATURE (F)   56        42      1915


SUNRISE AND SUNSET
JULY 25 2016..........SUNRISE   541 AM CDT   SUNSET   848 PM CDT
JULY 26 2016..........SUNRISE   542 AM CDT   SUNSET   847 PM CDT


-  INDICATES NEGATIVE NUMBERS.
R  INDICATES RECORD WAS SET OR TIED.
MM INDICATES DATA IS MISSING.
T  INDICATES TRACE AMOUNT.




$$
