000
CDUS43 KDLH 280627
CLIDLH


CLIMATE REPORT
NATIONAL WEATHER SERVICE DULUTH MN
123 AM CDT TUE JUL 28 2015


...................................

...THE DULUTH MN CLIMATE SUMMARY FOR JULY 27 2015...

CLIMATE NORMAL PERIOD 1981 TO 2010
CLIMATE RECORD PERIOD 1870 TO 2015


WEATHER ITEM   OBSERVED TIME   RECORD YEAR NORMAL DEPARTURE LAST
                VALUE   (LST)  VALUE       VALUE  FROM      YEAR
                                                  NORMAL
..................................................................
TEMPERATURE (F)
 YESTERDAY
  MAXIMUM         86    251 PM  94    1931  77      9       64
                                      1894
  MINIMUM         63    423 AM  42    1981  56      7       56
  AVERAGE         75                        66      9       60

PRECIPITATION (IN)
  YESTERDAY        0.00          1.88 1945   0.11  -0.11     0.26
  MONTH TO DATE    3.01                      3.40  -0.39     3.03
  SINCE JUN 1      6.65                      7.63  -0.98     7.50
  SINCE JAN 1     13.04                     16.55  -3.51    19.93

SNOWFALL (IN)
  YESTERDAY        0.0           0.0  2002   0.0    0.0      0.0
                                      2001
  MONTH TO DATE    0.0                       0.0    0.0      0.0
  SINCE JUN 1      T                         0.0    0.0       T
  SINCE JUL 1      0.0                       0.0    0.0      0.0
  SNOW DEPTH       0

DEGREE DAYS
 HEATING
  YESTERDAY        0                         2     -2        5
  MONTH TO DATE   15                        60    -45       39
  SINCE JUN 1    136                       239   -103      201
  SINCE JUL 1     15                        60    -45       39

 COOLING
  YESTERDAY       10                         3      7        0
  MONTH TO DATE  129                        78     51       80
  SINCE JUN 1    151                       108     43      109
  SINCE JAN 1    155                       112     43      127
..................................................................


WIND (MPH)
  HIGHEST WIND SPEED    15   HIGHEST WIND DIRECTION    SE (130)
  HIGHEST GUST SPEED    20   HIGHEST GUST DIRECTION    SE (150)
  AVERAGE WIND SPEED     6.8


SKY COVER
  AVERAGE SKY COVER 0.1


WEATHER CONDITIONS
 THE FOLLOWING WEATHER WAS RECORDED YESTERDAY.
  FOG W/VISIBILITY <= 1/4 MILE
  HAZE


RELATIVE HUMIDITY (PERCENT)
 HIGHEST    87           200 AM
 LOWEST     44           200 PM
 AVERAGE    66

..........................................................


THE DULUTH MN CLIMATE NORMALS FOR TODAY
                         NORMAL    RECORD    YEAR
 MAXIMUM TEMPERATURE (F)   77        97      2006
 MINIMUM TEMPERATURE (F)   56        45      1992


SUNRISE AND SUNSET
JULY 28 2015..........SUNRISE   543 AM CDT   SUNSET   846 PM CDT
JULY 29 2015..........SUNRISE   545 AM CDT   SUNSET   844 PM CDT


-  INDICATES NEGATIVE NUMBERS.
R  INDICATES RECORD WAS SET OR TIED.
MM INDICATES DATA IS MISSING.
T  INDICATES TRACE AMOUNT.




$$
