000
CDUS43 KDLH 180643
CLIDLH


CLIMATE REPORT
NATIONAL WEATHER SERVICE DULUTH MN
1239 AM CST SAT NOV 18 2017


...................................

...THE DULUTH MN CLIMATE SUMMARY FOR NOVEMBER 17 2017...

CLIMATE NORMAL PERIOD 1981 TO 2010
CLIMATE RECORD PERIOD 1870 TO 2017


WEATHER ITEM   OBSERVED TIME   RECORD YEAR NORMAL DEPARTURE LAST
                VALUE   (LST)  VALUE       VALUE  FROM      YEAR
                                                  NORMAL
..................................................................
TEMPERATURE (F)
 YESTERDAY
  MAXIMUM         33    535 PM  68    1953  35     -2       48
  MINIMUM         28   1251 AM  -9    1959  21      7       37
  AVERAGE         31                        28      3       43

PRECIPITATION (IN)
  YESTERDAY        0.07          2.16 1968   0.08  -0.01     0.18
  MONTH TO DATE    1.22                      1.27  -0.05     0.28
  SINCE SEP 1      8.17                      8.23  -0.06     5.35
  SINCE JAN 1     35.86                     28.93   6.93    29.27

SNOWFALL (IN)
  YESTERDAY        0.2          13.4  1968   0.5   -0.3      0.0
  MONTH TO DATE   10.2                       6.4    3.8      0.0
  SINCE SEP 1     21.3                       8.8   12.5       T
  SINCE JUL 1     21.3                       8.8   12.5       T
  SNOW DEPTH       3

DEGREE DAYS
 HEATING
  YESTERDAY       34                        37     -3       22
  MONTH TO DATE  685                       557    128      302
  SINCE SEP 1   1491                      1533    -42      995
  SINCE JUL 1   1661                      1682    -21     1049

 COOLING
  YESTERDAY        0                         0      0        0
  MONTH TO DATE    0                         0      0        0
  SINCE SEP 1     26                        14     12       14
  SINCE JAN 1    126                       204    -78      281
..................................................................


WIND (MPH)
  HIGHEST WIND SPEED    21   HIGHEST WIND DIRECTION    SE (150)
  HIGHEST GUST SPEED    28   HIGHEST GUST DIRECTION     S (160)
  AVERAGE WIND SPEED     9.0


SKY COVER
  AVERAGE SKY COVER 0.9


WEATHER CONDITIONS
 THE FOLLOWING WEATHER WAS RECORDED YESTERDAY.
  LT FREEZING RAIN
  LIGHT SNOW
  SLEET
  FOG


RELATIVE HUMIDITY (PERCENT)
 HIGHEST   100          1100 AM
 LOWEST     78           500 AM
 AVERAGE    89

..........................................................


THE DULUTH MN CLIMATE NORMALS FOR TODAY
                         NORMAL    RECORD    YEAR
 MAXIMUM TEMPERATURE (F)   34        64      1904
 MINIMUM TEMPERATURE (F)   21        -4      1932


SUNRISE AND SUNSET
NOVEMBER 18 2017......SUNRISE   716 AM CST   SUNSET   431 PM CST
NOVEMBER 19 2017......SUNRISE   718 AM CST   SUNSET   430 PM CST


-  INDICATES NEGATIVE NUMBERS.
R  INDICATES RECORD WAS SET OR TIED.
MM INDICATES DATA IS MISSING.
T  INDICATES TRACE AMOUNT.




$$
