000
CDUS45 KTFX 251021
CLIDLN


CLIMATE REPORT
NATIONAL WEATHER SERVICE GREAT FALLS MT
420 AM MDT THU AUG 25 2016


...................................

...THE DILLON AIRPORT MT CLIMATE SUMMARY FOR AUGUST 24 2016...

CLIMATE NORMAL PERIOD 1981 TO 2010
CLIMATE RECORD PERIOD 1929 TO 2016


WEATHER ITEM   OBSERVED TIME   RECORD YEAR NORMAL DEPARTURE LAST
                VALUE   (LST)  VALUE       VALUE  FROM      YEAR
                                                  NORMAL
..................................................................
TEMPERATURE (F)
 YESTERDAY
  MAXIMUM         69    319 PM  97    1969  79    -10       91
  MINIMUM         42    619 AM  35    1985  46     -4       46
  AVERAGE         56                        63     -7       69

PRECIPITATION (IN)
  YESTERDAY        0.00          0.35 2013   0.03  -0.03     0.00
  MONTH TO DATE    0.12                      0.79  -0.67     0.28
  SINCE OCT 1      7.61                      9.44  -1.83     7.85
  SINCE JAN 1      5.53                      8.04  -2.51     6.69

SNOWFALL (IN)
  YESTERDAY       MM
  SNOW DEPTH       0

DEGREE DAYS
 HEATING
  YESTERDAY        9                                6        0
  MONTH TO DATE   52                                2       54
  SINCE JUN 1    214                             -114      179
  SINCE JUL 1    106                                1      103

 COOLING
  YESTERDAY        0                               -1        4
  MONTH TO DATE   23                              -23       68
  SINCE JUN 1    140                                1      211
  SINCE JAN 1    140                                0      211
..................................................................


WIND (MPH)
  HIGHEST WIND SPEED    25   HIGHEST WIND DIRECTION    NE (30)
  HIGHEST GUST SPEED    31   HIGHEST GUST DIRECTION     N (20)
  AVERAGE WIND SPEED    11.8


SKY COVER
  AVERAGE SKY COVER 0.0


WEATHER CONDITIONS
 THE FOLLOWING WEATHER WAS RECORDED YESTERDAY.
  NO SIGNIFICANT WEATHER WAS OBSERVED.


RELATIVE HUMIDITY (PERCENT)
 HIGHEST    76
 LOWEST     26
 AVERAGE    51

..........................................................


THE DILLON AIRPORT MT CLIMATE NORMALS FOR TODAY
                         NORMAL    RECORD    YEAR
 MAXIMUM TEMPERATURE (F)   79        94      2010
 MINIMUM TEMPERATURE (F)   46        35      2012


SUNRISE AND SUNSET
AUGUST 25 2016........SUNRISE   644 AM MDT   SUNSET   819 PM MDT
AUGUST 26 2016........SUNRISE   645 AM MDT   SUNSET   817 PM MDT


-  INDICATES NEGATIVE NUMBERS.
R  INDICATES RECORD WAS SET OR TIED.
MM INDICATES DATA IS MISSING.
T  INDICATES TRACE AMOUNT.




$$
