000
CDUS45 KTFX 080752
CLIDLN


CLIMATE REPORT
NATIONAL WEATHER SERVICE GREAT FALLS MT
1251 AM MST MON FEB 8 2016


...................................

...THE DILLON AIRPORT MT CLIMATE SUMMARY FOR FEBRUARY 7 2016...

CLIMATE NORMAL PERIOD 1981 TO 2010
CLIMATE RECORD PERIOD 1929 TO 2016


WEATHER ITEM   OBSERVED TIME   RECORD YEAR NORMAL DEPARTURE LAST
                VALUE   (LST)  VALUE       VALUE  FROM      YEAR
                                                  NORMAL
..................................................................
TEMPERATURE (F)
 YESTERDAY
  MAXIMUM         40    432 PM  57    1991  35      5       54
  MINIMUM         18    429 AM -35    1936  14      4       41
  AVERAGE         29                        24      5       48

PRECIPITATION (IN)
  YESTERDAY        0.00          0.09 1959   0.01  -0.01      T
  MONTH TO DATE    0.00                      0.05  -0.05     0.03
  SINCE OCT 1      2.13                      1.73   0.40     1.19
  SINCE JAN 1      0.05                      0.33  -0.28     0.03

SNOWFALL (IN)
  YESTERDAY       MM
  SNOW DEPTH       0

DEGREE DAYS
 HEATING
  YESTERDAY       36                               -5       17
  MONTH TO DATE  296                                9      185
  SINCE DEC 1   2962                               -5     2449
  SINCE JUL 1   4885                             -233     4423

 COOLING
  YESTERDAY        0                                0        0
  MONTH TO DATE    0                                0        0
  SINCE DEC 1      0                                0        0
  SINCE JAN 1      0                                0        0
..................................................................


WIND (MPH)
  HIGHEST WIND SPEED    16   HIGHEST WIND DIRECTION    SW (240)
  HIGHEST GUST SPEED    19   HIGHEST GUST DIRECTION    SW (220)
  AVERAGE WIND SPEED     6.7


SKY COVER
  AVERAGE SKY COVER 0.1


WEATHER CONDITIONS
 THE FOLLOWING WEATHER WAS RECORDED YESTERDAY.
  NO SIGNIFICANT WEATHER WAS OBSERVED.


RELATIVE HUMIDITY (PERCENT)
 HIGHEST    75
 LOWEST     44
 AVERAGE    60

..........................................................


THE DILLON AIRPORT MT CLIMATE NORMALS FOR TODAY
                         NORMAL    RECORD    YEAR
 MAXIMUM TEMPERATURE (F)   35        56      2015
                                             1991
 MINIMUM TEMPERATURE (F)   14       -38      1936


SUNRISE AND SUNSET
FEBRUARY  8 2016......SUNRISE   742 AM MST   SUNSET   547 PM MST
FEBRUARY  9 2016......SUNRISE   741 AM MST   SUNSET   549 PM MST


-  INDICATES NEGATIVE NUMBERS.
R  INDICATES RECORD WAS SET OR TIED.
MM INDICATES DATA IS MISSING.
T  INDICATES TRACE AMOUNT.




$$
