000
CDUS45 KTFX 270820
CLIDLN


CLIMATE REPORT
NATIONAL WEATHER SERVICE GREAT FALLS MT
119 AM MST FRI FEB 27 2015


...................................

...THE DILLON AIRPORT MT CLIMATE SUMMARY FOR FEBRUARY 26 2015...

CLIMATE NORMAL PERIOD 1981 TO 2010
CLIMATE RECORD PERIOD 1929 TO 2015


WEATHER ITEM   OBSERVED TIME   RECORD YEAR NORMAL DEPARTURE LAST
                VALUE   (LST)  VALUE       VALUE  FROM      YEAR
                                                  NORMAL
..................................................................
TEMPERATURE (F)
 YESTERDAY
  MAXIMUM         27    354 PM  62    1988  41    -14       25
  MINIMUM         10   1148 PM -16    1960  18     -8       -5
  AVERAGE         19                        29    -10       10

PRECIPITATION (IN)
  YESTERDAY        T             0.19 1976   0.01  -0.01     0.00
  MONTH TO DATE    0.19                      0.22  -0.03     0.21
  SINCE OCT 1      1.35                      1.90  -0.55     0.72
  SINCE JAN 1      0.19                      0.50  -0.31     0.23

SNOWFALL (IN)
  YESTERDAY       MM
  SNOW DEPTH       1

DEGREE DAYS
 HEATING
  YESTERDAY       46                               10       55
  MONTH TO DATE  784                             -231     1261
  SINCE DEC 1   3048                             -647     3765
  SINCE JUL 1   5022                             -824     5694

 COOLING
  YESTERDAY        0                                0        0
  MONTH TO DATE    0                                0        0
  SINCE DEC 1      0                                0        0
  SINCE JAN 1      0                                0        0
..................................................................


WIND (MPH)
  HIGHEST WIND SPEED    20   HIGHEST WIND DIRECTION    NE (60)
  HIGHEST GUST SPEED    24   HIGHEST GUST DIRECTION    NE (40)
  AVERAGE WIND SPEED    11.2


SKY COVER
  AVERAGE SKY COVER 0.7


WEATHER CONDITIONS
 THE FOLLOWING WEATHER WAS RECORDED YESTERDAY.
  LIGHT SNOW
  FOG
  HAZE


RELATIVE HUMIDITY (PERCENT)
 HIGHEST    91
 LOWEST     55
 AVERAGE    73

..........................................................


THE DILLON AIRPORT MT CLIMATE NORMALS FOR TODAY
                         NORMAL    RECORD    YEAR
 MAXIMUM TEMPERATURE (F)   41        64      1988
 MINIMUM TEMPERATURE (F)   18       -19      1960


SUNRISE AND SUNSET
FEBRUARY 27 2015......SUNRISE   712 AM MST   SUNSET   614 PM MST
FEBRUARY 28 2015......SUNRISE   710 AM MST   SUNSET   616 PM MST


-  INDICATES NEGATIVE NUMBERS.
R  INDICATES RECORD WAS SET OR TIED.
MM INDICATES DATA IS MISSING.
T  INDICATES TRACE AMOUNT.




$$
