000
CDUS45 KTFX 301031
CLIDLN


CLIMATE REPORT
NATIONAL WEATHER SERVICE GREAT FALLS MT
431 AM MDT WED JUL 30 2014


...................................

...THE DILLON AIRPORT MT CLIMATE SUMMARY FOR JULY 29 2014...

CLIMATE NORMAL PERIOD 1981 TO 2010
CLIMATE RECORD PERIOD 1929 TO 2014


WEATHER ITEM   OBSERVED TIME   RECORD YEAR NORMAL DEPARTURE LAST
                VALUE   (LST)  VALUE       VALUE  FROM      YEAR
                                                  NORMAL
..................................................................
TEMPERATURE (F)
 YESTERDAY
  MAXIMUM         87    138 PM  98    1972  84      3       83
  MINIMUM         53    533 AM  37    1959  50      3       47
  AVERAGE         70                        67      3       65

PRECIPITATION (IN)
  YESTERDAY        0.00          0.70 1973   0.03  -0.03     0.00
  MONTH TO DATE    0.63                      1.13  -0.50     0.84
  SINCE OCT 1      6.58                      8.57  -1.99     6.44
  SINCE JAN 1      6.09                      7.17  -1.08     5.42

SNOWFALL (IN)
  YESTERDAY       MM
  SNOW DEPTH       0

DEGREE DAYS
 HEATING
  YESTERDAY        0                               -1        0
  MONTH TO DATE   16                              -36        0
  SINCE JUN 1    266                               -9      188
  SINCE JUL 1     16                              -36        0

 COOLING
  YESTERDAY        5                                2        0
  MONTH TO DATE  105                               30      129
  SINCE JUN 1    105                               14      151
  SINCE JAN 1    105                               13      154
..................................................................


WIND (MPH)
  HIGHEST WIND SPEED    28   HIGHEST WIND DIRECTION    NW (330)
  HIGHEST GUST SPEED    34   HIGHEST GUST DIRECTION     N (340)
  AVERAGE WIND SPEED     7.7



WEATHER CONDITIONS
 THE FOLLOWING WEATHER WAS RECORDED YESTERDAY.
  NO SIGNIFICANT WEATHER WAS OBSERVED.


RELATIVE HUMIDITY (PERCENT)
 HIGHEST    61
 LOWEST     27
 AVERAGE    44

..........................................................


THE DILLON AIRPORT MT CLIMATE NORMALS FOR TODAY
                         NORMAL    RECORD    YEAR
 MAXIMUM TEMPERATURE (F)   84        98      1988
 MINIMUM TEMPERATURE (F)   50        41      1977


SUNRISE AND SUNSET
JULY 30 2014..........SUNRISE   613 AM MDT   SUNSET   900 PM MDT
JULY 31 2014..........SUNRISE   614 AM MDT   SUNSET   859 PM MDT


-  INDICATES NEGATIVE NUMBERS.
R  INDICATES RECORD WAS SET OR TIED.
MM INDICATES DATA IS MISSING.
T  INDICATES TRACE AMOUNT.




$$
