000
CDUS45 KTFX 242230
CLIDLN


CLIMATE REPORT
NATIONAL WEATHER SERVICE GREAT FALLS MT
430 PM MDT TUE MAY 24 2016


...................................

...THE DILLON AIRPORT MT CLIMATE SUMMARY FOR MAY 24 2016...
VALID TODAY AS OF 0400 PM LOCAL TIME.

CLIMATE NORMAL PERIOD 1981 TO 2010
CLIMATE RECORD PERIOD 1929 TO 2016


WEATHER ITEM   OBSERVED TIME   RECORD YEAR NORMAL DEPARTURE LAST
                VALUE   (LST)  VALUE       VALUE  FROM      YEAR
                                                  NORMAL
..................................................................
TEMPERATURE (F)
 TODAY
  MAXIMUM         56    259 PM  85    1988  66    -10       63
  MINIMUM         34    540 AM  27    1989  39     -5       45
  AVERAGE         45                        52     -7       54

PRECIPITATION (IN)
  TODAY            0.00          0.85 2011   0.08  -0.08     0.00
  MONTH TO DATE    1.54                      1.39   0.15     2.04
  SINCE OCT 1      5.34                      4.91   0.43     4.73
  SINCE JAN 1      3.26                      3.51  -0.25     3.57

DEGREE DAYS
 HEATING
  TODAY           20                        13      7       11
  MONTH TO DATE  380                       373      7      354
  SINCE MAR 1   1785                      2025   -240     1743
  SINCE JUL 1   7285                      7942   -657     6855

 COOLING
  TODAY            0                         0      0        0
  MONTH TO DATE    0                         0      0        0
  SINCE MAR 1      0                         0      0        0
  SINCE JAN 1      0                         0      0        0
..................................................................


WIND (MPH)
  HIGHEST WIND SPEED    13   HIGHEST WIND DIRECTION    NE (30)
  HIGHEST GUST SPEED    17   HIGHEST GUST DIRECTION     N (360)
  AVERAGE WIND SPEED     4.5


SKY COVER
  AVERAGE SKY COVER 0.2


WEATHER CONDITIONS
 THE FOLLOWING WEATHER WAS RECORDED TODAY.
  NO SIGNIFICANT WEATHER WAS OBSERVED.


RELATIVE HUMIDITY (PERCENT)
 HIGHEST    92
 LOWEST     47
 AVERAGE    70

..........................................................


THE DILLON AIRPORT MT CLIMATE NORMALS FOR TOMORROW
                         NORMAL    RECORD    YEAR
 MAXIMUM TEMPERATURE (F)   66        83      2001
 MINIMUM TEMPERATURE (F)   39        19      1950


SUNRISE AND SUNSET
MAY 24 2016...........SUNRISE   551 AM MDT   SUNSET   904 PM MDT
MAY 25 2016...........SUNRISE   550 AM MDT   SUNSET   905 PM MDT


-  INDICATES NEGATIVE NUMBERS.
R  INDICATES RECORD WAS SET OR TIED.
MM INDICATES DATA IS MISSING.
T  INDICATES TRACE AMOUNT.




$$
