000
CDUS45 KTFX 161020
CLIDLN


CLIMATE REPORT
NATIONAL WEATHER SERVICE GREAT FALLS MT
319 AM MST MON JAN 16 2017


...................................

...THE DILLON AIRPORT MT CLIMATE SUMMARY FOR JANUARY 15 2017...

CLIMATE NORMAL PERIOD 1981 TO 2010
CLIMATE RECORD PERIOD 1929 TO 2017


WEATHER ITEM   OBSERVED TIME   RECORD YEAR NORMAL DEPARTURE LAST
                VALUE   (LST)  VALUE       VALUE  FROM      YEAR
                                                  NORMAL
..................................................................
TEMPERATURE (F)
 YESTERDAY
  MAXIMUM         29    322 PM  54    1974  32     -3       23
  MINIMUM          3    749 AM -24    1930  13    -10        5
  AVERAGE         16                        23     -7       14

PRECIPITATION (IN)
  YESTERDAY        0.00          0.22 1952   0.01  -0.01     0.00
  MONTH TO DATE    0.05                      0.14  -0.09     0.05
  SINCE OCT 1      2.59                      1.54   1.05     2.13
  SINCE JAN 1      0.05                      0.14  -0.09     0.05

SNOWFALL (IN)
  YESTERDAY       MM
  SNOW DEPTH       3

DEGREE DAYS
 HEATING
  YESTERDAY       49                                7       51
  MONTH TO DATE  863                              221      706
  SINCE DEC 1   2391                              379     2044
  SINCE JUL 1   4174                               11     3967

 COOLING
  YESTERDAY        0                                0        0
  MONTH TO DATE    0                                0        0
  SINCE DEC 1      0                                0        0
  SINCE JAN 1      0                                0        0
..................................................................


WIND (MPH)
  HIGHEST WIND SPEED    18   HIGHEST WIND DIRECTION    SW (210)
  HIGHEST GUST SPEED    21   HIGHEST GUST DIRECTION     S (200)
  AVERAGE WIND SPEED    10.3


SKY COVER
  AVERAGE SKY COVER 0.0


WEATHER CONDITIONS
 THE FOLLOWING WEATHER WAS RECORDED YESTERDAY.
  NO SIGNIFICANT WEATHER WAS OBSERVED.


RELATIVE HUMIDITY (PERCENT)
 HIGHEST    56
 LOWEST     33
 AVERAGE    45

..........................................................


THE DILLON AIRPORT MT CLIMATE NORMALS FOR TODAY
                         NORMAL    RECORD    YEAR
 MAXIMUM TEMPERATURE (F)   33        52      1974
 MINIMUM TEMPERATURE (F)   13       -24      1957


SUNRISE AND SUNSET
JANUARY 16 2017.......SUNRISE   805 AM MST   SUNSET   516 PM MST
JANUARY 17 2017.......SUNRISE   804 AM MST   SUNSET   517 PM MST


-  INDICATES NEGATIVE NUMBERS.
R  INDICATES RECORD WAS SET OR TIED.
MM INDICATES DATA IS MISSING.
T  INDICATES TRACE AMOUNT.




$$
