328
CDUS41 KLWX 200530
CLIDMH


CLIMATE REPORT
NATIONAL WEATHER SERVICE BALTIMORE MD/WASHINGTON DC
1228 AM EST MON NOV 20 2017


...................................

...THE BALTIMORE INNER HARBOR MD CLIMATE SUMMARY FOR NOVEMBER 19 2017...

CLIMATE NORMAL PERIOD 1981 TO 2010
CLIMATE RECORD PERIOD 1999 TO 2017


WEATHER ITEM   OBSERVED TIME   RECORD YEAR NORMAL DEPARTURE LAST
                VALUE   (LST)  VALUE       VALUE  FROM      YEAR
                                                  NORMAL
..................................................................
TEMPERATURE (F)
 YESTERDAY
  MAXIMUM         64   1237 AM  MM      MM  56      8       69
  MINIMUM         43    919 PM  MM      MM  42      1       41
  AVERAGE         54                        49      5       55

PRECIPITATION (IN)
  YESTERDAY        0.08         MM      MM   0.09  -0.01     0.01
  MONTH TO DATE    1.67                      1.85  -0.18     0.14
  SINCE SEP 1      6.17                      8.99  -2.82     6.03
  SINCE JAN 1     34.25                     36.36  -2.11    35.90

DEGREE DAYS
 HEATING
  YESTERDAY       11                        16     -5       10
  MONTH TO DATE  265                       242     23      184
  SINCE SEP 1    349                       451   -102      313
  SINCE JUL 1    349                       451   -102      313

 COOLING
  YESTERDAY        0                         0      0        0
  MONTH TO DATE    4                         0      4        2
  SINCE SEP 1    371                       268    103      370
  SINCE JAN 1   1885                      1664    221     1923
..................................................................


WIND (MPH)
  HIGHEST WIND SPEED    MM   HIGHEST WIND DIRECTION    MM
  HIGHEST GUST SPEED    MM   HIGHEST GUST DIRECTION    MM
  AVERAGE WIND SPEED    MM


SKY COVER
  POSSIBLE SUNSHINE  MM



RELATIVE HUMIDITY (PERCENT)
 HIGHEST    MM
 LOWEST     MM
 AVERAGE    MM

..........................................................


THE BALTIMORE INNER HARBOR MD CLIMATE NORMALS FOR TODAY
                         NORMAL
 MAXIMUM TEMPERATURE (F)   56
 MINIMUM TEMPERATURE (F)   42


SUNRISE AND SUNSET
NOVEMBER 20 2017......SUNRISE   656 AM EST   SUNSET   448 PM EST
NOVEMBER 21 2017......SUNRISE   657 AM EST   SUNSET   448 PM EST


-  INDICATES NEGATIVE NUMBERS.
R  INDICATES RECORD WAS SET OR TIED.
MM INDICATES DATA IS MISSING.
T  INDICATES TRACE AMOUNT.




$$
