000
CDUS41 KLWX 250523
CLIDMH


CLIMATE REPORT
NATIONAL WEATHER SERVICE BALTIMORE MD/WASHINGTON DC
123 AM EDT SAT MAR 25 2017


...................................

...THE BALTIMORE INNER HARBOR MD CLIMATE SUMMARY FOR MARCH 24 2017...

CLIMATE NORMAL PERIOD 1981 TO 2010
CLIMATE RECORD PERIOD 9999 TO 9999


WEATHER ITEM   OBSERVED TIME   RECORD YEAR NORMAL DEPARTURE LAST
                VALUE   (LST)  VALUE       VALUE  FROM      YEAR
                                                  NORMAL
..................................................................
TEMPERATURE (F)
 YESTERDAY
  MAXIMUM         62    537 PM  MM      MM  57      5       76
  MINIMUM         36    602 AM  MM      MM  41     -5       48
  AVERAGE         49                        49      0       62

PRECIPITATION (IN)
  YESTERDAY        0.00         MM      MM   0.14  -0.14     0.00
  MONTH TO DATE    1.89                      2.83  -0.94     1.81
  SINCE MAR 1      1.89                      2.83  -0.94     1.81
  SINCE JAN 1      5.78                      8.35  -2.57    10.41

DEGREE DAYS
 HEATING
  YESTERDAY       16                        16      0        3
  MONTH TO DATE  516                       474     42      315
  SINCE MAR 1    516                       474     42      315
  SINCE JUL 1   2970                      3562   -592     2931

 COOLING
  YESTERDAY        0                         0      0        0
  MONTH TO DATE    2                         0      2        6
  SINCE MAR 1      2                         0      2        6
  SINCE JAN 1      2                         0      2        6
..................................................................


WIND (MPH)
  HIGHEST WIND SPEED    MM   HIGHEST WIND DIRECTION    MM
  HIGHEST GUST SPEED    MM   HIGHEST GUST DIRECTION    MM
  AVERAGE WIND SPEED    MM


SKY COVER
  POSSIBLE SUNSHINE  MM



RELATIVE HUMIDITY (PERCENT)
 HIGHEST    59           600 AM
 LOWEST     35           300 PM
 AVERAGE    47

..........................................................


THE BALTIMORE INNER HARBOR MD CLIMATE NORMALS FOR TODAY
                         NORMAL
 MAXIMUM TEMPERATURE (F)   57
 MINIMUM TEMPERATURE (F)   42


SUNRISE AND SUNSET
MARCH 25 2017.........SUNRISE   702 AM EDT   SUNSET   724 PM EDT
MARCH 26 2017.........SUNRISE   700 AM EDT   SUNSET   725 PM EDT


-  INDICATES NEGATIVE NUMBERS.
R  INDICATES RECORD WAS SET OR TIED.
MM INDICATES DATA IS MISSING.
T  INDICATES TRACE AMOUNT.




$$
