000
CDUS41 KLWX 050535
CLIDMH


CLIMATE REPORT
NATIONAL WEATHER SERVICE BALTIMORE MD/WASHINGTON DC
1233 AM EST THU MAR 5 2015


...................................

...THE BALTIMORE INNER HARBOR MD CLIMATE SUMMARY FOR MARCH 4 2015...

CLIMATE NORMAL PERIOD 1981 TO 2010
CLIMATE RECORD PERIOD 9999 TO 9999


WEATHER ITEM   OBSERVED TIME   RECORD YEAR NORMAL DEPARTURE LAST
                VALUE   (LST)  VALUE       VALUE  FROM      YEAR
                                                  NORMAL
..................................................................
TEMPERATURE (F)
 YESTERDAY
  MAXIMUM         45    343 PM  MM      MM  50     -5       29
  MINIMUM         34   1247 AM  MM      MM  35     -1       16
  AVERAGE         40                        42     -2       23

PRECIPITATION (IN)
  YESTERDAY        0.46         MM      MM   0.09   0.37     0.00
  MONTH TO DATE    1.17                      0.37   0.80     0.62
  SINCE MAR 1      1.17                      0.37   0.80     0.62
  SINCE JAN 1      6.99                      5.89   1.10     6.95

DEGREE DAYS
 HEATING
  YESTERDAY       25                        22      3       42
  MONTH TO DATE   25                        91    -66      139
  SINCE MAR 1     25                        91    -66      139
  SINCE JUL 1   3539                      3179    360     3209

 COOLING
  YESTERDAY        0                         0      0        0
  MONTH TO DATE    0                         0      0        0
  SINCE MAR 1      0                         0      0        0
  SINCE JAN 1      0                         0      0        0
..................................................................


WIND (MPH)
  HIGHEST WIND SPEED    MM   HIGHEST WIND DIRECTION    MM
  HIGHEST GUST SPEED    MM   HIGHEST GUST DIRECTION    MM
  AVERAGE WIND SPEED    MM


SKY COVER
  POSSIBLE SUNSHINE  MM



RELATIVE HUMIDITY (PERCENT)
 HIGHEST    96           900 PM
 LOWEST     82          1000 AM
 AVERAGE    89

..........................................................


THE BALTIMORE INNER HARBOR MD CLIMATE NORMALS FOR TODAY
                         NORMAL
 MAXIMUM TEMPERATURE (F)   50
 MINIMUM TEMPERATURE (F)   36


SUNRISE AND SUNSET
MARCH  5 2015.........SUNRISE   634 AM EST   SUNSET   603 PM EST
MARCH  6 2015.........SUNRISE   632 AM EST   SUNSET   604 PM EST


-  INDICATES NEGATIVE NUMBERS.
R  INDICATES RECORD WAS SET OR TIED.
MM INDICATES DATA IS MISSING.
T  INDICATES TRACE AMOUNT.




$$
