000
CDUS41 KLWX 200529
CLIDMH


CLIMATE REPORT
NATIONAL WEATHER SERVICE BALTIMORE MD/WASHINGTON DC
1227 AM EST MON FEB 20 2017


...................................

...THE BALTIMORE INNER HARBOR MD CLIMATE SUMMARY FOR FEBRUARY 19 2017...

CLIMATE NORMAL PERIOD 1981 TO 2010
CLIMATE RECORD PERIOD 9999 TO 9999


WEATHER ITEM   OBSERVED TIME   RECORD YEAR NORMAL DEPARTURE LAST
                VALUE   (LST)  VALUE       VALUE  FROM      YEAR
                                                  NORMAL
..................................................................
TEMPERATURE (F)
 YESTERDAY
  MAXIMUM         71    335 PM  MM      MM  47     24       38
  MINIMUM         55   1159 PM  MM      MM  32     23       27
  AVERAGE         63                        39     24       33

PRECIPITATION (IN)
  YESTERDAY        0.00         MM      MM   0.09  -0.09     0.00
  MONTH TO DATE    0.51                      1.82  -1.31     2.24
  SINCE DEC 1      5.44                      8.15  -2.71    11.76
  SINCE JAN 1      3.10                      4.74  -1.64     5.52

DEGREE DAYS
 HEATING
  YESTERDAY        2                        26    -24       32
  MONTH TO DATE  393                       519   -126      561
  SINCE DEC 1   1841                      2216   -375     1912
  SINCE JUL 1   2350                      2867   -517     2440

 COOLING
  YESTERDAY        0                         0      0        0
  MONTH TO DATE    0                         0      0        0
  SINCE DEC 1      0                         0      0        3
  SINCE JAN 1      0                         0      0        0
..................................................................


WIND (MPH)
  HIGHEST WIND SPEED    MM   HIGHEST WIND DIRECTION    MM
  HIGHEST GUST SPEED    MM   HIGHEST GUST DIRECTION    MM
  AVERAGE WIND SPEED    MM


SKY COVER
  POSSIBLE SUNSHINE  MM



RELATIVE HUMIDITY (PERCENT)
 HIGHEST    47          1100 PM
 LOWEST     30           100 AM
 AVERAGE    39

..........................................................


THE BALTIMORE INNER HARBOR MD CLIMATE NORMALS FOR TODAY
                         NORMAL
 MAXIMUM TEMPERATURE (F)   47
 MINIMUM TEMPERATURE (F)   32


SUNRISE AND SUNSET
FEBRUARY 20 2017......SUNRISE   651 AM EST   SUNSET   549 PM EST
FEBRUARY 21 2017......SUNRISE   650 AM EST   SUNSET   550 PM EST


-  INDICATES NEGATIVE NUMBERS.
R  INDICATES RECORD WAS SET OR TIED.
MM INDICATES DATA IS MISSING.
T  INDICATES TRACE AMOUNT.




$$
