000
CDUS41 KLWX 230532
CLIDMH


CLIMATE REPORT
NATIONAL WEATHER SERVICE BALTIMORE MD/WASHINGTON DC
132 AM EDT SUN APR 23 2017


...................................

...THE BALTIMORE INNER HARBOR MD CLIMATE SUMMARY FOR APRIL 22 2017...

CLIMATE NORMAL PERIOD 1981 TO 2010
CLIMATE RECORD PERIOD 9999 TO 9999


WEATHER ITEM   OBSERVED TIME   RECORD YEAR NORMAL DEPARTURE LAST
                VALUE   (LST)  VALUE       VALUE  FROM      YEAR
                                                  NORMAL
..................................................................
TEMPERATURE (F)
 YESTERDAY
  MAXIMUM         63   1200 AM  MM      MM  68     -5       75
  MINIMUM         53   1158 PM  MM      MM  49      4       63
  AVERAGE         58                        59     -1       69

PRECIPITATION (IN)
  YESTERDAY        0.14         MM      MM   0.11   0.03     0.00
  MONTH TO DATE    2.42                      2.42   0.00     1.44
  SINCE MAR 1      6.09                      6.28  -0.19     3.62
  SINCE JAN 1      9.98                     11.80  -1.82    12.22

DEGREE DAYS
 HEATING
  YESTERDAY        7                         7      0        0
  MONTH TO DATE  104                       229   -125      231
  SINCE MAR 1    690                       808   -118      617
  SINCE JUL 1   3144                      3896   -752     3233

 COOLING
  YESTERDAY        0                         1     -1        4
  MONTH TO DATE   39                        15     24       20
  SINCE MAR 1     43                        16     27       26
  SINCE JAN 1     43                        16     27       26
..................................................................


WIND (MPH)
  HIGHEST WIND SPEED    MM   HIGHEST WIND DIRECTION    MM
  HIGHEST GUST SPEED    MM   HIGHEST GUST DIRECTION    MM
  AVERAGE WIND SPEED    MM


SKY COVER
  POSSIBLE SUNSHINE  MM



RELATIVE HUMIDITY (PERCENT)
 HIGHEST    86          1000 AM
 LOWEST     71          1100 PM
 AVERAGE    79

..........................................................


THE BALTIMORE INNER HARBOR MD CLIMATE NORMALS FOR TODAY
                         NORMAL
 MAXIMUM TEMPERATURE (F)   68
 MINIMUM TEMPERATURE (F)   50


SUNRISE AND SUNSET
APRIL 23 2017.........SUNRISE   618 AM EDT   SUNSET   752 PM EDT
APRIL 24 2017.........SUNRISE   617 AM EDT   SUNSET   753 PM EDT


-  INDICATES NEGATIVE NUMBERS.
R  INDICATES RECORD WAS SET OR TIED.
MM INDICATES DATA IS MISSING.
T  INDICATES TRACE AMOUNT.




$$
