000
CDUS41 KLWX 200526
CLIDMH


CLIMATE REPORT
NATIONAL WEATHER SERVICE BALTIMORE MD/WASHINGTON DC
1225 AM EST SAT JAN 20 2018


...................................

...THE BALTIMORE INNER HARBOR MD CLIMATE SUMMARY FOR JANUARY 19 2018...

CLIMATE NORMAL PERIOD 1981 TO 2010
CLIMATE RECORD PERIOD 1999 TO 2018


WEATHER ITEM   OBSERVED TIME   RECORD YEAR NORMAL DEPARTURE LAST
                VALUE   (LST)  VALUE       VALUE  FROM      YEAR
                                                  NORMAL
..................................................................
TEMPERATURE (F)
 YESTERDAY
  MAXIMUM         53    253 PM  MM      MM  42     11       52
  MINIMUM         29    730 AM  MM      MM  29      0       42
  AVERAGE         41                        36      5       47

PRECIPITATION (IN)
  YESTERDAY        0.00         MM      MM   0.09  -0.09     0.00
  MONTH TO DATE    0.59                      1.77  -1.18     1.97
  SINCE DEC 1      1.37                      5.18  -3.81     4.31
  SINCE JAN 1      0.59                      1.77  -1.18     1.97

DEGREE DAYS
 HEATING
  YESTERDAY       24                        29     -5       18
  MONTH TO DATE  660                       551    109      476
  SINCE DEC 1   1448                      1343    105     1200
  SINCE JUL 1   1976                      1994    -18     1709

 COOLING
  YESTERDAY        0                         0      0        0
  MONTH TO DATE    0                         0      0        0
  SINCE DEC 1      0                         0      0        0
  SINCE JAN 1      0                         0      0        0
..................................................................


WIND (MPH)
  HIGHEST WIND SPEED    MM   HIGHEST WIND DIRECTION    MM
  HIGHEST GUST SPEED    MM   HIGHEST GUST DIRECTION    MM
  AVERAGE WIND SPEED    MM


SKY COVER
  POSSIBLE SUNSHINE  MM



RELATIVE HUMIDITY (PERCENT)
 HIGHEST    59          1100 PM
 LOWEST     22           400 PM
 AVERAGE    41

..........................................................


THE BALTIMORE INNER HARBOR MD CLIMATE NORMALS FOR TODAY
                         NORMAL
 MAXIMUM TEMPERATURE (F)   42
 MINIMUM TEMPERATURE (F)   29


SUNRISE AND SUNSET
JANUARY 20 2018.......SUNRISE   722 AM EST   SUNSET   513 PM EST
JANUARY 21 2018.......SUNRISE   722 AM EST   SUNSET   514 PM EST


-  INDICATES NEGATIVE NUMBERS.
R  INDICATES RECORD WAS SET OR TIED.
MM INDICATES DATA IS MISSING.
T  INDICATES TRACE AMOUNT.




$$
