000
CDUS45 KEPZ 222332
CLIDMN


CLIMATE REPORT
NATIONAL WEATHER SERVICE EL PASO, TX
530 PM MDT FRI AUG 22 2014


...................................

...THE DEMING CLIMATE SUMMARY FOR AUGUST 22 2014...
VALID TODAY AS OF 500 PM LOCAL TIME.

CLIMATE NORMAL PERIOD 1981 TO 2010
CLIMATE RECORD PERIOD 2000 TO 2014


WEATHER ITEM   OBSERVED TIME   NORMAL DEPARTURE LAST
                VALUE   (LST)  VALUE  FROM      YEAR
                                      NORMAL
......................................................
TEMPERATURE (F)
 TODAY
  MAXIMUM         85    359 PM  91     -6       92
  MINIMUM         66    616 AM  64      2       61

PRECIPITATION (IN)
  TODAY            T             0.06  -0.06     0.00
  MONTH TO DATE    0.68          1.85  -1.17     1.79
  SINCE JUN 1      2.68          4.74  -2.06     5.05
  SINCE JAN 1      3.25          7.15  -3.90     5.56

......................................................


WIND (MPH)
  HIGHEST WIND SPEED    16   HIGHEST WIND DIRECTION     S (180)
  HIGHEST GUST SPEED    20   HIGHEST GUST DIRECTION     S (170)


SKY COVER
  AVERAGE SKY COVER 0.6


WEATHER CONDITIONS
 THE FOLLOWING WEATHER WAS RECORDED TODAY.
  LIGHT RAIN


RELATIVE HUMIDITY (PERCENT)
 HIGHEST    87           600 AM
 LOWEST     40           200 PM
 AVERAGE    64

..........................................................


THE DEMING CLIMATE NORMALS FOR TOMORROW
                         NORMAL
 MAXIMUM TEMPERATURE (F)   91
 MINIMUM TEMPERATURE (F)   64


SUNRISE AND SUNSET
AUGUST 22 2014........SUNRISE   640 AM MDT   SUNSET   747 PM MDT
AUGUST 23 2014........SUNRISE   640 AM MDT   SUNSET   746 PM MDT


-  INDICATES NEGATIVE NUMBERS.
R  INDICATES RECORD WAS SET OR TIED.
MM INDICATES DATA IS MISSING.
T  INDICATES TRACE AMOUNT.




$$
