000
CDUS45 KEPZ 040939
CLIDMN


CLIMATE REPORT
NATIONAL WEATHER SERVICE EL PASO, TX
338 AM MDT FRI SEP 4 2015


...................................

...THE DEMING CLIMATE SUMMARY FOR SEPTEMBER 3 2015...

CLIMATE NORMAL PERIOD 1981 TO 2010
CLIMATE RECORD PERIOD 2000 TO 2015


WEATHER ITEM   OBSERVED TIME   NORMAL DEPARTURE LAST
                VALUE   (LST)  VALUE  FROM      YEAR
                                      NORMAL
......................................................
TEMPERATURE (F)
 YESTERDAY
  MAXIMUM         86    353 PM  91              98
  MINIMUM         67    648 AM  61              64
  AVERAGE         77            76      1       81

PRECIPITATION (IN)
  YESTERDAY        T             0.05  -0.05     0.00
  MONTH TO DATE    T             0.15  -0.15     0.00
  SINCE SEP 1      T             0.15  -0.15     0.00
  SINCE JAN 1      8.50          7.74   0.76     3.58

......................................................


WIND (MPH)
  HIGHEST WIND SPEED    17   HIGHEST WIND DIRECTION     W (270)
  HIGHEST GUST SPEED    23   HIGHEST GUST DIRECTION     W (270)
  AVERAGE WIND SPEED     8.5


SKY COVER
  AVERAGE SKY COVER 0.2


WEATHER CONDITIONS
 THE FOLLOWING WEATHER WAS RECORDED YESTERDAY.
  LIGHT RAIN


RELATIVE HUMIDITY (PERCENT)
 HIGHEST    73           600 AM
 LOWEST     30           400 PM
 AVERAGE    52

..........................................................


THE DEMING CLIMATE NORMALS FOR TODAY
                         NORMAL
 MAXIMUM TEMPERATURE (F)   90
 MINIMUM TEMPERATURE (F)   61


SUNRISE AND SUNSET
SEPTEMBER  4 2015.....SUNRISE   648 AM MDT   SUNSET   731 PM MDT
SEPTEMBER  5 2015.....SUNRISE   648 AM MDT   SUNSET   730 PM MDT


-  INDICATES NEGATIVE NUMBERS.
R  INDICATES RECORD WAS SET OR TIED.
MM INDICATES DATA IS MISSING.
T  INDICATES TRACE AMOUNT.




$$
