000
CDUS45 KEPZ 260936
CLIDMN


CLIMATE REPORT
NATIONAL WEATHER SERVICE EL PASO, TX
334 AM MDT MON JUN 26 2017


...................................

...THE DEMING CLIMATE SUMMARY FOR JUNE 25 2017...

CLIMATE NORMAL PERIOD 1981 TO 2010
CLIMATE RECORD PERIOD 2000 TO 2017


WEATHER ITEM   OBSERVED TIME   NORMAL DEPARTURE LAST
                VALUE   (LST)  VALUE  FROM      YEAR
                                      NORMAL
......................................................
TEMPERATURE (F)
 YESTERDAY
  MAXIMUM         94    310 PM  97              99
  MINIMUM         62    611 AM  62              69
  AVERAGE         78            80     -2       84

PRECIPITATION (IN)
  YESTERDAY        0.01          0.04  -0.03     0.02
  MONTH TO DATE    0.54          0.43   0.11     0.40
  SINCE JUN 1      0.54          0.43   0.11     0.40
  SINCE JAN 1      3.73          2.84   0.89     1.59

......................................................


WIND (MPH)
  HIGHEST WIND SPEED    31   HIGHEST WIND DIRECTION     E (100)
  HIGHEST GUST SPEED    39   HIGHEST GUST DIRECTION     E (100)
  AVERAGE WIND SPEED     9.0


SKY COVER
  AVERAGE SKY COVER 0.0


WEATHER CONDITIONS
 THE FOLLOWING WEATHER WAS RECORDED YESTERDAY.
  THUNDERSTORM
  LIGHT RAIN


RELATIVE HUMIDITY (PERCENT)
 HIGHEST    87           400 AM
 LOWEST     23           600 PM
 AVERAGE    55

..........................................................


THE DEMING CLIMATE NORMALS FOR TODAY
                         NORMAL
 MAXIMUM TEMPERATURE (F)   97
 MINIMUM TEMPERATURE (F)   63


SUNRISE AND SUNSET
JUNE 26 2017..........SUNRISE   606 AM MDT   SUNSET   821 PM MDT
JUNE 27 2017..........SUNRISE   606 AM MDT   SUNSET   821 PM MDT


-  INDICATES NEGATIVE NUMBERS.
R  INDICATES RECORD WAS SET OR TIED.
MM INDICATES DATA IS MISSING.
T  INDICATES TRACE AMOUNT.




$$
