000
CDUS43 KEAX 240636
CLIDMO


CLIMATE REPORT
NATIONAL WEATHER SERVICE KANSAS CITY/PLEASANT HILL MO
1234 AM CST SAT FEB 24 2018


...................................

...THE SEDALIA MO CLIMATE SUMMARY FOR FEBRUARY 23 2018...

CLIMATE NORMAL PERIOD 1981 TO 2010
CLIMATE RECORD PERIOD 9999 TO 9999


WEATHER ITEM   OBSERVED TIME   NORMAL DEPARTURE LAST
                VALUE   (LST)  VALUE  FROM      YEAR
                                      NORMAL
......................................................
TEMPERATURE (F)
 YESTERDAY
  MAXIMUM         41   1215 AM  49     -8       70
  MINIMUM         36   1159 PM  29      7       48
  AVERAGE         39            39      0       59

PRECIPITATION (IN)
  YESTERDAY        0.06          0.07  -0.01     0.01
  MONTH TO DATE    2.30          1.61   0.69     0.02
  SINCE DEC 1      3.55          5.60  -2.05     1.79
  SINCE JAN 1      3.24          3.28  -0.04     1.01

DEGREE DAYS
 HEATING
  YESTERDAY       26            26      0        6
  MONTH TO DATE  726           677     49      408
  SINCE DEC 1   2689          2647     42     2281
  SINCE JUL 1   3446          3492    -46     2788

 COOLING
  YESTERDAY        0             0      0        0
  MONTH TO DATE    0             0      0        0
  SINCE DEC 1      0             0      0        0
  SINCE JAN 1      0             0      0        0
......................................................


WIND (MPH)
  HIGHEST WIND SPEED    13   HIGHEST WIND DIRECTION    NE (50)
  HIGHEST GUST SPEED    16   HIGHEST GUST DIRECTION    NE (40)
  AVERAGE WIND SPEED     6.5


SKY COVER
  AVERAGE SKY COVER 1.0


WEATHER CONDITIONS
 THE FOLLOWING WEATHER WAS RECORDED YESTERDAY.
  LIGHT RAIN
  FOG


RELATIVE HUMIDITY (PERCENT)
 HIGHEST   100           100 AM
 LOWEST     85           200 PM
 AVERAGE    93

..........................................................


THE SEDALIA MO CLIMATE NORMALS FOR TODAY
                         NORMAL
 MAXIMUM TEMPERATURE (F)   49
 MINIMUM TEMPERATURE (F)   29


SUNRISE AND SUNSET
FEBRUARY 24 2018......SUNRISE   652 AM CST   SUNSET   600 PM CST
FEBRUARY 25 2018......SUNRISE   650 AM CST   SUNSET   601 PM CST


-  INDICATES NEGATIVE NUMBERS.
R  INDICATES RECORD WAS SET OR TIED.
MM INDICATES DATA IS MISSING.
T  INDICATES TRACE AMOUNT.




$$
