000
CDUS43 KEAX 010038
CLIDMO


CLIMATE REPORT
NATIONAL WEATHER SERVICE KANSAS CITY/PLEASANT HILL MO
737 PM CDT FRI OCT 31 2014


...................................

...THE SEDALIA MO CLIMATE SUMMARY FOR OCTOBER 31 2014...
VALID TODAY AS OF 0700 PM LOCAL TIME.

CLIMATE NORMAL PERIOD 1981 TO 2010
CLIMATE RECORD PERIOD 9999 TO 9999


WEATHER ITEM   OBSERVED TIME   NORMAL DEPARTURE LAST
                VALUE   (LST)  VALUE  FROM      YEAR
                                      NORMAL
......................................................
TEMPERATURE (F)
 TODAY
  MAXIMUM         51    248 AM  63    -12       64
  MINIMUM         38    559 PM  44     -6       47
  AVERAGE         45            53     -8       56

PRECIPITATION (IN)
  TODAY            T             0.08  -0.08     0.94
  MONTH TO DATE    8.65          3.64   5.01     3.55
  SINCE SEP 1     10.46          7.75   2.71     7.11
  SINCE JAN 1     32.03         35.69  -3.66    37.02

DEGREE DAYS
 HEATING
  TODAY           20            12      8        9
  MONTH TO DATE  192           245    -53      279
  SINCE SEP 1    235           290    -55      298
  SINCE JUL 1    235           291    -56      298

 COOLING
  TODAY            0             0      0        0
  MONTH TO DATE   33            37     -4       48
  SINCE SEP 1    192           202    -10      270
  SINCE JAN 1   1409          1487    -78     1485
......................................................


WIND (MPH)
  HIGHEST WIND SPEED    29   HIGHEST WIND DIRECTION     N (350)
  HIGHEST GUST SPEED    35   HIGHEST GUST DIRECTION     N (350)
  AVERAGE WIND SPEED    18.2


SKY COVER
  AVERAGE SKY COVER 0.3


WEATHER CONDITIONS
 THE FOLLOWING WEATHER WAS RECORDED TODAY.
  LIGHT RAIN


RELATIVE HUMIDITY (PERCENT)
 HIGHEST    66           100 AM
 LOWEST     28           400 PM
 AVERAGE    47

..........................................................


THE SEDALIA MO CLIMATE NORMALS FOR TOMORROW
                         NORMAL
 MAXIMUM TEMPERATURE (F)   63
 MINIMUM TEMPERATURE (F)   43


SUNRISE AND SUNSET
OCTOBER 31 2014.......SUNRISE   738 AM CDT   SUNSET   613 PM CDT
NOVEMBER  1 2014......SUNRISE   739 AM CDT   SUNSET   612 PM CDT


-  INDICATES NEGATIVE NUMBERS.
R  INDICATES RECORD WAS SET OR TIED.
MM INDICATES DATA IS MISSING.
T  INDICATES TRACE AMOUNT.




$$
