000
CDUS43 KEAX 300637
CLIDMO


CLIMATE REPORT
NATIONAL WEATHER SERVICE KANSAS CITY/PLEASANT HILL MO
135 AM CDT SAT AUG 30 2014


...................................

...THE SEDALIA MO CLIMATE SUMMARY FOR AUGUST 29 2014...

CLIMATE NORMAL PERIOD 1981 TO 2010
CLIMATE RECORD PERIOD 9999 TO 9999


WEATHER ITEM   OBSERVED TIME   NORMAL DEPARTURE LAST
                VALUE   (LST)  VALUE  FROM      YEAR
                                      NORMAL
......................................................
TEMPERATURE (F)
 YESTERDAY
  MAXIMUM         88   1101 AM  87      1       95
  MINIMUM         69    614 AM  65      4       72
  AVERAGE         79            76      3       84

PRECIPITATION (IN)
  YESTERDAY        0.01          0.13  -0.12     0.00
  MONTH TO DATE    3.36          3.20   0.16     2.90
  SINCE JUN 1     10.05         12.50  -2.45     6.91
  SINCE JAN 1     21.42         27.65  -6.23    29.91

DEGREE DAYS
 HEATING
  YESTERDAY        0             0      0        0
  MONTH TO DATE    0             0      0        0
  SINCE JUN 1      0             6     -6        9
  SINCE JUL 1      0             0      0        0

 COOLING
  YESTERDAY       14            11      3       19
  MONTH TO DATE  382           382      0      337
  SINCE JUN 1    989          1123   -134     1021
  SINCE JAN 1   1184          1262    -78     1169
......................................................


WIND (MPH)
  HIGHEST WIND SPEED    21   HIGHEST WIND DIRECTION    SW (240)
  HIGHEST GUST SPEED    28   HIGHEST GUST DIRECTION     W (250)
  AVERAGE WIND SPEED     8.5


SKY COVER
  AVERAGE SKY COVER 0.1


WEATHER CONDITIONS
 THE FOLLOWING WEATHER WAS RECORDED YESTERDAY.
  THUNDERSTORM
  LIGHT RAIN
  HAZE


RELATIVE HUMIDITY (PERCENT)
 HIGHEST    84           900 PM
 LOWEST     55          1000 AM
 AVERAGE    70

..........................................................


THE SEDALIA MO CLIMATE NORMALS FOR TODAY
                         NORMAL
 MAXIMUM TEMPERATURE (F)   86
 MINIMUM TEMPERATURE (F)   65


SUNRISE AND SUNSET
AUGUST 30 2014........SUNRISE   640 AM CDT   SUNSET   745 PM CDT
AUGUST 31 2014........SUNRISE   641 AM CDT   SUNSET   744 PM CDT


-  INDICATES NEGATIVE NUMBERS.
R  INDICATES RECORD WAS SET OR TIED.
MM INDICATES DATA IS MISSING.
T  INDICATES TRACE AMOUNT.




$$
