000
CDUS43 KEAX 270635
CLIDMO


CLIMATE REPORT
NATIONAL WEATHER SERVICE KANSAS CITY/PLEASANT HILL MO
134 AM CDT FRI MAR 27 2015


...................................

...THE SEDALIA MO CLIMATE SUMMARY FOR MARCH 26 2015...

CLIMATE NORMAL PERIOD 1981 TO 2010
CLIMATE RECORD PERIOD 9999 TO 9999


WEATHER ITEM   OBSERVED TIME   NORMAL DEPARTURE LAST
                VALUE   (LST)  VALUE  FROM      YEAR
                                      NORMAL
......................................................
TEMPERATURE (F)
 YESTERDAY
  MAXIMUM         51    423 PM  61    -10       55
  MINIMUM         37    733 AM  39     -2       21
  AVERAGE         44            50     -6       38

PRECIPITATION (IN)
  YESTERDAY        0.04          0.09  -0.05     0.12
  MONTH TO DATE    1.10          2.16  -1.06     0.55
  SINCE MAR 1      1.10          2.16  -1.06     0.55
  SINCE JAN 1      3.18          5.76  -2.58     1.49

DEGREE DAYS
 HEATING
  YESTERDAY       21            15      6       27
  MONTH TO DATE  466           513    -47      627
  SINCE MAR 1    466           513    -47      627
  SINCE JUL 1   4314          4130    184     4846

 COOLING
  YESTERDAY        0             0      0        0
  MONTH TO DATE    1             0      1        0
  SINCE MAR 1      1             0      1        0
  SINCE JAN 1      1             0      1        0
......................................................


WIND (MPH)
  HIGHEST WIND SPEED    22   HIGHEST WIND DIRECTION     N (10)
  HIGHEST GUST SPEED    25   HIGHEST GUST DIRECTION     N (10)
  AVERAGE WIND SPEED    10.4


SKY COVER
  AVERAGE SKY COVER 0.3


WEATHER CONDITIONS
 THE FOLLOWING WEATHER WAS RECORDED YESTERDAY.
  LIGHT RAIN


RELATIVE HUMIDITY (PERCENT)
 HIGHEST    89          1200 AM
 LOWEST     42           500 PM
 AVERAGE    66

..........................................................


THE SEDALIA MO CLIMATE NORMALS FOR TODAY
                         NORMAL
 MAXIMUM TEMPERATURE (F)   61
 MINIMUM TEMPERATURE (F)   40


SUNRISE AND SUNSET
MARCH 27 2015.........SUNRISE   705 AM CDT   SUNSET   731 PM CDT
MARCH 28 2015.........SUNRISE   704 AM CDT   SUNSET   732 PM CDT


-  INDICATES NEGATIVE NUMBERS.
R  INDICATES RECORD WAS SET OR TIED.
MM INDICATES DATA IS MISSING.
T  INDICATES TRACE AMOUNT.




$$
