000
CDUS43 KEAX 220635
CLIDMO


CLIMATE REPORT
NATIONAL WEATHER SERVICE KANSAS CITY/PLEASANT HILL MO
135 AM CDT WED OCT 22 2014


...................................

...THE SEDALIA MO CLIMATE SUMMARY FOR OCTOBER 21 2014...

CLIMATE NORMAL PERIOD 1981 TO 2010
CLIMATE RECORD PERIOD 9999 TO 9999


WEATHER ITEM   OBSERVED TIME   NORMAL DEPARTURE LAST
                VALUE   (LST)  VALUE  FROM      YEAR
                                      NORMAL
......................................................
TEMPERATURE (F)
 YESTERDAY
  MAXIMUM         75    243 PM  67      8       56
  MINIMUM         46    524 AM  47     -1       38
  AVERAGE         61            57      4       47

PRECIPITATION (IN)
  YESTERDAY        0.00          0.12  -0.12     0.00
  MONTH TO DATE    8.62          2.67   5.95     0.98
  SINCE SEP 1     10.43          6.78   3.65     4.54
  SINCE JAN 1     32.00         34.72  -2.72    34.45

DEGREE DAYS
 HEATING
  YESTERDAY        4             9     -5       18
  MONTH TO DATE  126           139    -13      138
  SINCE SEP 1    169           183    -14      157
  SINCE JUL 1    169           184    -15      157

 COOLING
  YESTERDAY        0             1     -1        0
  MONTH TO DATE   13            31    -18       45
  SINCE SEP 1    172           196    -24      267
  SINCE JAN 1   1389          1481    -92     1482
......................................................


WIND (MPH)
  HIGHEST WIND SPEED     8   HIGHEST WIND DIRECTION    SE (120)
  HIGHEST GUST SPEED    14   HIGHEST GUST DIRECTION    NE (40)
  AVERAGE WIND SPEED     3.7


SKY COVER
  AVERAGE SKY COVER 0.0


WEATHER CONDITIONS
 THE FOLLOWING WEATHER WAS RECORDED YESTERDAY.
  FOG
  HAZE


RELATIVE HUMIDITY (PERCENT)
 HIGHEST    86           100 AM
 LOWEST     31           400 PM
 AVERAGE    59

..........................................................


THE SEDALIA MO CLIMATE NORMALS FOR TODAY
                         NORMAL
 MAXIMUM TEMPERATURE (F)   67
 MINIMUM TEMPERATURE (F)   46


SUNRISE AND SUNSET
OCTOBER 22 2014.......SUNRISE   729 AM CDT   SUNSET   624 PM CDT
OCTOBER 23 2014.......SUNRISE   730 AM CDT   SUNSET   623 PM CDT


-  INDICATES NEGATIVE NUMBERS.
R  INDICATES RECORD WAS SET OR TIED.
MM INDICATES DATA IS MISSING.
T  INDICATES TRACE AMOUNT.




$$
