000
CDUS43 KLOT 160632
CLIDPA


CLIMATE REPORT
NATIONAL WEATHER SERVICE CHICAGO IL
1232 AM CST SAT DEC 16 2017


...................................

...THE DU PAGE  AIRPORT CLIMATE SUMMARY FOR DECEMBER 15 2017...

CLIMATE NORMAL PERIOD 1981 TO 2010
CLIMATE RECORD PERIOD 1997 TO 2017


WEATHER ITEM   OBSERVED TIME   RECORD YEAR NORMAL DEPARTURE LAST
                VALUE   (LST)  VALUE       VALUE  FROM      YEAR
                                                  NORMAL
..................................................................
TEMPERATURE (F)
 YESTERDAY
  MAXIMUM         36   1126 PM  56    2011  35      1        8
  MINIMUM         19   1210 AM  -3    2016  19      0       -3
  AVERAGE         28                        27      1        3

PRECIPITATION (IN)
  YESTERDAY        T             0.31        0.06  -0.06     0.00
  MONTH TO DATE    0.47                      0.92  -0.45     0.72
  SINCE DEC 1      0.47                      0.92  -0.45     0.72
  SINCE JAN 1     37.03                     36.11   0.92    32.01

DEGREE DAYS
 HEATING
  YESTERDAY       37                        38     -1       62
  MONTH TO DATE  517                       531    -14      624
  SINCE DEC 1    517                       531    -14      624
  SINCE JUL 1   1727                      1785    -58     1535

 COOLING
  YESTERDAY        0                         0      0        0
  MONTH TO DATE    0                         0      0        0
  SINCE DEC 1      0                         0      0        0
  SINCE JAN 1    695                       814   -119     1007
..................................................................


WIND (MPH)
  RESULTANT WIND SPEED  11   RESULTANT WIND DIRECTION   W (250)
  HIGHEST WIND SPEED    24   HIGHEST WIND DIRECTION    NW (310)
  HIGHEST GUST SPEED    33   HIGHEST GUST DIRECTION    NW (300)
  AVERAGE WIND SPEED    12.6



WEATHER CONDITIONS
 THE FOLLOWING WEATHER WAS RECORDED YESTERDAY.
  LIGHT SNOW
  FOG


..........................................................


THE DU PAGE  AIRPORT CLIMATE NORMALS FOR TODAY
                         NORMAL    RECORD    YEAR
 MAXIMUM TEMPERATURE (F)   35        54      2015
                                             2006
 MINIMUM TEMPERATURE (F)   19         3      2013


SUNRISE AND SUNSET
DECEMBER 16 2017......SUNRISE   715 AM CST   SUNSET   423 PM CST
DECEMBER 17 2017......SUNRISE   715 AM CST   SUNSET   423 PM CST


-  INDICATES NEGATIVE NUMBERS.
R  INDICATES RECORD WAS SET OR TIED.
MM INDICATES DATA IS MISSING.
T  INDICATES TRACE AMOUNT.




$$
