000
CDUS43 KLOT 030644
CLIDPA


CLIMATE REPORT
NATIONAL WEATHER SERVICE CHICAGO IL
139 AM CDT WED JUN 3 2015


...................................

...THE DU PAGE  AIRPORT CLIMATE SUMMARY FOR JUNE 2 2015...

CLIMATE NORMAL PERIOD 1981 TO 2010
CLIMATE RECORD PERIOD 1997 TO 2015


WEATHER ITEM   OBSERVED TIME   RECORD YEAR NORMAL DEPARTURE LAST
                VALUE   (LST)  VALUE       VALUE  FROM      YEAR
                                                  NORMAL
..................................................................
TEMPERATURE (F)
 YESTERDAY
  MAXIMUM         72    538 PM  83    2014  77     -5       83
  MINIMUM         41    450 AM  38    2003  54    -13       68
  AVERAGE         57                        65     -8       76

PRECIPITATION (IN)
  YESTERDAY        0.00          1.16        0.19  -0.19     0.04
  MONTH TO DATE    0.00                      0.39  -0.39     0.10
  SINCE JUN 1      0.00                      0.39  -0.39     0.10
  SINCE JAN 1     10.99                     13.41  -2.42     7.74

SNOWFALL (IN)
  YESTERDAY        0.0
  MONTH TO DATE    0.0
  SINCE JUL 1     32.2

DEGREE DAYS
 HEATING
  YESTERDAY        8                         3      5        0
  MONTH TO DATE   20                         6     14        0
  SINCE JUN 1     20                         6     14        0
  SINCE JUL 1   6807                      6285    522     7578

 COOLING
  YESTERDAY        0                         3     -3       11
  MONTH TO DATE    0                         6     -6       22
  SINCE JUN 1      0                         6     -6       22
  SINCE JAN 1     54                        52      2       91
..................................................................


WIND (MPH)
  RESULTANT WIND SPEED   3   RESULTANT WIND DIRECTION   E (100)
  HIGHEST WIND SPEED    12   HIGHEST WIND DIRECTION    SE (140)
  HIGHEST GUST SPEED    16   HIGHEST GUST DIRECTION    SE (150)
  AVERAGE WIND SPEED     4.7



WEATHER CONDITIONS
 THE FOLLOWING WEATHER WAS RECORDED YESTERDAY.
  NO SIGNIFICANT WEATHER WAS OBSERVED.


..........................................................


THE DU PAGE  AIRPORT CLIMATE NORMALS FOR TODAY
                         NORMAL    RECORD    YEAR
 MAXIMUM TEMPERATURE (F)   77        89      2011
 MINIMUM TEMPERATURE (F)   54        38      2013


SUNRISE AND SUNSET
JUNE  3 2015..........SUNRISE   519 AM CDT   SUNSET   823 PM CDT
JUNE  4 2015..........SUNRISE   519 AM CDT   SUNSET   824 PM CDT


-  INDICATES NEGATIVE NUMBERS.
R  INDICATES RECORD WAS SET OR TIED.
MM INDICATES DATA IS MISSING.
T  INDICATES TRACE AMOUNT.




$$
