000
CDUS45 KGJT 250727
CLIDRO


CLIMATE REPORT
NATIONAL WEATHER SERVICE GRAND JUNCTION CO
126 AM MDT MON SEP 25 2017


...................................

...THE DURANGO AIRPORT CO CLIMATE SUMMARY FOR SEPTEMBER 24 2017...

CLIMATE NORMAL PERIOD 1981 TO 2010
CLIMATE RECORD PERIOD 9999 TO 9999


WEATHER ITEM   OBSERVED TIME   RECORD YEAR NORMAL DEPARTURE LAST
                VALUE   (LST)  VALUE       VALUE  FROM      YEAR
                                                  NORMAL
..................................................................
TEMPERATURE (F)
 YESTERDAY
  MAXIMUM         61    301 PM  MM      MM  72    -11       60
  MINIMUM         31    613 AM  MM      MM  39     -8       31
  AVERAGE         46                        56    -10       46

PRECIPITATION (IN)
  YESTERDAY        0.00         MM      MM   0.05  -0.05     0.00
  MONTH TO DATE    0.48                      1.61  -1.13     1.01
  SINCE SEP 1      0.48                      1.61  -1.13     1.01
  SINCE JAN 1      8.19                     11.58  -3.39     8.12

SNOWFALL (IN)
  YESTERDAY       MM            MM      MM  MM     MM       MM
  MONTH TO DATE   MM                        MM     MM       MM
  SINCE SEP 1     MM                        MM     MM       MM
  SINCE JUL 1     MM                        MM     MM       MM
  SNOW DEPTH      MM

DEGREE DAYS
 HEATING
  YESTERDAY       19                         9     10       19
  MONTH TO DATE   97                       129    -32      137
  SINCE SEP 1     97                       129    -32      137
  SINCE JUL 1    108                       158    -50      184

 COOLING
  YESTERDAY        0                         0      0        0
  MONTH TO DATE   42                         3     39        6
  SINCE SEP 1     42                         3     39        6
  SINCE JAN 1    351                       240    111      319
..................................................................


WIND (MPH)
  HIGHEST WIND SPEED    21   HIGHEST WIND DIRECTION     W (260)
  HIGHEST GUST SPEED    26   HIGHEST GUST DIRECTION    SW (220)
  AVERAGE WIND SPEED     6.7


SKY COVER
  POSSIBLE SUNSHINE  MM
  AVERAGE SKY COVER 0.0


WEATHER CONDITIONS
 THE FOLLOWING WEATHER WAS RECORDED YESTERDAY.
  FOG


RELATIVE HUMIDITY (PERCENT)
 HIGHEST   100          1200 AM
 LOWEST     20           300 PM
 AVERAGE    60

..........................................................


THE DURANGO AIRPORT CO CLIMATE NORMALS FOR TODAY
                         NORMAL    RECORD    YEAR
 MAXIMUM TEMPERATURE (F)   72        MM        MM
 MINIMUM TEMPERATURE (F)   39        MM        MM


SUNRISE AND SUNSET
SEPTEMBER 25 2017.....SUNRISE   702 AM MDT   SUNSET   703 PM MDT
SEPTEMBER 26 2017.....SUNRISE   702 AM MDT   SUNSET   701 PM MDT


-  INDICATES NEGATIVE NUMBERS.
R  INDICATES RECORD WAS SET OR TIED.
MM INDICATES DATA IS MISSING.
T  INDICATES TRACE AMOUNT.




$$
