000
CDUS45 KGJT 270735
CLIDRO


CLIMATE REPORT
NATIONAL WEATHER SERVICE GRAND JUNCTION CO
133 AM MDT SAT AUG 27 2016


...................................

...THE DURANGO AIRPORT CO CLIMATE SUMMARY FOR AUGUST 26 2016...

CLIMATE NORMAL PERIOD 1981 TO 2010
CLIMATE RECORD PERIOD 9999 TO 9999


WEATHER ITEM   OBSERVED TIME   RECORD YEAR NORMAL DEPARTURE LAST
                VALUE   (LST)  VALUE       VALUE  FROM      YEAR
                                                  NORMAL
..................................................................
TEMPERATURE (F)
 YESTERDAY
  MAXIMUM         73    353 PM  MM      MM  81     -8       73
  MINIMUM         50   1159 PM  MM      MM  49      1       56
  AVERAGE         62                        65     -3       65

PRECIPITATION (IN)
  YESTERDAY        T            MM      MM   0.08  -0.08     0.24
  MONTH TO DATE    2.03                      1.77   0.26     1.01
  SINCE JUN 1      3.87                      4.13  -0.26     4.37
  SINCE JAN 1      7.11                      9.56  -2.45    11.87

SNOWFALL (IN)
  YESTERDAY       MM            MM      MM  MM     MM       MM
  MONTH TO DATE   MM                        MM     MM       MM
  SINCE JUN 1     MM                        MM     MM       MM
  SINCE JUL 1     MM                        MM     MM       MM
  SNOW DEPTH      MM

DEGREE DAYS
 HEATING
  YESTERDAY        3                         1      2        0
  MONTH TO DATE   23                         9     14        3
  SINCE JUN 1     65                       134    -69       99
  SINCE JUL 1     28                        19      9       18

 COOLING
  YESTERDAY        0                         1     -1        0
  MONTH TO DATE   55                        80    -25       91
  SINCE JUN 1    313                       230     83      245
  SINCE JAN 1    313                       231     82      245
..................................................................


WIND (MPH)
  HIGHEST WIND SPEED    16   HIGHEST WIND DIRECTION     N (350)
  HIGHEST GUST SPEED    21   HIGHEST GUST DIRECTION     N (350)
  AVERAGE WIND SPEED     5.1


SKY COVER
  POSSIBLE SUNSHINE  MM
  AVERAGE SKY COVER 0.3


WEATHER CONDITIONS
 THE FOLLOWING WEATHER WAS RECORDED YESTERDAY.
  THUNDERSTORM
  LIGHT RAIN


RELATIVE HUMIDITY (PERCENT)
 HIGHEST    83           400 AM
 LOWEST     29           400 PM
 AVERAGE    56

..........................................................


THE DURANGO AIRPORT CO CLIMATE NORMALS FOR TODAY
                         NORMAL    RECORD    YEAR
 MAXIMUM TEMPERATURE (F)   81        MM        MM
 MINIMUM TEMPERATURE (F)   49        MM        MM


SUNRISE AND SUNSET
AUGUST 27 2016........SUNRISE   638 AM MDT   SUNSET   746 PM MDT
AUGUST 28 2016........SUNRISE   639 AM MDT   SUNSET   745 PM MDT


-  INDICATES NEGATIVE NUMBERS.
R  INDICATES RECORD WAS SET OR TIED.
MM INDICATES DATA IS MISSING.
T  INDICATES TRACE AMOUNT.




$$
