000
CDUS44 KEWX 292252
CLIDRT


CLIMATE REPORT
NATIONAL WEATHER SERVICE AUSTIN/SAN ANTONIO, TX
551 PM CDT WED JUL 29 2015


...................................

...THE DEL RIO CLIMATE SUMMARY FOR JULY 29 2015...
VALID TODAY AS OF 551 PM LOCAL TIME.

CLIMATE NORMAL PERIOD 1981 TO 2010
CLIMATE RECORD PERIOD 1906 TO 2015


WEATHER ITEM   OBSERVED TIME   RECORD YEAR NORMAL DEPARTURE LAST
                VALUE   (LST)  VALUE       VALUE  FROM      YEAR
                                                  NORMAL
..................................................................
TEMPERATURE (F)
 TODAY
  MAXIMUM        101    359 PM 109    1960  97      4      102
  MINIMUM         77    712 AM  69    2002  76      1       78
                                      1987
  AVERAGE         89                        86      3       90

PRECIPITATION (IN)
  TODAY            0.00          1.39 2007   0.06  -0.06     0.00
  MONTH TO DATE    0.04                      1.68  -1.64     0.26
  SINCE JUN 1      3.52                      4.03  -0.51     4.95
  SINCE JAN 1     18.60                     11.23   7.37     6.30

SNOWFALL (IN)
  TODAY            0.0
  MONTH TO DATE    0.0
  SINCE JUN 1      0.0
  SINCE JUL 1      0.0
  SNOW DEPTH       0

DEGREE DAYS
 HEATING
  TODAY            0                         0      0        0
  MONTH TO DATE    0                         0      0        0
  SINCE JUN 1      0                         0      0        0
  SINCE JUL 1      0                         0      0        0

 COOLING
  TODAY           24                        21      3       25
  MONTH TO DATE  617                       603     14      644
  SINCE JUN 1   1118                      1174    -56     1272
  SINCE JAN 1   1798                      1933   -135     2122
..................................................................


WIND (MPH)
  HIGHEST WIND SPEED    18   HIGHEST WIND DIRECTION    SE (130)
  HIGHEST GUST SPEED    25   HIGHEST GUST DIRECTION    SE (130)
  AVERAGE WIND SPEED    11.1



WEATHER CONDITIONS
 THE FOLLOWING WEATHER WAS RECORDED TODAY.
  NO SIGNIFICANT WEATHER WAS OBSERVED.


RELATIVE HUMIDITY (PERCENT)
 HIGHEST    82           600 AM
 LOWEST     26           400 PM
 AVERAGE    54

..........................................................


THE DEL RIO CLIMATE NORMALS FOR TOMORROW
                         NORMAL    RECORD    YEAR
 MAXIMUM TEMPERATURE (F)   98       111      1960
 MINIMUM TEMPERATURE (F)   76        69      1987
                                             1975


SUNRISE AND SUNSET
JULY 29 2015..........SUNRISE   702 AM CDT   SUNSET   838 PM CDT
JULY 30 2015..........SUNRISE   703 AM CDT   SUNSET   837 PM CDT


-  INDICATES NEGATIVE NUMBERS.
R  INDICATES RECORD WAS SET OR TIED.
MM INDICATES DATA IS MISSING.
T  INDICATES TRACE AMOUNT.




$$
