024
CDUS44 KEWX 252221
CLIDRT


CLIMATE REPORT
NATIONAL WEATHER SERVICE AUSTIN/SAN ANTONIO, TX
521 PM CDT MON SEP 25 2017


...................................

...THE DEL RIO CLIMATE SUMMARY FOR SEPTEMBER 25 2017...
VALID TODAY AS OF 0500 PM LOCAL TIME.

CLIMATE NORMAL PERIOD 1981 TO 2010
CLIMATE RECORD PERIOD 1906 TO 2017


WEATHER ITEM   OBSERVED TIME   RECORD YEAR NORMAL DEPARTURE LAST
                VALUE   (LST)  VALUE       VALUE  FROM      YEAR
                                                  NORMAL
..................................................................
TEMPERATURE (F)
 TODAY
  MAXIMUM         78    413 PM 107    2005  88    -10       76
  MINIMUM         73    720 AM  49    1989  67      6       69
  AVERAGE         76                        78     -2       73

PRECIPITATION (IN)
  TODAY            1.79R         1.74 2016   0.08   1.71     1.74
  MONTH TO DATE    2.46                      1.81   0.65     5.36
  SINCE SEP 1      2.46                      1.81   0.65     5.36
  SINCE JAN 1     18.35                     15.32   3.03    27.21

SNOWFALL (IN)
  TODAY            0.0
  MONTH TO DATE    0.0
  SINCE SEP 1      0.0
  SINCE JUL 1      0.0
  SNOW DEPTH       0

DEGREE DAYS
 HEATING
  TODAY            0                         0      0        0
  MONTH TO DATE    0                         0      0        0
  SINCE SEP 1      0                         0      0        0
  SINCE JUL 1      0                         0      0        0

 COOLING
  TODAY           11                        13     -2        8
  MONTH TO DATE  457                       402     55      432
  SINCE SEP 1    457                       402     55      432
  SINCE JAN 1   3247                      3037    210     3146
..................................................................


WIND (MPH)
  HIGHEST WIND SPEED    20   HIGHEST WIND DIRECTION     E (110)
  HIGHEST GUST SPEED    25   HIGHEST GUST DIRECTION    SE (120)
  AVERAGE WIND SPEED     9.2



WEATHER CONDITIONS
 THE FOLLOWING WEATHER WAS RECORDED TODAY.
  HEAVY RAIN
  RAIN
  LIGHT RAIN
  FOG


RELATIVE HUMIDITY (PERCENT)
 HIGHEST   100           300 AM
 LOWEST     82          1200 AM
 AVERAGE    91

..........................................................


THE DEL RIO CLIMATE NORMALS FOR TOMORROW
                         NORMAL    RECORD    YEAR
 MAXIMUM TEMPERATURE (F)   88       106      2005
 MINIMUM TEMPERATURE (F)   67        48      1909


SUNRISE AND SUNSET
SEPTEMBER 25 2017.....SUNRISE   734 AM CDT   SUNSET   736 PM CDT
SEPTEMBER 26 2017.....SUNRISE   734 AM CDT   SUNSET   735 PM CDT


-  INDICATES NEGATIVE NUMBERS.
R  INDICATES RECORD WAS SET OR TIED.
MM INDICATES DATA IS MISSING.
T  INDICATES TRACE AMOUNT.




$$
