000
CDUS44 KEWX 190737
CLIDRT


CLIMATE REPORT
NATIONAL WEATHER SERVICE AUSTIN/SAN ANTONIO, TX
133 AM CST SUN NOV 19 2017


...................................

...THE DEL RIO CLIMATE SUMMARY FOR NOVEMBER 18 2017...

CLIMATE NORMAL PERIOD 1981 TO 2010
CLIMATE RECORD PERIOD 1906 TO 2017


WEATHER ITEM   OBSERVED TIME   RECORD YEAR NORMAL DEPARTURE LAST
                VALUE   (LST)  VALUE       VALUE  FROM      YEAR
                                                  NORMAL
..................................................................
TEMPERATURE (F)
 YESTERDAY
  MAXIMUM         84    103 PM  87    1986  71     13       74
  MINIMUM         55   1159 PM  27    1959  48      7       50
  AVERAGE         70                        60     10       62

PRECIPITATION (IN)
  YESTERDAY        0.00          1.77 1913   0.03  -0.03      T
  MONTH TO DATE    0.03                      0.62  -0.59     2.08
  SINCE SEP 1      6.79                      5.05   1.74     8.11
  SINCE JAN 1     22.68                     18.56   4.12    29.96

SNOWFALL (IN)
  YESTERDAY        0.0
  MONTH TO DATE    0.0
  SINCE SEP 1      0.0
  SINCE JUL 1      0.0

DEGREE DAYS
 HEATING
  YESTERDAY        0                         6     -6        3
  MONTH TO DATE   30                        73    -43       12
  SINCE SEP 1     83                        97    -14       12
  SINCE JUL 1     83                        97    -14       12

 COOLING
  YESTERDAY        5                         1      4        0
  MONTH TO DATE   67                        41     26       74
  SINCE SEP 1    776                       731     45      859
  SINCE JAN 1   3566                      3366    200     3573
..................................................................


WIND (MPH)
  HIGHEST WIND SPEED    29   HIGHEST WIND DIRECTION     N (360)
  HIGHEST GUST SPEED    40   HIGHEST GUST DIRECTION     N (360)
  AVERAGE WIND SPEED     9.1


SKY COVER
  AVERAGE SKY COVER 0.2


WEATHER CONDITIONS
 THE FOLLOWING WEATHER WAS RECORDED YESTERDAY.
  FOG


RELATIVE HUMIDITY (PERCENT)
 HIGHEST   100           500 AM
 LOWEST     22           100 PM
 AVERAGE    61

..........................................................


THE DEL RIO CLIMATE NORMALS FOR TODAY
                         NORMAL    RECORD    YEAR
 MAXIMUM TEMPERATURE (F)   71        91      1950
 MINIMUM TEMPERATURE (F)   48        29      1906


SUNRISE AND SUNSET
NOVEMBER 19 2017......SUNRISE   711 AM CST   SUNSET   547 PM CST
NOVEMBER 20 2017......SUNRISE   712 AM CST   SUNSET   547 PM CST


-  INDICATES NEGATIVE NUMBERS.
R  INDICATES RECORD WAS SET OR TIED.
MM INDICATES DATA IS MISSING.
T  INDICATES TRACE AMOUNT.




$$
