000
CDUS44 KDRT 292248
CLIDRT


CLIMATE REPORT
NATIONAL WEATHER SERVICE AUSTIN/SAN ANTONIO, TX
547 PM CDT FRI APR 29 2016


...................................

...THE DEL RIO CLIMATE SUMMARY FOR APRIL 29 2016...
VALID TODAY AS OF 0547 PM LOCAL TIME.

CLIMATE NORMAL PERIOD 1981 TO 2010
CLIMATE RECORD PERIOD 1906 TO 2016


WEATHER ITEM   OBSERVED TIME   RECORD YEAR NORMAL DEPARTURE LAST
                VALUE   (LST)  VALUE       VALUE  FROM      YEAR
                                                  NORMAL
..................................................................
TEMPERATURE (F)
 TODAY
  MAXIMUM         90    417 PM 103    1909  86      4       79
  MINIMUM         73    805 AM  46    2015  63     10       46
                                      1908
  AVERAGE         82                        75      7       63

PRECIPITATION (IN)
  TODAY            0.01          1.29 1961   0.07  -0.06     0.00
  MONTH TO DATE    4.01                      1.58   2.43     1.71
  SINCE MAR 1      6.09                      2.72   3.37     3.92
  SINCE JAN 1      6.84                      4.32   2.52     4.91

SNOWFALL (IN)
  TODAY            0.0
  MONTH TO DATE    0.0
  SINCE MAR 1      0.0
  SINCE JUL 1      T
  SNOW DEPTH       0

DEGREE DAYS
 HEATING
  TODAY            0                         0      0        2
  MONTH TO DATE   14                        24    -10       10
  SINCE MAR 1     69                       138    -69      148
  SINCE JUL 1   1049                      1374   -325     1475

 COOLING
  TODAY           17                        10      7        0
  MONTH TO DATE  213                       212      1      219
  SINCE MAR 1    310                       299     11      290
  SINCE JAN 1    345                       318     27      305
..................................................................


WIND (MPH)
  HIGHEST WIND SPEED    18   HIGHEST WIND DIRECTION    SE (130)
  HIGHEST GUST SPEED    26   HIGHEST GUST DIRECTION    SE (120)
  AVERAGE WIND SPEED    10.1



WEATHER CONDITIONS
 THE FOLLOWING WEATHER WAS RECORDED TODAY.
  LIGHT RAIN
  FOG
  HAZE


RELATIVE HUMIDITY (PERCENT)
 HIGHEST   100           600 AM
 LOWEST     44           400 PM
 AVERAGE    72

..........................................................


THE DEL RIO CLIMATE NORMALS FOR TOMORROW
                         NORMAL    RECORD    YEAR
 MAXIMUM TEMPERATURE (F)   87       102      2011
                                             1951
 MINIMUM TEMPERATURE (F)   64        38      1908


SUNRISE AND SUNSET
APRIL 29 2016.........SUNRISE   703 AM CDT   SUNSET   819 PM CDT
APRIL 30 2016.........SUNRISE   702 AM CDT   SUNSET   820 PM CDT


-  INDICATES NEGATIVE NUMBERS.
R  INDICATES RECORD WAS SET OR TIED.
MM INDICATES DATA IS MISSING.
T  INDICATES TRACE AMOUNT.




$$
