000
CDUS44 KEWX 200825
CLIDRT


CLIMATE REPORT
NATIONAL WEATHER SERVICE AUSTIN/SAN ANTONIO, TX
224 AM CST SAT JAN 20 2018


...................................

...THE DEL RIO CLIMATE SUMMARY FOR JANUARY 19 2018...

CLIMATE NORMAL PERIOD 1981 TO 2010
CLIMATE RECORD PERIOD 1906 TO 2018


WEATHER ITEM   OBSERVED TIME   RECORD YEAR NORMAL DEPARTURE LAST
                VALUE   (LST)  VALUE       VALUE  FROM      YEAR
                                                  NORMAL
..................................................................
TEMPERATURE (F)
 YESTERDAY
  MAXIMUM         62    424 PM  90    2000  64     -2       73
  MINIMUM         27    613 AM  19    1940  41    -14       39
  AVERAGE         45                        52     -7       56

PRECIPITATION (IN)
  YESTERDAY        0.00          0.45 1989   0.02  -0.02     0.00
  MONTH TO DATE    T                         0.42  -0.42     0.18
  SINCE DEC 1      1.74                      1.07   0.67     2.66
  SINCE JAN 1      T                         0.42  -0.42     0.18

SNOWFALL (IN)
  YESTERDAY        0.0
  MONTH TO DATE    T
  SINCE DEC 1      T
  SINCE JUL 1      T

DEGREE DAYS
 HEATING
  YESTERDAY       20                        13      7        9
  MONTH TO DATE  349                       256     93      185
  SINCE DEC 1    758                       650    108      518
  SINCE JUL 1    909                       847     62      587

 COOLING
  YESTERDAY        0                         0      0        0
  MONTH TO DATE    0                         0      0       11
  SINCE DEC 1     10                         3      7       23
  SINCE JAN 1      0                         0      0       11
..................................................................


WIND (MPH)
  HIGHEST WIND SPEED    16   HIGHEST WIND DIRECTION    SE (120)
  HIGHEST GUST SPEED    21   HIGHEST GUST DIRECTION    SE (130)
  AVERAGE WIND SPEED     6.5


SKY COVER
  AVERAGE SKY COVER 0.2


WEATHER CONDITIONS
 THE FOLLOWING WEATHER WAS RECORDED YESTERDAY.
  FOG


RELATIVE HUMIDITY (PERCENT)
 HIGHEST   100           500 AM
 LOWEST     47           300 PM
 AVERAGE    74

..........................................................


THE DEL RIO CLIMATE NORMALS FOR TODAY
                         NORMAL    RECORD    YEAR
 MAXIMUM TEMPERATURE (F)   64        86      2015
 MINIMUM TEMPERATURE (F)   41        23      1963
                                             1943


SUNRISE AND SUNSET
JANUARY 20 2018.......SUNRISE   738 AM CST   SUNSET   612 PM CST
JANUARY 21 2018.......SUNRISE   738 AM CST   SUNSET   613 PM CST


-  INDICATES NEGATIVE NUMBERS.
R  INDICATES RECORD WAS SET OR TIED.
MM INDICATES DATA IS MISSING.
T  INDICATES TRACE AMOUNT.




$$
