000
CDUS44 KDRT 010639
CLIDRT


CLIMATE REPORT
NATIONAL WEATHER SERVICE AUSTIN/SAN ANTONIO, TX
138 AM CDT WED JUN 1 2016


...................................

...THE DEL RIO CLIMATE SUMMARY FOR MAY 31 2016...

CLIMATE NORMAL PERIOD 1981 TO 2010
CLIMATE RECORD PERIOD 1906 TO 2016


WEATHER ITEM   OBSERVED TIME   RECORD YEAR NORMAL DEPARTURE LAST
                VALUE   (LST)  VALUE       VALUE  FROM      YEAR
                                                  NORMAL
..................................................................
TEMPERATURE (F)
 YESTERDAY
  MAXIMUM         81    302 PM 107    2004  93    -12       86
  MINIMUM         69    531 AM  56    1975  71     -2       63
                                      1909
  AVERAGE         75                        82     -7       75

PRECIPITATION (IN)
  YESTERDAY        0.10          3.48 1957   0.11  -0.01     0.00
  MONTH TO DATE    1.62                      2.81  -1.19    10.17
  SINCE MAR 1      7.86                      5.60   2.26    14.09
  SINCE JAN 1      8.61                      7.20   1.41    15.08

SNOWFALL (IN)
  YESTERDAY        0.0
  MONTH TO DATE    0.0
  SINCE MAR 1      0.0
  SINCE JUL 1      T

DEGREE DAYS
 HEATING
  YESTERDAY        0                         0      0        0
  MONTH TO DATE    1                         0      1        0
  SINCE MAR 1     70                       140    -70      148
  SINCE JUL 1   1050                      1376   -326     1475

 COOLING
  YESTERDAY       10                        17     -7       10
  MONTH TO DATE  371                       430    -59      374
  SINCE MAR 1    691                       740    -49      665
  SINCE JAN 1    726                       759    -33      680
..................................................................


WIND (MPH)
  HIGHEST WIND SPEED    21   HIGHEST WIND DIRECTION     W (260)
  HIGHEST GUST SPEED    25   HIGHEST GUST DIRECTION     W (250)
  AVERAGE WIND SPEED     7.2


SKY COVER
  AVERAGE SKY COVER 0.4


WEATHER CONDITIONS
 THE FOLLOWING WEATHER WAS RECORDED YESTERDAY.
  LIGHT RAIN
  FOG
  HAZE


RELATIVE HUMIDITY (PERCENT)
 HIGHEST    93           900 AM
 LOWEST     67           500 PM
 AVERAGE    80

..........................................................


THE DEL RIO CLIMATE NORMALS FOR TODAY
                         NORMAL    RECORD    YEAR
 MAXIMUM TEMPERATURE (F)   93       106      1998
 MINIMUM TEMPERATURE (F)   72        57      1964


SUNRISE AND SUNSET
JUNE  1 2016..........SUNRISE   644 AM CDT   SUNSET   839 PM CDT
JUNE  2 2016..........SUNRISE   644 AM CDT   SUNSET   840 PM CDT


-  INDICATES NEGATIVE NUMBERS.
R  INDICATES RECORD WAS SET OR TIED.
MM INDICATES DATA IS MISSING.
T  INDICATES TRACE AMOUNT.




$$
