000
CDUS44 KEWX 260719
CLIDRT


CLIMATE REPORT
NATIONAL WEATHER SERVICE AUSTIN/SAN ANTONIO, TX
219 AM CDT SAT JUL 26 2014


...................................

...THE DEL RIO CLIMATE SUMMARY FOR JULY 25 2014...

CLIMATE NORMAL PERIOD 1981 TO 2010
CLIMATE RECORD PERIOD 1906 TO 2014


WEATHER ITEM   OBSERVED TIME   RECORD YEAR NORMAL DEPARTURE LAST
                VALUE   (LST)  VALUE       VALUE  FROM      YEAR
                                                  NORMAL
..................................................................
TEMPERATURE (F)
 YESTERDAY
  MAXIMUM        100    605 PM 107    1944  97      3       99
  MINIMUM         76    643 AM  67    1984  75      1       78
                                      1915
                                      1911
  AVERAGE         88                        86      2       89

PRECIPITATION (IN)
  YESTERDAY        0.00          0.65 1984   0.05  -0.05     0.00
  MONTH TO DATE    0.26                      1.45  -1.19     2.77
  SINCE JUN 1      4.95                      3.80   1.15     4.53
  SINCE JAN 1      6.30                     11.00  -4.70     7.75

SNOWFALL (IN)
  YESTERDAY        0.0
  MONTH TO DATE    0.0
  SINCE JUN 1      0.0
  SINCE JUL 1      0.0

DEGREE DAYS
 HEATING
  YESTERDAY        0                         0      0        0
  MONTH TO DATE    0                         0      0        0
  SINCE JUN 1      0                         0      0        0
  SINCE JUL 1      0                         0      0        0

 COOLING
  YESTERDAY       23                        21      2       24
  MONTH TO DATE  542                       519     23      508
  SINCE JUN 1   1170                      1090     80     1133
  SINCE JAN 1   2020                      1849    171     2039
..................................................................


WIND (MPH)
  HIGHEST WIND SPEED    20   HIGHEST WIND DIRECTION    SE (120)
  HIGHEST GUST SPEED    27   HIGHEST GUST DIRECTION    SE (120)
  AVERAGE WIND SPEED     9.8


SKY COVER
  AVERAGE SKY COVER 0.1


WEATHER CONDITIONS
 THE FOLLOWING WEATHER WAS RECORDED YESTERDAY.
  NO SIGNIFICANT WEATHER WAS OBSERVED.


RELATIVE HUMIDITY (PERCENT)
 HIGHEST    79           500 AM
 LOWEST     31           300 PM
 AVERAGE    55

..........................................................


THE DEL RIO CLIMATE NORMALS FOR TODAY
                         NORMAL    RECORD    YEAR
 MAXIMUM TEMPERATURE (F)   97       108      1944
 MINIMUM TEMPERATURE (F)   76        66      1913


SUNRISE AND SUNSET
JULY 26 2014..........SUNRISE   700 AM CDT   SUNSET   840 PM CDT
JULY 27 2014..........SUNRISE   701 AM CDT   SUNSET   839 PM CDT


-  INDICATES NEGATIVE NUMBERS.
R  INDICATES RECORD WAS SET OR TIED.
MM INDICATES DATA IS MISSING.
T  INDICATES TRACE AMOUNT.




$$
