000
CDUS44 KDRT 092223
CLIDRT


CLIMATE REPORT
NATIONAL WEATHER SERVICE AUSTIN/SAN ANTONIO, TX
422 PM CST TUE FEB 9 2016


...................................

...THE DEL RIO CLIMATE SUMMARY FOR FEBRUARY 9 2016...
VALID TODAY AS OF 420 PM LOCAL TIME.

CLIMATE NORMAL PERIOD 1981 TO 2010
CLIMATE RECORD PERIOD 1906 TO 2016


WEATHER ITEM   OBSERVED TIME   RECORD YEAR NORMAL DEPARTURE LAST
                VALUE   (LST)  VALUE       VALUE  FROM      YEAR
                                                  NORMAL
..................................................................
TEMPERATURE (F)
 TODAY
  MAXIMUM         73    420 PM  94    1960  67      6       83
  MINIMUM         34    724 AM  20    1933  44    -10       47
  AVERAGE         54                        56     -2       65

PRECIPITATION (IN)
  TODAY            0.00          1.26 1927   0.03  -0.03     0.00
  MONTH TO DATE    0.00                      0.25  -0.25     0.18
  SINCE DEC 1      1.02                      1.62  -0.60     1.20
  SINCE JAN 1      0.68                      0.97  -0.29     0.95

SNOWFALL (IN)
  TODAY            0.0
  MONTH TO DATE    0.0
  SINCE DEC 1      T
  SINCE JUL 1      T
  SNOW DEPTH       0

DEGREE DAYS
 HEATING
  TODAY           11                        10      1        0
  MONTH TO DATE  107                        96     11      100
  SINCE DEC 1    774                       889   -115      848
  SINCE JUL 1    917                      1086   -169     1120

 COOLING
  TODAY            0                         0      0        0
  MONTH TO DATE    5                         0      5        0
  SINCE DEC 1      6                         6      0        6
  SINCE JAN 1      5                         3      2        0
..................................................................


WIND (MPH)
  HIGHEST WIND SPEED    12   HIGHEST WIND DIRECTION    NW (310)
  HIGHEST GUST SPEED    16   HIGHEST GUST DIRECTION    NW (310)
  AVERAGE WIND SPEED     4.2



WEATHER CONDITIONS
 THE FOLLOWING WEATHER WAS RECORDED TODAY.
  NO SIGNIFICANT WEATHER WAS OBSERVED.


RELATIVE HUMIDITY (PERCENT)
 HIGHEST    70           600 AM
 LOWEST     14           300 PM
 AVERAGE    42

..........................................................


THE DEL RIO CLIMATE NORMALS FOR TOMORROW
                         NORMAL    RECORD    YEAR
 MAXIMUM TEMPERATURE (F)   68        92      1957
 MINIMUM TEMPERATURE (F)   44        23      2011
                                             1973


SUNRISE AND SUNSET
FEBRUARY  9 2016......SUNRISE   728 AM CST   SUNSET   628 PM CST
FEBRUARY 10 2016......SUNRISE   727 AM CST   SUNSET   629 PM CST


-  INDICATES NEGATIVE NUMBERS.
R  INDICATES RECORD WAS SET OR TIED.
MM INDICATES DATA IS MISSING.
T  INDICATES TRACE AMOUNT.




$$
