000
CDUS43 KDTX 300535
CLIDTW


CLIMATE REPORT
NATIONAL WEATHER SERVICE DETROIT/PONTIAC MI
135 AM EDT TUE SEP 30 2014


...................................

...THE DETROIT MI CLIMATE SUMMARY FOR SEPTEMBER 29 2014...

CLIMATE NORMAL PERIOD 1981 TO 2010
CLIMATE RECORD PERIOD 1874 TO 2014


WEATHER ITEM   OBSERVED TIME   RECORD YEAR NORMAL DEPARTURE LAST
                VALUE   (LST)  VALUE       VALUE  FROM      YEAR
                                                  NORMAL
..................................................................
TEMPERATURE (F)
 YESTERDAY
  MAXIMUM         79    423 PM  89    1953  68     11       64
  MINIMUM         55    613 AM  32    1942  49      6       59
  AVERAGE         67                        59      8       62

PRECIPITATION (IN)
  YESTERDAY        0.00          1.53 1896   0.10  -0.10     0.10
  MONTH TO DATE    4.53                      3.17   1.36     1.20
  SINCE SEP 1      4.53                      3.17   1.36     1.20
  SINCE JAN 1     31.95                     25.60   6.35    32.18

SNOWFALL (IN)
  YESTERDAY        0.0           0.0    MM   0.0    0.0      0.0
  MONTH TO DATE    0.0                       0.0    0.0      0.0
  SINCE SEP 1      0.0                       0.0    0.0      0.0
  SINCE JUL 1      0.0                       0.0    0.0      0.0
  SNOW DEPTH       0

DEGREE DAYS
 HEATING
  YESTERDAY        0                         7     -7        3
  MONTH TO DATE  102                        96      6       98
  SINCE SEP 1    102                        96      6       98
  SINCE JUL 1    115                       106      9      110

 COOLING
  YESTERDAY        2                         1      1        0
  MONTH TO DATE   72                        82    -10       78
  SINCE SEP 1     72                        82    -10       78
  SINCE JAN 1    704                       793    -89      871
..................................................................


WIND (MPH)
  HIGHEST WIND SPEED    10   HIGHEST WIND DIRECTION    SW (240)
  HIGHEST GUST SPEED    13   HIGHEST GUST DIRECTION    SW (240)
  AVERAGE WIND SPEED     3.1


SKY COVER
  POSSIBLE SUNSHINE  MM
  AVERAGE SKY COVER 0.4


WEATHER CONDITIONS
 THE FOLLOWING WEATHER WAS RECORDED YESTERDAY.
  FOG
  HAZE


RELATIVE HUMIDITY (PERCENT)
 HIGHEST    93           200 AM
 LOWEST     42           400 PM
 AVERAGE    68

..........................................................


THE DETROIT MI CLIMATE NORMALS FOR TODAY
                         NORMAL    RECORD    YEAR
 MAXIMUM TEMPERATURE (F)   68        85      1991
 MINIMUM TEMPERATURE (F)   49        30      1899


SUNRISE AND SUNSET
SEPTEMBER 30 2014.....SUNRISE   729 AM EDT   SUNSET   717 PM EDT
OCTOBER  1 2014.......SUNRISE   730 AM EDT   SUNSET   715 PM EDT


-  INDICATES NEGATIVE NUMBERS.
R  INDICATES RECORD WAS SET OR TIED.
MM INDICATES DATA IS MISSING.
T  INDICATES TRACE AMOUNT.




$$
