000
CDUS43 KDTX 262133
CLIDTW


CLIMATE REPORT
NATIONAL WEATHER SERVICE DETROIT/PONTIAC MI
432 PM EST FRI DEC 26 2014


...................................

...THE DETROIT MI CLIMATE SUMMARY FOR DECEMBER 26 2014...
VALID TODAY AS OF 0400 PM LOCAL TIME.

CLIMATE NORMAL PERIOD 1981 TO 2010
CLIMATE RECORD PERIOD 1874 TO 2014


WEATHER ITEM   OBSERVED TIME   RECORD YEAR NORMAL DEPARTURE LAST
                VALUE   (LST)  VALUE       VALUE  FROM      YEAR
                                                  NORMAL
..................................................................
TEMPERATURE (F)
 TODAY
  MAXIMUM         47    248 PM  55    1888  33     14       29
  MINIMUM         30    529 AM  -8    1983  21      9       24
  AVERAGE         39                        27     12       27

PRECIPITATION (IN)
  TODAY            0.00          1.06 1942   0.07  -0.07     0.05
  MONTH TO DATE    1.35                      2.08  -0.73     2.34
  SINCE DEC 1      1.35                      2.08  -0.73     2.34
  SINCE JAN 1     37.51                     33.09   4.42    39.82

SNOWFALL (IN)
  TODAY            0.0           8.6  1895   0.4   -0.4      1.6
  MONTH TO DATE    T                         7.7   -7.7     13.8
  SINCE DEC 1      T                         7.7   -7.7     13.8
  SINCE JUL 1      4.0                       9.3   -5.3     15.0
  SNOW DEPTH       0

DEGREE DAYS
 HEATING
  TODAY           26                        38    -12       38
  MONTH TO DATE  785                       891   -106      996
  SINCE DEC 1    785                       891   -106      996
  SINCE JUL 1   2162                      2106     56     2298

 COOLING
  TODAY            0                         0      0        0
  MONTH TO DATE    0                         0      0        0
  SINCE DEC 1      0                         0      0        0
  SINCE JAN 1    704                       803    -99      891
..................................................................


WIND (MPH)
  HIGHEST WIND SPEED    18   HIGHEST WIND DIRECTION    SW (220)
  HIGHEST GUST SPEED    21   HIGHEST GUST DIRECTION    SW (220)
  AVERAGE WIND SPEED    10.0


SKY COVER
  POSSIBLE SUNSHINE  MM
  AVERAGE SKY COVER 0.7


WEATHER CONDITIONS
 THE FOLLOWING WEATHER WAS RECORDED TODAY.
  NO SIGNIFICANT WEATHER WAS OBSERVED.


RELATIVE HUMIDITY (PERCENT)
 HIGHEST    92           400 AM
 LOWEST     65          1200 PM
 AVERAGE    79

..........................................................


THE DETROIT MI CLIMATE NORMALS FOR TOMORROW
                         NORMAL    RECORD    YEAR
 MAXIMUM TEMPERATURE (F)   33        62      2008
 MINIMUM TEMPERATURE (F)   21        -4      1925


SUNRISE AND SUNSET
DECEMBER 26 2014......SUNRISE   801 AM EST   SUNSET   507 PM EST
DECEMBER 27 2014......SUNRISE   801 AM EST   SUNSET   508 PM EST


-  INDICATES NEGATIVE NUMBERS.
R  INDICATES RECORD WAS SET OR TIED.
MM INDICATES DATA IS MISSING.
T  INDICATES TRACE AMOUNT.




$$
