000
CDUS45 KTWC 190036
CLIDUG

CLIMATE REPORT
NATIONAL WEATHER SERVICE TUCSON AZ
530 PM MST THU SEP 18 2014


...................................

...THE DOUGLAS AZ CLIMATE SUMMARY FOR SEPTEMBER 18 2014...
VALID TODAY AS OF 0500 PM LOCAL TIME.

CLIMATE NORMAL PERIOD 1981 TO 2010
CLIMATE RECORD PERIOD 1948 TO 2014


WEATHER ITEM   OBSERVED TIME   RECORD YEAR NORMAL DEPARTURE LAST
                VALUE   (LST)  VALUE       VALUE  FROM      YEAR
                                                  NORMAL
..................................................................
TEMPERATURE (F)
 TODAY
  MAXIMUM         78    147 PM  98    1956  89    -11       93
  MINIMUM         64    330 AM  48    1968  59      5       64
  AVERAGE         71                        74     -3       79

PRECIPITATION (IN)
  TODAY            1.63                      0.05   1.58     0.00
  MONTH TO DATE    3.34                      0.99   2.35     2.16
  SINCE OCT 1     13.60                     12.55   1.05    17.74
  SINCE JAN 1     12.78                     10.00   2.78    17.11

DEGREE DAYS
 HEATING
  TODAY            0                         0      0        0
  MONTH TO DATE    0                         0      0        0
  SINCE SEP 1      0                         0      0        0
  SINCE JUL 1      0                         0      0        0

 COOLING
  TODAY            6                         9     -3       14
  MONTH TO DATE  178                       198    -20      201
  SINCE SEP 1    178                       198    -20      201
  SINCE JAN 1   1624                      1668    -44     1741
..................................................................


WIND (MPH)
  HIGHEST WIND SPEED    20   HIGHEST WIND DIRECTION    SE (130)
  HIGHEST GUST SPEED    23   HIGHEST GUST DIRECTION    SE (130)
  AVERAGE WIND SPEED    10.1


SKY COVER
  POSSIBLE SUNSHINE  MM
  AVERAGE SKY COVER 1.0


WEATHER CONDITIONS
 THE FOLLOWING WEATHER WAS RECORDED TODAY.
  HEAVY RAIN
  RAIN
  LIGHT RAIN
  FOG


RELATIVE HUMIDITY (PERCENT)
 HIGHEST   100
 LOWEST     69
 AVERAGE    85

..........................................................


THE DOUGLAS AZ CLIMATE NORMALS FOR TOMORROW
                         NORMAL    RECORD    YEAR
 MAXIMUM TEMPERATURE (F)   89        97      1956
                                             1952
 MINIMUM TEMPERATURE (F)   58        42      1957


SUNRISE AND SUNSET
SEPTEMBER 18 2014.....SUNRISE   604 AM MST   SUNSET   620 PM MST
SEPTEMBER 19 2014.....SUNRISE   605 AM MST   SUNSET   619 PM MST


-  INDICATES NEGATIVE NUMBERS.
R  INDICATES RECORD WAS SET OR TIED.
MM INDICATES DATA IS MISSING.
T  INDICATES TRACE AMOUNT.




$$
