000
CDUS45 KTWC 241432
CLIDUG

CLIMATE REPORT
NATIONAL WEATHER SERVICE TUCSON AZ
730 AM MST TUE JAN 24 2017


...................................

...THE DOUGLAS AZ CLIMATE SUMMARY FOR JANUARY 24 2017...
VALID AS OF 0700 AM LOCAL TIME.

CLIMATE NORMAL PERIOD 1981 TO 2010
CLIMATE RECORD PERIOD 1948 TO 2017


WEATHER ITEM   OBSERVED TIME   RECORD YEAR NORMAL DEPARTURE LAST
                VALUE   (LST)  VALUE       VALUE  FROM      YEAR
                                                  NORMAL
..................................................................
TEMPERATURE (F)
 TODAY
  MINIMUM         38    657 AM  16    1996  30      8       34

PRECIPITATION (IN)
  TODAY            0.00          0.88 1962   0.02  -0.02     0.00
  MONTH TO DATE    1.24                      0.56   0.68     1.16
  SINCE OCT 1      2.59                      3.11  -0.52     2.37
  SINCE JAN 1      1.24                      0.56   0.68     1.16

DEGREE DAYS
 HEATING
  TODAY           21                        18      3       14

 COOLING
  TODAY            0                         0      0        0
..................................................................


WIND (MPH)
  HIGHEST WIND SPEED    28   HIGHEST WIND DIRECTION     W (260)
  HIGHEST GUST SPEED    36   HIGHEST GUST DIRECTION     W (250)
  AVERAGE WIND SPEED    14.8


SKY COVER
  POSSIBLE SUNSHINE  MM
  AVERAGE SKY COVER 0.4


WEATHER CONDITIONS
 THE FOLLOWING WEATHER WAS RECORDED TODAY.
  NO SIGNIFICANT WEATHER WAS OBSERVED.


RELATIVE HUMIDITY (PERCENT)
 HIGHEST    85           700 AM

..........................................................


THE DOUGLAS AZ CLIMATE NORMALS FOR TOMORROW
                         NORMAL    RECORD    YEAR
 MAXIMUM TEMPERATURE (F)   63        79      2000
 MINIMUM TEMPERATURE (F)   30        14      1964


SUNRISE AND SUNSET
JANUARY 24 2017.......SUNRISE   715 AM MST   SUNSET   546 PM MST
JANUARY 25 2017.......SUNRISE   715 AM MST   SUNSET   547 PM MST


-  INDICATES NEGATIVE NUMBERS.
R  INDICATES RECORD WAS SET OR TIED.
MM INDICATES DATA IS MISSING.
T  INDICATES TRACE AMOUNT.




$$
