000
CDUS45 KTWC 281427 RRA
CLIDUG

CLIMATE REPORT
NATIONAL WEATHER SERVICE TUCSON AZ
726 AM MST WED JUN 28 2017


...................................

...THE DOUGLAS AZ CLIMATE SUMMARY FOR JUNE 28 2017...
VALID AS OF 0700 AM LOCAL TIME.

CLIMATE NORMAL PERIOD 1981 TO 2010
CLIMATE RECORD PERIOD 1948 TO 2017


WEATHER ITEM   OBSERVED TIME   RECORD YEAR NORMAL DEPARTURE LAST
                VALUE   (LST)  VALUE       VALUE  FROM      YEAR
                                                  NORMAL
..................................................................
TEMPERATURE (F)
 TODAY
  MINIMUM         67    555 AM  53    1983  64      3       69
                                      1965
                                      1955

PRECIPITATION (IN)
  TODAY            0.00          0.46 1957   0.04  -0.04     0.00
  MONTH TO DATE    0.04                      0.53  -0.49     0.60
  SINCE OCT 1      3.16                      5.48  -2.32     3.28
  SINCE JAN 1      1.81                      2.93  -1.12     2.07

DEGREE DAYS
 HEATING
  TODAY            0                         0      0        0

 COOLING
  TODAY            7                        16     -9       17
..................................................................


WIND (MPH)
  HIGHEST WIND SPEED    13   HIGHEST WIND DIRECTION     S (170)
  HIGHEST GUST SPEED    17   HIGHEST GUST DIRECTION    SE (120)
  AVERAGE WIND SPEED     8.5


SKY COVER
  POSSIBLE SUNSHINE  MM
  AVERAGE SKY COVER 0.0


WEATHER CONDITIONS
 THE FOLLOWING WEATHER WAS RECORDED TODAY.
  NO SIGNIFICANT WEATHER WAS OBSERVED.


RELATIVE HUMIDITY (PERCENT)
 HIGHEST    68           500 AM

..........................................................


THE DOUGLAS AZ CLIMATE NORMALS FOR TOMORROW
                         NORMAL    RECORD    YEAR
 MAXIMUM TEMPERATURE (F)   97       106      1998
                                             1994
 MINIMUM TEMPERATURE (F)   64        55      1983


SUNRISE AND SUNSET
JUNE 28 2017..........SUNRISE   516 AM MST   SUNSET   727 PM MST
JUNE 29 2017..........SUNRISE   517 AM MST   SUNSET   727 PM MST


-  INDICATES NEGATIVE NUMBERS.
R  INDICATES RECORD WAS SET OR TIED.
MM INDICATES DATA IS MISSING.
T  INDICATES TRACE AMOUNT.




$$
