469
CDUS45 KTWC 291431
CLIDUG

PHXCLIDUG 000
TTAA00 KTWC 291427


CLIMATE REPORT
NATIONAL WEATHER SERVICE TUCSON AZ
726 AM MST FRI JUL 29 2016


...................................

...THE DOUGLAS AZ CLIMATE SUMMARY FOR JULY 29 2016...
VALID AS OF 0700 AM LOCAL TIME.

CLIMATE NORMAL PERIOD 1981 TO 2010
CLIMATE RECORD PERIOD 1948 TO 2016


WEATHER ITEM   OBSERVED TIME   RECORD YEAR NORMAL DEPARTURE LAST
                VALUE   (LST)  VALUE       VALUE  FROM      YEAR
                                                  NORMAL
..................................................................
TEMPERATURE (F)
 TODAY
  MINIMUM         69    551 AM  55    1958  66      3       MM

PRECIPITATION (IN)
  TODAY            0.00          1.41 1961   0.13  -0.13     0.00
  MONTH TO DATE    3.50                      2.70   0.80     4.29
  SINCE OCT 1      8.04                      8.26  -0.22    10.28
  SINCE JAN 1      6.83                      5.71   1.12     8.31

DEGREE DAYS
 HEATING
  TODAY            0                         0      0       MM

 COOLING
  TODAY            8                        14     -6       MM
..................................................................


WIND (MPH)
  HIGHEST WIND SPEED    13   HIGHEST WIND DIRECTION    SE (140)
  HIGHEST GUST SPEED    16   HIGHEST GUST DIRECTION    SE (140)
  AVERAGE WIND SPEED     6.3


SKY COVER
  POSSIBLE SUNSHINE  MM
  AVERAGE SKY COVER 0.0


WEATHER CONDITIONS
 THE FOLLOWING WEATHER WAS RECORDED TODAY.
  NO SIGNIFICANT WEATHER WAS OBSERVED.


RELATIVE HUMIDITY (PERCENT)
 HIGHEST    90           500 AM

..........................................................


THE DOUGLAS AZ CLIMATE NORMALS FOR TOMORROW
                         NORMAL    RECORD    YEAR
 MAXIMUM TEMPERATURE (F)   92       102      1986
                                             1957
 MINIMUM TEMPERATURE (F)   66        60      1958
                                             1953


SUNRISE AND SUNSET
JULY 29 2016..........SUNRISE   533 AM MST   SUNSET   716 PM MST
JULY 30 2016..........SUNRISE   534 AM MST   SUNSET   715 PM MST


-  INDICATES NEGATIVE NUMBERS.
R  INDICATES RECORD WAS SET OR TIED.
MM INDICATES DATA IS MISSING.
T  INDICATES TRACE AMOUNT.




$$
