000
CDUS45 KTWC 231437
CLIDUG

CLIMATE REPORT
NATIONAL WEATHER SERVICE TUCSON AZ
735 AM MST THU FEB 23 2017


...................................

...THE DOUGLAS AZ CLIMATE SUMMARY FOR FEBRUARY 23 2017...
VALID AS OF 0700 AM LOCAL TIME.

CLIMATE NORMAL PERIOD 1981 TO 2010
CLIMATE RECORD PERIOD 1948 TO 2017


WEATHER ITEM   OBSERVED TIME   RECORD YEAR NORMAL DEPARTURE LAST
                VALUE   (LST)  VALUE       VALUE  FROM      YEAR
                                                  NORMAL
..................................................................
TEMPERATURE (F)
 TODAY
  MINIMUM         48    659 AM  18    1975  34     14       33
                                      1955

PRECIPITATION (IN)
  TODAY            0.00          0.29 2004   0.02  -0.02     0.00
  MONTH TO DATE    0.38                      0.55  -0.17     0.08
  SINCE OCT 1      2.97                      3.84  -0.87     2.45
  SINCE JAN 1      1.62                      1.29   0.33     1.24

DEGREE DAYS
 HEATING
  TODAY           11                        14     -3       14

 COOLING
  TODAY            0                         0      0        0
..................................................................


WIND (MPH)
  HIGHEST WIND SPEED    16   HIGHEST WIND DIRECTION    SW (240)
  HIGHEST GUST SPEED    20   HIGHEST GUST DIRECTION    SW (240)
  AVERAGE WIND SPEED     5.3


SKY COVER
  POSSIBLE SUNSHINE  MM
  AVERAGE SKY COVER 0.0


WEATHER CONDITIONS
 THE FOLLOWING WEATHER WAS RECORDED TODAY.
  NO SIGNIFICANT WEATHER WAS OBSERVED.


RELATIVE HUMIDITY (PERCENT)
 HIGHEST    71           700 AM

..........................................................


THE DOUGLAS AZ CLIMATE NORMALS FOR TOMORROW
                         NORMAL    RECORD    YEAR
 MAXIMUM TEMPERATURE (F)   68        85      2009
 MINIMUM TEMPERATURE (F)   34        19      1965
                                             1964


SUNRISE AND SUNSET
FEBRUARY 23 2017......SUNRISE   652 AM MST   SUNSET   612 PM MST
FEBRUARY 24 2017......SUNRISE   650 AM MST   SUNSET   613 PM MST


-  INDICATES NEGATIVE NUMBERS.
R  INDICATES RECORD WAS SET OR TIED.
MM INDICATES DATA IS MISSING.
T  INDICATES TRACE AMOUNT.




$$
