000
CDUS45 KTWC 310026 RRA
CLIDUG

CLIMATE REPORT
NATIONAL WEATHER SERVICE TUCSON AZ
526 PM MST SUN AUG 30 2015


...................................

...THE DOUGLAS AZ CLIMATE SUMMARY FOR AUGUST 30 2015...
VALID TODAY AS OF 0500 PM LOCAL TIME.

CLIMATE NORMAL PERIOD 1981 TO 2010
CLIMATE RECORD PERIOD 1948 TO 2015


WEATHER ITEM   OBSERVED TIME   RECORD YEAR NORMAL DEPARTURE LAST
                VALUE   (LST)  VALUE       VALUE  FROM      YEAR
                                                  NORMAL
..................................................................
TEMPERATURE (F)
 TODAY
  MAXIMUM         92    236 PM 104    2011  92      0       95
  MINIMUM         63    642 AM  53    1992  64     -1       56
                                      1987
  AVERAGE         78                        78      0       76

PRECIPITATION (IN)
  TODAY            T                         0.07  -0.07     0.00
  MONTH TO DATE    3.05                      2.99   0.06     4.00
  SINCE OCT 1     13.33                     11.50   1.83    10.26
  SINCE JAN 1     11.36                      8.95   2.41     9.44

DEGREE DAYS
 COOLING
  TODAY           13                        13      0       11
  MONTH TO DATE  399                       392      7      312
  SINCE JUN 1   1236                      1252    -16     1265
  SINCE JAN 1   1298                      1453   -155     1433
..................................................................


WIND (MPH)
  HIGHEST WIND SPEED    23   HIGHEST WIND DIRECTION     S (190)
  HIGHEST GUST SPEED    33   HIGHEST GUST DIRECTION     S (190)
  AVERAGE WIND SPEED     4.2


SKY COVER
  POSSIBLE SUNSHINE  MM
  AVERAGE SKY COVER 0.0


WEATHER CONDITIONS
 THE FOLLOWING WEATHER WAS RECORDED TODAY.
  THUNDERSTORM
  LIGHT RAIN


RELATIVE HUMIDITY (PERCENT)
 HIGHEST    90
 LOWEST     28
 AVERAGE    59

..........................................................


THE DOUGLAS AZ CLIMATE NORMALS FOR TOMORROW
                         NORMAL    RECORD    YEAR
 MAXIMUM TEMPERATURE (F)   92       102      2011
 MINIMUM TEMPERATURE (F)   63        54      1956


SUNRISE AND SUNSET
AUGUST 30 2015........SUNRISE   553 AM MST   SUNSET   645 PM MST
AUGUST 31 2015........SUNRISE   553 AM MST   SUNSET   643 PM MST


-  INDICATES NEGATIVE NUMBERS.
R  INDICATES RECORD WAS SET OR TIED.
MM INDICATES DATA IS MISSING.
T  INDICATES TRACE AMOUNT.




$$
