000
CDUS45 KTWC 121428
CLIDUG

CLIMATE REPORT
NATIONAL WEATHER SERVICE TUCSON AZ
726 AM MST SAT JUL 12 2014


...................................

...THE DOUGLAS AZ CLIMATE SUMMARY FOR JULY 12 2014...
VALID AS OF 0700 AM LOCAL TIME.

CLIMATE NORMAL PERIOD 1981 TO 2010
CLIMATE RECORD PERIOD 1948 TO 2014


WEATHER ITEM   OBSERVED TIME   RECORD YEAR NORMAL DEPARTURE LAST
                VALUE   (LST)  VALUE       VALUE  FROM      YEAR
                                                  NORMAL
..................................................................
TEMPERATURE (F)
 TODAY
  MINIMUM         64    540 AM  60    1989  66     -2       65

PRECIPITATION (IN)
  TODAY            0.00          1.15 2013   0.09  -0.09     1.14
  MONTH TO DATE    1.89                      0.85   1.04     6.39
  SINCE OCT 1      3.36                      6.41  -3.05     8.00
  SINCE JAN 1      2.54                      3.86  -1.32     7.37

DEGREE DAYS
 HEATING
  TODAY            0                         0      0        0

 COOLING
  TODAY            2                        16    -14       13
..................................................................


WIND (MPH)
  HIGHEST WIND SPEED    10   HIGHEST WIND DIRECTION     N (360)
  HIGHEST GUST SPEED    11   HIGHEST GUST DIRECTION     N (10)
  AVERAGE WIND SPEED     5.3


SKY COVER
  POSSIBLE SUNSHINE  MM
  AVERAGE SKY COVER 0.2


WEATHER CONDITIONS
 THE FOLLOWING WEATHER WAS RECORDED TODAY.
  NO SIGNIFICANT WEATHER WAS OBSERVED.


RELATIVE HUMIDITY (PERCENT)
 HIGHEST    93           500 AM

..........................................................


THE DOUGLAS AZ CLIMATE NORMALS FOR TOMORROW
                         NORMAL    RECORD    YEAR
 MAXIMUM TEMPERATURE (F)   95       106      2003
 MINIMUM TEMPERATURE (F)   66        57      1961


SUNRISE AND SUNSET
JULY 12 2014..........SUNRISE   523 AM MST   SUNSET   725 PM MST
JULY 13 2014..........SUNRISE   523 AM MST   SUNSET   725 PM MST


-  INDICATES NEGATIVE NUMBERS.
R  INDICATES RECORD WAS SET OR TIED.
MM INDICATES DATA IS MISSING.
T  INDICATES TRACE AMOUNT.




$$
