000
CDUS45 KTWC 300027
CLIDUG


CLIMATE REPORT
NATIONAL WEATHER SERVICE TUCSON AZ
527 PM MST WED JUL 29 2015


...................................

...THE DOUGLAS AZ CLIMATE SUMMARY FOR JULY 29 2015...
VALID TODAY AS OF 0500 PM LOCAL TIME.

CLIMATE NORMAL PERIOD 1981 TO 2010
CLIMATE RECORD PERIOD 1948 TO 2015


WEATHER ITEM   OBSERVED TIME   RECORD YEAR NORMAL DEPARTURE LAST
                VALUE   (LST)  VALUE       VALUE  FROM      YEAR
                                                  NORMAL
..................................................................
TEMPERATURE (F)
 TODAY
  MAXIMUM         MM        MM 101    1986  92     MM       91
  MINIMUM         MM        MM  55    1958  66     MM       67
  AVERAGE         MM                        79     MM       79

PRECIPITATION (IN)
  TODAY           MM                         0.13  MM        0.00
  MONTH TO DATE    4.29                      2.70   1.59     4.56
  SINCE OCT 1     10.28                      8.26   2.02     6.03
  SINCE JAN 1      8.31                      5.71   2.60     5.21

DEGREE DAYS
 COOLING
  TODAY           MM                        14     MM       14
  MONTH TO DATE  381                       440    -59      438
  SINCE JUN 1    837                       835      2      936
  SINCE JAN 1    899                      1036   -137     1104
..................................................................


WIND (MPH)
  HIGHEST WIND SPEED    MM   HIGHEST WIND DIRECTION    MM
  HIGHEST GUST SPEED    MM   HIGHEST GUST DIRECTION    MM
  AVERAGE WIND SPEED    MM


SKY COVER
  POSSIBLE SUNSHINE  MM
  AVERAGE SKY COVER 0.0


WEATHER CONDITIONS
 THE FOLLOWING WEATHER WAS RECORDED TODAY.
  THUNDERSTORM


RELATIVE HUMIDITY (PERCENT)
 HIGHEST    MM
 LOWEST     MM
 AVERAGE    MM

..........................................................


THE DOUGLAS AZ CLIMATE NORMALS FOR TOMORROW
                         NORMAL    RECORD    YEAR
 MAXIMUM TEMPERATURE (F)   92       102      1986
                                             1957
 MINIMUM TEMPERATURE (F)   66        60      1958
                                             1953


SUNRISE AND SUNSET
JULY 29 2015..........SUNRISE   533 AM MST   SUNSET   717 PM MST
JULY 30 2015..........SUNRISE   533 AM MST   SUNSET   716 PM MST


-  INDICATES NEGATIVE NUMBERS.
R  INDICATES RECORD WAS SET OR TIED.
MM INDICATES DATA IS MISSING.
T  INDICATES TRACE AMOUNT.




$$
