000
CDUS43 KDVN 270917
CLIDVN


CLIMATE REPORT
NATIONAL WEATHER SERVICE QUAD CITIES IA IL
417 AM CDT TUE JUN 27 2017


...................................

...THE DAVENPORT IA CLIMATE SUMMARY FOR JUNE 26 2017...

CLIMATE NORMAL PERIOD 1981 TO 2010
CLIMATE RECORD PERIOD 9999 TO 9999


WEATHER ITEM   OBSERVED TIME   RECORD YEAR NORMAL DEPARTURE LAST
                VALUE   (LST)  VALUE       VALUE  FROM      YEAR
                                                  NORMAL
..................................................................
TEMPERATURE (F)
 YESTERDAY
  MAXIMUM         73    311 PM  MM      MM  83    -10       87
  MINIMUM         49    302 AM  MM      MM  62    -13       65
  AVERAGE         61                        72    -11       76

PRECIPITATION (IN)
  YESTERDAY        0.01         MM      MM   0.13  -0.12     1.59
  MONTH TO DATE    3.63                      3.71  -0.08     5.57
  SINCE JUN 1      3.63                      3.71  -0.08     5.57
  SINCE JAN 1     18.07                     16.52   1.55    16.13

SNOWFALL (IN)
  YESTERDAY        0.0          MM      MM  MM     MM        0.0
  MONTH TO DATE    0.0                      MM     MM        0.0
  SINCE JUN 1      0.0                      MM     MM        0.0
  SINCE JUL 1     25.2                      MM     MM       16.6
  SNOW DEPTH       0

DEGREE DAYS
 HEATING
  YESTERDAY        4                         0      4        0
  MONTH TO DATE    9                        22    -13        3
  SINCE JUN 1      9                        22    -13        3
  SINCE JUL 1   5419                      6509  -1090     5510

 COOLING
  YESTERDAY        0                         8     -8       11
  MONTH TO DATE  218                       150     68      216
  SINCE JUN 1    218                       150     68      216
  SINCE JAN 1    270                       211     59      301
..................................................................


WIND (MPH)
  HIGHEST WIND SPEED    23   HIGHEST WIND DIRECTION     N (340)
  HIGHEST GUST SPEED    30   HIGHEST GUST DIRECTION     W (290)
  AVERAGE WIND SPEED    10.5


SKY COVER
  POSSIBLE SUNSHINE  MM
  AVERAGE SKY COVER 0.2


WEATHER CONDITIONS
 THE FOLLOWING WEATHER WAS RECORDED YESTERDAY.
  THUNDERSTORM
  LIGHT RAIN
  HAZE


RELATIVE HUMIDITY (PERCENT)
 HIGHEST    93           300 AM
 LOWEST     38           400 PM
 AVERAGE    66

..........................................................


THE DAVENPORT IA CLIMATE NORMALS FOR TODAY
                         NORMAL    RECORD    YEAR
 MAXIMUM TEMPERATURE (F)   83        MM        MM
 MINIMUM TEMPERATURE (F)   62        MM        MM


SUNRISE AND SUNSET
JUNE 27 2017..........SUNRISE   530 AM CDT   SUNSET   841 PM CDT
JUNE 28 2017..........SUNRISE   531 AM CDT   SUNSET   841 PM CDT


-  INDICATES NEGATIVE NUMBERS.
R  INDICATES RECORD WAS SET OR TIED.
MM INDICATES DATA IS MISSING.
T  INDICATES TRACE AMOUNT.




$$
