000
CDUS43 KDVN 162222
CLIDVN


CLIMATE REPORT
NATIONAL WEATHER SERVICE QUAD CITIES IA IL
421 PM CST MON JAN 16 2017


...................................

...THE DAVENPORT IA CLIMATE SUMMARY FOR JANUARY 16 2017...
VALID TODAY AS OF 0400 PM LOCAL TIME.

CLIMATE NORMAL PERIOD 1981 TO 2010
CLIMATE RECORD PERIOD 9999 TO 9999


WEATHER ITEM   OBSERVED TIME   RECORD YEAR NORMAL DEPARTURE LAST
                VALUE   (LST)  VALUE       VALUE  FROM      YEAR
                                                  NORMAL
..................................................................
TEMPERATURE (F)
 TODAY
  MAXIMUM         36    359 PM  MM      MM  30      6       23
  MINIMUM         31    647 AM  MM      MM  12     19        4
  AVERAGE         34                        21     13       14

PRECIPITATION (IN)
  TODAY            0.65         MM      MM   0.04   0.61      T
  MONTH TO DATE    0.81                      0.37   0.44     0.21
  SINCE DEC 1      2.19                      2.10   0.09     4.65
  SINCE JAN 1      0.81                      0.37   0.44     0.21

SNOWFALL (IN)
  TODAY            0.0          MM      MM  MM     MM         T
  MONTH TO DATE    T                        MM     MM        0.6
  SINCE DEC 1     16.5                      MM     MM        4.9
  SINCE JUL 1     16.5                      MM     MM       11.8
  SNOW DEPTH       0

DEGREE DAYS
 HEATING
  TODAY           31                        44    -13       51
  MONTH TO DATE  698                       703     -5      669
  SINCE DEC 1   1940                      1935      5     1522
  SINCE JUL 1   2795                      3283   -488     2585

 COOLING
  TODAY            0                         0      0        0
  MONTH TO DATE    0                         0      0        0
  SINCE DEC 1      0                         0      0        0
  SINCE JAN 1      0                         0      0        0
..................................................................


WIND (MPH)
  HIGHEST WIND SPEED    17   HIGHEST WIND DIRECTION     E (100)
  HIGHEST GUST SPEED    21   HIGHEST GUST DIRECTION     E (100)
  AVERAGE WIND SPEED    10.3


SKY COVER
  POSSIBLE SUNSHINE  MM
  AVERAGE SKY COVER 1.0


WEATHER CONDITIONS
 THE FOLLOWING WEATHER WAS RECORDED TODAY.
  HEAVY RAIN
  RAIN
  LIGHT RAIN
  FREEZING RAIN
  LT FREEZING RAIN
  FOG
  HAZE


RELATIVE HUMIDITY (PERCENT)
 HIGHEST   100           500 AM
 LOWEST     78          1200 AM
 AVERAGE    89

..........................................................


THE DAVENPORT IA CLIMATE NORMALS FOR TOMORROW
                         NORMAL    RECORD    YEAR
 MAXIMUM TEMPERATURE (F)   30        MM        MM
 MINIMUM TEMPERATURE (F)   12        MM        MM


SUNRISE AND SUNSET
JANUARY 16 2017.......SUNRISE   726 AM CST   SUNSET   459 PM CST
JANUARY 17 2017.......SUNRISE   726 AM CST   SUNSET   500 PM CST


-  INDICATES NEGATIVE NUMBERS.
R  INDICATES RECORD WAS SET OR TIED.
MM INDICATES DATA IS MISSING.
T  INDICATES TRACE AMOUNT.




$$
