000
CDUS43 KDVN 311020
CLIDVN


CLIMATE REPORT
NATIONAL WEATHER SERVICE QUAD CITIES IA IL
418 AM CST SAT JAN 31 2015


...................................

...THE DAVENPORT IA CLIMATE SUMMARY FOR JANUARY 30 2015...

CLIMATE NORMAL PERIOD 1981 TO 2010
CLIMATE RECORD PERIOD 9999 TO 9999


WEATHER ITEM   OBSERVED TIME   RECORD YEAR NORMAL DEPARTURE LAST
                VALUE   (LST)  VALUE       VALUE  FROM      YEAR
                                                  NORMAL
..................................................................
TEMPERATURE (F)
 YESTERDAY
  MAXIMUM         29    410 PM  MM      MM  31     -2       34
  MINIMUM         12    659 AM  MM      MM  14     -2       14
  AVERAGE         21                        22     -1       24

PRECIPITATION (IN)
  YESTERDAY        0.00         MM      MM   0.07  -0.07     0.04
  MONTH TO DATE    0.67                      1.12  -0.45     0.76
  SINCE DEC 1      1.46                      2.85  -1.39     1.88
  SINCE JAN 1      0.67                      1.12  -0.45     0.76

SNOWFALL (IN)
  YESTERDAY        0.0          MM      MM  MM     MM        0.5
  MONTH TO DATE   10.6                      MM     MM       11.1
  SINCE DEC 1     10.6                      MM     MM       25.0
  SINCE JUL 1     14.6                      MM     MM       28.3
  SNOW DEPTH       T

DEGREE DAYS
 HEATING
  YESTERDAY       44                        43      1       41
  MONTH TO DATE 1307                      1314     -7     1522
  SINCE DEC 1   2380                      2546   -166     2941
  SINCE JUL 1   3985                      3894     91     4354

 COOLING
  YESTERDAY        0                         0      0        0
  MONTH TO DATE    0                         0      0        0
  SINCE DEC 1      0                         0      0        0
  SINCE JAN 1      0                         0      0        0
..................................................................


WIND (MPH)
  HIGHEST WIND SPEED    16   HIGHEST WIND DIRECTION    NW (330)
  HIGHEST GUST SPEED    21   HIGHEST GUST DIRECTION    NW (320)
  AVERAGE WIND SPEED     6.0


SKY COVER
  POSSIBLE SUNSHINE  MM
  AVERAGE SKY COVER 0.0


WEATHER CONDITIONS
 THE FOLLOWING WEATHER WAS RECORDED YESTERDAY.
  NO SIGNIFICANT WEATHER WAS OBSERVED.


RELATIVE HUMIDITY (PERCENT)
 HIGHEST    80           700 AM
 LOWEST     55          1200 PM
 AVERAGE    68

..........................................................


THE DAVENPORT IA CLIMATE NORMALS FOR TODAY
                         NORMAL    RECORD    YEAR
 MAXIMUM TEMPERATURE (F)   31        MM        MM
 MINIMUM TEMPERATURE (F)   14        MM        MM


SUNRISE AND SUNSET
JANUARY 31 2015.......SUNRISE   715 AM CST   SUNSET   517 PM CST
FEBRUARY  1 2015......SUNRISE   714 AM CST   SUNSET   518 PM CST


-  INDICATES NEGATIVE NUMBERS.
R  INDICATES RECORD WAS SET OR TIED.
MM INDICATES DATA IS MISSING.
T  INDICATES TRACE AMOUNT.




$$
