000
CDUS43 KDVN 111014
CLIDVN


CLIMATE REPORT
NATIONAL WEATHER SERVICE QUAD CITIES IA IL
413 AM CST THU FEB 11 2016


...................................

...THE DAVENPORT IA CLIMATE SUMMARY FOR FEBRUARY 10 2016...

CLIMATE NORMAL PERIOD 1981 TO 2010
CLIMATE RECORD PERIOD 9999 TO 9999


WEATHER ITEM   OBSERVED TIME   RECORD YEAR NORMAL DEPARTURE LAST
                VALUE   (LST)  VALUE       VALUE  FROM      YEAR
                                                  NORMAL
..................................................................
TEMPERATURE (F)
 YESTERDAY
  MAXIMUM         18    459 PM  MM      MM  33    -15       31
  MINIMUM          3    601 AM  MM      MM  16    -13       13
  AVERAGE         11                        24    -13       22

PRECIPITATION (IN)
  YESTERDAY        0.00         MM      MM   0.05  -0.05     0.00
  MONTH TO DATE    0.31                      0.43  -0.12     1.39
  SINCE DEC 1      5.15                      3.35   1.80     3.17
  SINCE JAN 1      0.71                      1.62  -0.91     2.38

SNOWFALL (IN)
  YESTERDAY        0.0          MM      MM  MM     MM        0.0
  MONTH TO DATE    0.7                      MM     MM       12.5
  SINCE DEC 1      6.6                      MM     MM       24.4
  SINCE JUL 1     13.5                      MM     MM       28.4
  SNOW DEPTH       T

DEGREE DAYS
 HEATING
  YESTERDAY       54                        41     13       43
  MONTH TO DATE  384                       417    -33      477
  SINCE DEC 1   2541                      3005   -464     2892
  SINCE JUL 1   3604                      4353   -749     4497

 COOLING
  YESTERDAY        0                         0      0        0
  MONTH TO DATE    0                         0      0        0
  SINCE DEC 1      0                         0      0        0
  SINCE JAN 1      0                         0      0        0
..................................................................


WIND (MPH)
  HIGHEST WIND SPEED    16   HIGHEST WIND DIRECTION    NW (320)
  HIGHEST GUST SPEED    20   HIGHEST GUST DIRECTION    NW (310)
  AVERAGE WIND SPEED     8.3


SKY COVER
  POSSIBLE SUNSHINE  MM
  AVERAGE SKY COVER 0.2


WEATHER CONDITIONS
 THE FOLLOWING WEATHER WAS RECORDED YESTERDAY.
  NO SIGNIFICANT WEATHER WAS OBSERVED.


RELATIVE HUMIDITY (PERCENT)
 HIGHEST    83           700 AM
 LOWEST     49           300 PM
 AVERAGE    66

..........................................................


THE DAVENPORT IA CLIMATE NORMALS FOR TODAY
                         NORMAL    RECORD    YEAR
 MAXIMUM TEMPERATURE (F)   33        MM        MM
 MINIMUM TEMPERATURE (F)   17        MM        MM


SUNRISE AND SUNSET
FEBRUARY 11 2016......SUNRISE   703 AM CST   SUNSET   530 PM CST
FEBRUARY 12 2016......SUNRISE   702 AM CST   SUNSET   532 PM CST


-  INDICATES NEGATIVE NUMBERS.
R  INDICATES RECORD WAS SET OR TIED.
MM INDICATES DATA IS MISSING.
T  INDICATES TRACE AMOUNT.




$$
