000
CDUS43 KDVN 310918
CLIDVN


CLIMATE REPORT
NATIONAL WEATHER SERVICE QUAD CITIES IA IL
417 AM CDT FRI OCT 31 2014


...................................

...THE DAVENPORT IA CLIMATE SUMMARY FOR OCTOBER 30 2014...

CLIMATE NORMAL PERIOD 1981 TO 2010
CLIMATE RECORD PERIOD 9999 TO 9999


WEATHER ITEM   OBSERVED TIME   RECORD YEAR NORMAL DEPARTURE LAST
                VALUE   (LST)  VALUE       VALUE  FROM      YEAR
                                                  NORMAL
..................................................................
TEMPERATURE (F)
 YESTERDAY
  MAXIMUM         52    255 PM  MM      MM  57     -5       62
  MINIMUM         30   1207 AM  MM      MM  36     -6       52
  AVERAGE         41                        47     -6       57

PRECIPITATION (IN)
  YESTERDAY        0.01         MM      MM   0.09  -0.08     1.11
  MONTH TO DATE    2.68                      2.88  -0.20     1.81
  SINCE SEP 1      6.94                      5.94   1.00     3.43
  SINCE JAN 1     31.63                     31.76  -0.13    31.82

SNOWFALL (IN)
  YESTERDAY        0.0          MM      MM  MM     MM        0.0
  MONTH TO DATE    T                        MM     MM        2.5
  SINCE SEP 1      T                        MM     MM        2.5
  SINCE JUL 1      T                        MM     MM        2.5
  SNOW DEPTH       0

DEGREE DAYS
 HEATING
  YESTERDAY       24                        18      6        8
  MONTH TO DATE  402                       405     -3      425
  SINCE SEP 1    538                       526     12      505
  SINCE JUL 1    559                       540     19      524

 COOLING
  YESTERDAY        0                         0      0        0
  MONTH TO DATE    3                        11     -8       27
  SINCE SEP 1     69                        81    -12      165
  SINCE JAN 1    728                       785    -57      938
..................................................................


WIND (MPH)
  HIGHEST WIND SPEED    18   HIGHEST WIND DIRECTION    NW (330)
  HIGHEST GUST SPEED    24   HIGHEST GUST DIRECTION     N (340)
  AVERAGE WIND SPEED     4.9


SKY COVER
  POSSIBLE SUNSHINE  MM
  AVERAGE SKY COVER 0.6


WEATHER CONDITIONS
 THE FOLLOWING WEATHER WAS RECORDED YESTERDAY.
  LIGHT RAIN


RELATIVE HUMIDITY (PERCENT)
 HIGHEST    89           600 AM
 LOWEST     54           300 PM
 AVERAGE    72

..........................................................


THE DAVENPORT IA CLIMATE NORMALS FOR TODAY
                         NORMAL    RECORD    YEAR
 MAXIMUM TEMPERATURE (F)   56        MM        MM
 MINIMUM TEMPERATURE (F)   36        MM        MM


SUNRISE AND SUNSET
OCTOBER 31 2014.......SUNRISE   733 AM CDT   SUNSET   558 PM CDT
NOVEMBER  1 2014......SUNRISE   734 AM CDT   SUNSET   557 PM CDT


-  INDICATES NEGATIVE NUMBERS.
R  INDICATES RECORD WAS SET OR TIED.
MM INDICATES DATA IS MISSING.
T  INDICATES TRACE AMOUNT.




$$
