000
CDUS43 KDVN 212227
CLIDVN


CLIMATE REPORT
NATIONAL WEATHER SERVICE QUAD CITIES IA IL
425 PM CST SUN JAN 21 2018


...................................

...THE DAVENPORT IA CLIMATE SUMMARY FOR JANUARY 21 2018...
VALID TODAY AS OF 0400 PM LOCAL TIME.

CLIMATE NORMAL PERIOD 1981 TO 2010
CLIMATE RECORD PERIOD 9999 TO 9999


WEATHER ITEM   OBSERVED TIME   RECORD YEAR NORMAL DEPARTURE LAST
                VALUE   (LST)  VALUE       VALUE  FROM      YEAR
                                                  NORMAL
..................................................................
TEMPERATURE (F)
 TODAY
  MAXIMUM         44    111 PM  MM      MM  30     14       49
  MINIMUM         38   1221 AM  MM      MM  13     25       40
  AVERAGE         41                        21     20       45

PRECIPITATION (IN)
  TODAY            0.01         MM      MM   0.04  -0.03     0.01
  MONTH TO DATE    0.22                      0.57  -0.35     1.03
  SINCE DEC 1      0.76                      2.30  -1.54     2.41
  SINCE JAN 1      0.22                      0.57  -0.35     1.03

SNOWFALL (IN)
  TODAY            0.0          MM      MM  MM     MM        0.0
  MONTH TO DATE    1.8                      MM     MM         T
  SINCE DEC 1      8.2                      MM     MM       16.5
  SINCE JUL 1      8.3                      MM     MM       16.5
  SNOW DEPTH       0

DEGREE DAYS
 HEATING
  TODAY           24                        44    -20       20
  MONTH TO DATE 1007                       923     84      836
  SINCE DEC 1   2237                      2155     82     2078
  SINCE JUL 1   3447                      3503    -56     2933

 COOLING
  TODAY            0                         0      0        0
  MONTH TO DATE    0                         0      0        0
  SINCE DEC 1      0                         0      0        0
  SINCE JAN 1      0                         0      0        0
..................................................................


WIND (MPH)
  HIGHEST WIND SPEED    12   HIGHEST WIND DIRECTION     E (80)
  HIGHEST GUST SPEED    14   HIGHEST GUST DIRECTION     E (70)
  AVERAGE WIND SPEED     6.3


SKY COVER
  POSSIBLE SUNSHINE  MM
  AVERAGE SKY COVER 1.0


WEATHER CONDITIONS
 THE FOLLOWING WEATHER WAS RECORDED TODAY.
  LIGHT RAIN
  FOG
  FOG W/VISIBILITY <= 1/4 MILE
  HAZE


RELATIVE HUMIDITY (PERCENT)
 HIGHEST    89           300 PM
 LOWEST     82          1000 AM
 AVERAGE    86

..........................................................


THE DAVENPORT IA CLIMATE NORMALS FOR TOMORROW
                         NORMAL    RECORD    YEAR
 MAXIMUM TEMPERATURE (F)   30        MM        MM
 MINIMUM TEMPERATURE (F)   13        MM        MM


SUNRISE AND SUNSET
JANUARY 21 2018.......SUNRISE   723 AM CST   SUNSET   504 PM CST
JANUARY 22 2018.......SUNRISE   723 AM CST   SUNSET   506 PM CST


-  INDICATES NEGATIVE NUMBERS.
R  INDICATES RECORD WAS SET OR TIED.
MM INDICATES DATA IS MISSING.
T  INDICATES TRACE AMOUNT.




$$
