000
CDUS46 KOTX 230822
CLIEAT


CLIMATE REPORT
NATIONAL WEATHER SERVICE SPOKANE, WA
122 AM PDT SAT SEP 23 2017


...................................

...THE WENATCHEE WA PANGBORN FIELD CLIMATE SUMMARY FOR SEPTEMBER 22 2017...

CLIMATE NORMAL PERIOD 1981 TO 2010
CLIMATE RECORD PERIOD 1959 TO 2017


WEATHER ITEM   OBSERVED TIME   RECORD YEAR NORMAL DEPARTURE LAST
                VALUE   (LST)  VALUE       VALUE  FROM      YEAR
                                                  NORMAL
..................................................................
TEMPERATURE (F)
 YESTERDAY
  MAXIMUM         67    300 PM  90    1966  74     -7       74
  MINIMUM         45    500 AM  39    1996  50     -5       49
  AVERAGE         56                        62     -6       62

PRECIPITATION (IN)
  YESTERDAY        0.00          1.36 1984   0.01  -0.01     0.00
  MONTH TO DATE    0.02                      0.24  -0.22     0.04
  SINCE OCT 1      9.90                      7.91   1.99    11.20
  SINCE JAN 1      7.08                      4.96   2.12     7.34

SNOWFALL (IN)
  YESTERDAY       MM

DEGREE DAYS
 HEATING
  YESTERDAY        9                         4      5        3
  MONTH TO DATE   72                        52     20       57
  SINCE SEP 1     72                        52     20       57
  SINCE JUL 1     72                        66      6       61

 COOLING
  YESTERDAY        0                         2     -2        0
  MONTH TO DATE  113                        74     39       17
  SINCE SEP 1    113                        74     39       17
  SINCE JAN 1   1058                       862    196      790
..................................................................


WIND (MPH)
  HIGHEST WIND SPEED    12   HIGHEST WIND DIRECTION     W (290)
  HIGHEST GUST SPEED    13   HIGHEST GUST DIRECTION     W (280)
  AVERAGE WIND SPEED     2.9


SKY COVER
  POSSIBLE SUNSHINE  MM
  AVERAGE SKY COVER 0.5


WEATHER CONDITIONS
 THE FOLLOWING WEATHER WAS RECORDED YESTERDAY.
  NO SIGNIFICANT WEATHER WAS OBSERVED.


RELATIVE HUMIDITY (PERCENT)
 HIGHEST    89           500 AM
 LOWEST     31           300 PM
 AVERAGE    60

..........................................................


THE WENATCHEE WA PANGBORN FIELD CLIMATE NORMALS FOR TODAY
                         NORMAL    RECORD    YEAR
 MAXIMUM TEMPERATURE (F)   74        90      1974
 MINIMUM TEMPERATURE (F)   50        36      1996


SUNRISE AND SUNSET
SEPTEMBER 23 2017.....SUNRISE   649 AM PDT   SUNSET   656 PM PDT
SEPTEMBER 24 2017.....SUNRISE   651 AM PDT   SUNSET   654 PM PDT


-  INDICATES NEGATIVE NUMBERS.
R  INDICATES RECORD WAS SET OR TIED.
MM INDICATES DATA IS MISSING.
T  INDICATES TRACE AMOUNT.




$$
