369
CDUS46 KOTX 250827
CLIEAT


CLIMATE REPORT
NATIONAL WEATHER SERVICE SPOKANE, WA
1226 AM PST SAT NOV 25 2017


...................................

...THE WENATCHEE WA PANGBORN FIELD CLIMATE SUMMARY FOR NOVEMBER 24 2017...

CLIMATE NORMAL PERIOD 1981 TO 2010
CLIMATE RECORD PERIOD 1959 TO 2017


WEATHER ITEM   OBSERVED TIME   RECORD YEAR NORMAL DEPARTURE LAST
                VALUE   (LST)  VALUE       VALUE  FROM      YEAR
                                                  NORMAL
..................................................................
TEMPERATURE (F)
 YESTERDAY
  MAXIMUM         48   1118 AM  64    1959  39      9       51
  MINIMUM         34   1127 PM  -5    1985  29      5       41
  AVERAGE         41                        34      7       46

PRECIPITATION (IN)
  YESTERDAY        0.00          1.32 1965   0.04  -0.04      T
  MONTH TO DATE    1.21                      0.85   0.36     0.33
  SINCE OCT 1      2.02                      1.29   0.73     2.36
  SINCE JAN 1      9.10                      6.35   2.75     9.71

SNOWFALL (IN)
  YESTERDAY       MM

DEGREE DAYS
 HEATING
  YESTERDAY       24                        31     -7       19
  MONTH TO DATE  651                       628     23      440
  SINCE SEP 1   1251                      1164     87      943
  SINCE JUL 1   1251                      1178     73      947

 COOLING
  YESTERDAY        0                         0      0        0
  MONTH TO DATE    0                         0      0        0
  SINCE SEP 1    113                         2    111       28
  SINCE JAN 1   1058                       790    268      801
..................................................................


WIND (MPH)
  HIGHEST WIND SPEED    13   HIGHEST WIND DIRECTION    NW (310)
  HIGHEST GUST SPEED    17   HIGHEST GUST DIRECTION    NW (320)
  AVERAGE WIND SPEED     4.3


SKY COVER
  POSSIBLE SUNSHINE  MM
  AVERAGE SKY COVER 0.2


WEATHER CONDITIONS
 THE FOLLOWING WEATHER WAS RECORDED YESTERDAY.
  NO SIGNIFICANT WEATHER WAS OBSERVED.


RELATIVE HUMIDITY (PERCENT)
 HIGHEST    85           400 AM
 LOWEST     50          1100 AM
 AVERAGE    68

..........................................................


THE WENATCHEE WA PANGBORN FIELD CLIMATE NORMALS FOR TODAY
                         NORMAL    RECORD    YEAR
 MAXIMUM TEMPERATURE (F)   39        57      1962
 MINIMUM TEMPERATURE (F)   29         2      1993


SUNRISE AND SUNSET
NOVEMBER 25 2017......SUNRISE   720 AM PST   SUNSET   415 PM PST
NOVEMBER 26 2017......SUNRISE   721 AM PST   SUNSET   415 PM PST


-  INDICATES NEGATIVE NUMBERS.
R  INDICATES RECORD WAS SET OR TIED.
MM INDICATES DATA IS MISSING.
T  INDICATES TRACE AMOUNT.




$$
