000
CDUS46 KOTX 280833
CLIEAT


CLIMATE REPORT
NATIONAL WEATHER SERVICE SPOKANE, WA
133 AM PDT SAT MAY 28 2016


...................................

...THE WENATCHEE WA PANGBORN FIELD CLIMATE SUMMARY FOR MAY 27 2016...

CLIMATE NORMAL PERIOD 1981 TO 2010
CLIMATE RECORD PERIOD 1959 TO 2016


WEATHER ITEM   OBSERVED TIME   RECORD YEAR NORMAL DEPARTURE LAST
                VALUE   (LST)  VALUE       VALUE  FROM      YEAR
                                                  NORMAL
..................................................................
TEMPERATURE (F)
 YESTERDAY
  MAXIMUM         68    427 PM  89    2005  74     -6       84
  MINIMUM         47    501 AM  39    1977  52     -5       56
  AVERAGE         58                        63     -5       70

PRECIPITATION (IN)
  YESTERDAY        0.00          0.33 1982   0.03  -0.03     0.00
  MONTH TO DATE    0.94                      0.57   0.37     1.17
  SINCE OCT 1     10.24                      6.49   3.75     6.83
  SINCE JAN 1      6.38                      3.54   2.84     3.65

SNOWFALL (IN)
  YESTERDAY       MM

DEGREE DAYS
 HEATING
  YESTERDAY        7                         4      3        0
  MONTH TO DATE   64                       185   -121       74
  SINCE MAR 1    830                      1237   -407      869
  SINCE JUL 1   4703                      5701   -998     4498

 COOLING
  YESTERDAY        0                         2     -2        5
  MONTH TO DATE   27                        28     -1       56
  SINCE MAR 1     39                        66    -27       56
  SINCE JAN 1     39                        66    -27       56
..................................................................


WIND (MPH)
  HIGHEST WIND SPEED    28   HIGHEST WIND DIRECTION    NW (300)
  HIGHEST GUST SPEED    34   HIGHEST GUST DIRECTION    NW (300)
  AVERAGE WIND SPEED    15.3


SKY COVER
  POSSIBLE SUNSHINE  MM
  AVERAGE SKY COVER 0.0


WEATHER CONDITIONS
 THE FOLLOWING WEATHER WAS RECORDED YESTERDAY.
  NO SIGNIFICANT WEATHER WAS OBSERVED.


RELATIVE HUMIDITY (PERCENT)
 HIGHEST    61           400 AM
 LOWEST     20          1200 PM
 AVERAGE    41

..........................................................


THE WENATCHEE WA PANGBORN FIELD CLIMATE NORMALS FOR TODAY
                         NORMAL    RECORD    YEAR
 MAXIMUM TEMPERATURE (F)   74        94      1983
 MINIMUM TEMPERATURE (F)   52        41      1998


SUNRISE AND SUNSET
MAY 28 2016...........SUNRISE   510 AM PDT   SUNSET   847 PM PDT
MAY 29 2016...........SUNRISE   510 AM PDT   SUNSET   848 PM PDT


-  INDICATES NEGATIVE NUMBERS.
R  INDICATES RECORD WAS SET OR TIED.
MM INDICATES DATA IS MISSING.
T  INDICATES TRACE AMOUNT.




$$
