000
CDUS46 KOTX 280836
CLIEAT


CLIMATE REPORT
NATIONAL WEATHER SERVICE SPOKANE, WA
136 AM PDT FRI JUL 28 2017


...................................

...THE WENATCHEE WA PANGBORN FIELD CLIMATE SUMMARY FOR JULY 27 2017...

CLIMATE NORMAL PERIOD 1981 TO 2010
CLIMATE RECORD PERIOD 1959 TO 2017


WEATHER ITEM   OBSERVED TIME   RECORD YEAR NORMAL DEPARTURE LAST
                VALUE   (LST)  VALUE       VALUE  FROM      YEAR
                                                  NORMAL
..................................................................
TEMPERATURE (F)
 YESTERDAY
  MAXIMUM         93    359 PM 108    1998  89      4       96
  MINIMUM         67    518 AM  54    1976  63      4       66
  AVERAGE         80                        76      4       81

PRECIPITATION (IN)
  YESTERDAY        0.00          T    1983   0.00   0.00     0.00
  MONTH TO DATE    0.00                      0.24  -0.24     0.26
  SINCE OCT 1      9.82                      7.44   2.38    11.16
  SINCE JAN 1      7.00                      4.49   2.51     7.30

SNOWFALL (IN)
  YESTERDAY       MM

DEGREE DAYS
 HEATING
  YESTERDAY        0                         0      0        0
  MONTH TO DATE    0                         2     -2        2
  SINCE JUN 1     40                        60    -20       58
  SINCE JUL 1      0                         2     -2        2

 COOLING
  YESTERDAY       15                        11      4       16
  MONTH TO DATE  331                       246     85      177
  SINCE JUN 1    455                       538    -83      357
  SINCE JAN 1    511                       685   -174      399
..................................................................


WIND (MPH)
  HIGHEST WIND SPEED    21   HIGHEST WIND DIRECTION    NW (310)
  HIGHEST GUST SPEED    25   HIGHEST GUST DIRECTION    NW (310)
  AVERAGE WIND SPEED    12.6


SKY COVER
  POSSIBLE SUNSHINE  MM
  AVERAGE SKY COVER 0.0


WEATHER CONDITIONS
 THE FOLLOWING WEATHER WAS RECORDED YESTERDAY.
  NO SIGNIFICANT WEATHER WAS OBSERVED.


RELATIVE HUMIDITY (PERCENT)
 HIGHEST    47           200 AM
 LOWEST     14           300 PM
 AVERAGE    31

..........................................................


THE WENATCHEE WA PANGBORN FIELD CLIMATE NORMALS FOR TODAY
                         NORMAL    RECORD    YEAR
 MAXIMUM TEMPERATURE (F)   89       105      1998
 MINIMUM TEMPERATURE (F)   63        52      1995


SUNRISE AND SUNSET
JULY 28 2017..........SUNRISE   534 AM PDT   SUNSET   839 PM PDT
JULY 29 2017..........SUNRISE   536 AM PDT   SUNSET   838 PM PDT


-  INDICATES NEGATIVE NUMBERS.
R  INDICATES RECORD WAS SET OR TIED.
MM INDICATES DATA IS MISSING.
T  INDICATES TRACE AMOUNT.




$$
