000
CDUS46 KOTX 120828
CLIEAT


CLIMATE REPORT
NATIONAL WEATHER SERVICE SPOKANE, WA
1228 AM PST FRI FEB 12 2016


...................................

...THE WENATCHEE WA PANGBORN FIELD CLIMATE SUMMARY FOR FEBRUARY 11 2016...

CLIMATE NORMAL PERIOD 1981 TO 2010
CLIMATE RECORD PERIOD 1959 TO 2016


WEATHER ITEM   OBSERVED TIME   RECORD YEAR NORMAL DEPARTURE LAST
                VALUE   (LST)  VALUE       VALUE  FROM      YEAR
                                                  NORMAL
..................................................................
TEMPERATURE (F)
 YESTERDAY
  MAXIMUM         42    253 PM  56    1967  40      2       51
  MINIMUM         32    315 AM  12    1981  27      5       44
  AVERAGE         37                        34      3       48

PRECIPITATION (IN)
  YESTERDAY        0.12          0.34 1997   0.03   0.09     0.00
  MONTH TO DATE    0.18                      0.33  -0.15     0.59
  SINCE OCT 1      6.26                      4.34   1.92     4.40
  SINCE JAN 1      2.40                      1.39   1.01     1.22

SNOWFALL (IN)
  YESTERDAY       MM

DEGREE DAYS
 HEATING
  YESTERDAY       28                        31     -3       17
  MONTH TO DATE  354                       353      1      255
  SINCE DEC 1   2407                      2601   -194     2178
  SINCE JUL 1   3472                      3973   -501     3284

 COOLING
  YESTERDAY        0                         0      0        0
  MONTH TO DATE    0                         0      0        0
  SINCE DEC 1      0                         0      0        0
  SINCE JAN 1      0                         0      0        0
..................................................................


WIND (MPH)
  HIGHEST WIND SPEED     8   HIGHEST WIND DIRECTION    SW (230)
  HIGHEST GUST SPEED     9   HIGHEST GUST DIRECTION    NW (310)
  AVERAGE WIND SPEED     1.0


SKY COVER
  POSSIBLE SUNSHINE  MM
  AVERAGE SKY COVER 0.7


WEATHER CONDITIONS
 THE FOLLOWING WEATHER WAS RECORDED YESTERDAY.
  LIGHT RAIN
  FOG
  FOG W/VISIBILITY <= 1/4 MILE


RELATIVE HUMIDITY (PERCENT)
 HIGHEST   100          1100 PM
 LOWEST     73           200 PM
 AVERAGE    87

..........................................................


THE WENATCHEE WA PANGBORN FIELD CLIMATE NORMALS FOR TODAY
                         NORMAL    RECORD    YEAR
 MAXIMUM TEMPERATURE (F)   41        59      2015
                                             2011
 MINIMUM TEMPERATURE (F)   27        16      1989


SUNRISE AND SUNSET
FEBRUARY 12 2016......SUNRISE   711 AM PST   SUNSET   519 PM PST
FEBRUARY 13 2016......SUNRISE   710 AM PST   SUNSET   521 PM PST


-  INDICATES NEGATIVE NUMBERS.
R  INDICATES RECORD WAS SET OR TIED.
MM INDICATES DATA IS MISSING.
T  INDICATES TRACE AMOUNT.




$$
