000
CDUS42 KAKQ 210830
CLIECG


CLIMATE REPORT
NATIONAL WEATHER SERVICE WAKEFIELD, VA
430 AM EDT SUN SEP 21 2014


...................................

...THE ELIZABETH CITY NC CLIMATE SUMMARY FOR SEPTEMBER 20 2014...

CLIMATE NORMAL PERIOD 1981 TO 2010
CLIMATE RECORD PERIOD 1934 TO 2014


WEATHER ITEM   OBSERVED TIME   RECORD YEAR NORMAL DEPARTURE LAST
                VALUE   (LST)  VALUE       VALUE  FROM      YEAR
                                                  NORMAL
..................................................................
TEMPERATURE (F)
 YESTERDAY
  MAXIMUM         78   1102 AM  93    1948  80     -2       79
  MINIMUM         65    216 AM  43    1959  62      3       58
  AVERAGE         72                        71      1       69

PRECIPITATION (IN)
  YESTERDAY        0.08          6.28 1938   0.12  -0.04     0.00
  MONTH TO DATE    4.63                      2.72   1.91     0.67
  SINCE SEP 1      4.63                      2.72   1.91     0.67
  SINCE JAN 1     32.07                     36.68  -4.61    30.70

SNOWFALL (IN)
  YESTERDAY        0.0           0.0  2002  MM     MM
  MONTH TO DATE    0.0                      MM     MM
  SINCE NOV 1     10.2                      MM     MM
  SINCE JUL 1      0.0                      MM     MM
  SNOW DEPTH       0

DEGREE DAYS
 HEATING
  YESTERDAY        0                         0      0        0
  MONTH TO DATE    0                         0      0        2
  SINCE SEP 1      0                         0      0        2
  SINCE JUL 1      0                         0      0        2

 COOLING
  YESTERDAY        7                         7      0        4
  MONTH TO DATE  217                       175     42      168
  SINCE SEP 1    217                       175     42      168
  SINCE JAN 1   1460                      1471    -11     1548
..................................................................


WIND (MPH)
  HIGHEST WIND SPEED    21   HIGHEST WIND DIRECTION    NE (30)
  HIGHEST GUST SPEED    24   HIGHEST GUST DIRECTION    NE (30)
  AVERAGE WIND SPEED    10.8


SKY COVER
  POSSIBLE SUNSHINE  MM
  AVERAGE SKY COVER 0.4


WEATHER CONDITIONS
 THE FOLLOWING WEATHER WAS RECORDED YESTERDAY.
  HEAVY RAIN
  LIGHT RAIN
  FOG
  HAZE


RELATIVE HUMIDITY (PERCENT)
 HIGHEST   100          1100 PM
 LOWEST     74          1100 AM
 AVERAGE    87

..........................................................


THE ELIZABETH CITY NC CLIMATE NORMALS FOR TODAY
                         NORMAL    RECORD    YEAR
 MAXIMUM TEMPERATURE (F)   80        95      1995
 MINIMUM TEMPERATURE (F)   62        43      1937


SUNRISE AND SUNSET
SEPTEMBER 21 2014.....SUNRISE   652 AM EDT   SUNSET   703 PM EDT
SEPTEMBER 22 2014.....SUNRISE   653 AM EDT   SUNSET   702 PM EDT


-  INDICATES NEGATIVE NUMBERS.
R  INDICATES RECORD WAS SET OR TIED.
MM INDICATES DATA IS MISSING.
T  INDICATES TRACE AMOUNT.




$$
