000
CDUS42 KAKQ 180827
CLIECG


CLIMATE REPORT
NATIONAL WEATHER SERVICE WAKEFIELD, VA
426 AM EDT FRI APR 18 2014


...................................

...THE ELIZABETH CITY NC CLIMATE SUMMARY FOR APRIL 17 2014...

CLIMATE NORMAL PERIOD 1981 TO 2010
CLIMATE RECORD PERIOD 1934 TO 2014


WEATHER ITEM   OBSERVED TIME   RECORD YEAR NORMAL DEPARTURE LAST
                VALUE   (LST)  VALUE       VALUE  FROM      YEAR
                                                  NORMAL
..................................................................
TEMPERATURE (F)
 YESTERDAY
  MAXIMUM         55    211 PM  92    1976  70    -15       80
  MINIMUM         42   1209 AM  32    2009  48     -6       53
                                      1966
  AVERAGE         49                        59    -10       67

PRECIPITATION (IN)
  YESTERDAY        0.00          0.63 1946   0.09  -0.09     0.00
  MONTH TO DATE    2.24                      1.86   0.38     0.94
  SINCE MAR 1      4.65                      5.84  -1.19     2.70
  SINCE JAN 1      8.79                     12.28  -3.49     7.75

SNOWFALL (IN)
  YESTERDAY        0.0           0.0  2002  MM     MM
  MONTH TO DATE    0.0                      MM     MM
  SINCE NOV 1     10.2                      MM     MM
  SINCE JUL 1     10.2                      MM     MM
  SNOW DEPTH       0

DEGREE DAYS
 HEATING
  YESTERDAY       16                         7      9        0
  MONTH TO DATE   94                       150    -56      109
  SINCE MAR 1    642                       615     27      700
  SINCE JUL 1   3215                      3087    128     2709

 COOLING
  YESTERDAY        0                         1     -1        2
  MONTH TO DATE   22                        17      5       36
  SINCE MAR 1     22                        22      0       36
  SINCE JAN 1     22                        24     -2       41
..................................................................


WIND (MPH)
  HIGHEST WIND SPEED    24   HIGHEST WIND DIRECTION    NE (40)
  HIGHEST GUST SPEED    30   HIGHEST GUST DIRECTION    NE (40)
  AVERAGE WIND SPEED    17.2


SKY COVER
  POSSIBLE SUNSHINE  MM
  AVERAGE SKY COVER 0.3


WEATHER CONDITIONS
 THE FOLLOWING WEATHER WAS RECORDED YESTERDAY.
  NO SIGNIFICANT WEATHER WAS OBSERVED.


RELATIVE HUMIDITY (PERCENT)
 HIGHEST    76           500 AM
 LOWEST     59          1000 AM
 AVERAGE    68

..........................................................


THE ELIZABETH CITY NC CLIMATE NORMALS FOR TODAY
                         NORMAL    RECORD    YEAR
 MAXIMUM TEMPERATURE (F)   70        91      1941
 MINIMUM TEMPERATURE (F)   49        32      1997


SUNRISE AND SUNSET
APRIL 18 2014.........SUNRISE   627 AM EDT   SUNSET   741 PM EDT
APRIL 19 2014.........SUNRISE   626 AM EDT   SUNSET   742 PM EDT


-  INDICATES NEGATIVE NUMBERS.
R  INDICATES RECORD WAS SET OR TIED.
MM INDICATES DATA IS MISSING.
T  INDICATES TRACE AMOUNT.




$$
