000
CDUS42 KAKQ 280539
CLIECG


CLIMATE REPORT
NATIONAL WEATHER SERVICE WAKEFIELD, VA
139 AM EDT SUN MAY 28 2017


...................................

...THE ELIZABETH CITY NC CLIMATE SUMMARY FOR MAY 27 2017...

CLIMATE NORMAL PERIOD 1981 TO 2010
CLIMATE RECORD PERIOD 1934 TO 2017


WEATHER ITEM   OBSERVED TIME   RECORD YEAR NORMAL DEPARTURE LAST
                VALUE   (LST)  VALUE       VALUE  FROM      YEAR
                                                  NORMAL
..................................................................
TEMPERATURE (F)
 YESTERDAY
  MAXIMUM         87    349 PM  97    1941  80      7       84
  MINIMUM         61    508 AM  38    1997  60      1       63
  AVERAGE         74                        70      4       74

PRECIPITATION (IN)
  YESTERDAY        0.10          2.70 1974   0.14  -0.04     0.00
  MONTH TO DATE    5.39                      3.08   2.31     2.81
  SINCE MAR 1     11.70                     10.20   1.50     9.07
  SINCE JAN 1     16.31                     16.64  -0.33    16.66

SNOWFALL (IN)
  YESTERDAY        0.0           0.0  2002  MM     MM
  MONTH TO DATE    0.0                      MM     MM
  SINCE NOV 1      1.2                      MM     MM
  SINCE JUL 1      1.2                      MM     MM
  SNOW DEPTH       0

DEGREE DAYS
 HEATING
  YESTERDAY        0                         1     -1        0
  MONTH TO DATE   34                        65    -31       58
  SINCE MAR 1    592                       754   -162      570
  SINCE JUL 1   2687                      3226   -539     2481

 COOLING
  YESTERDAY        9                         6      3        9
  MONTH TO DATE  117                        96     21       81
  SINCE MAR 1    248                       136    112      136
  SINCE JAN 1    251                       138    113      136
..................................................................


WIND (MPH)
  HIGHEST WIND SPEED    26   HIGHEST WIND DIRECTION    NW (320)
  HIGHEST GUST SPEED    34   HIGHEST GUST DIRECTION    NW (320)
  AVERAGE WIND SPEED     6.3


SKY COVER
  POSSIBLE SUNSHINE  MM
  AVERAGE SKY COVER 0.2


WEATHER CONDITIONS
 THE FOLLOWING WEATHER WAS RECORDED YESTERDAY.
  THUNDERSTORM
  RAIN
  LIGHT RAIN
  FOG


RELATIVE HUMIDITY (PERCENT)
 HIGHEST    93           400 AM
 LOWEST     51           200 PM
 AVERAGE    72

..........................................................


THE ELIZABETH CITY NC CLIMATE NORMALS FOR TODAY
                         NORMAL    RECORD    YEAR
 MAXIMUM TEMPERATURE (F)   80       100      1941
 MINIMUM TEMPERATURE (F)   61        38      1997


SUNRISE AND SUNSET
MAY 28 2017...........SUNRISE   550 AM EDT   SUNSET   814 PM EDT
MAY 29 2017...........SUNRISE   550 AM EDT   SUNSET   815 PM EDT


-  INDICATES NEGATIVE NUMBERS.
R  INDICATES RECORD WAS SET OR TIED.
MM INDICATES DATA IS MISSING.
T  INDICATES TRACE AMOUNT.




$$
