000
CDUS42 KAKQ 220635
CLIECG


CLIMATE REPORT
NATIONAL WEATHER SERVICE WAKEFIELD, VA
134 AM EST SUN JAN 22 2017


...................................

...THE ELIZABETH CITY NC CLIMATE SUMMARY FOR JANUARY 21 2017...

CLIMATE NORMAL PERIOD 1981 TO 2010
CLIMATE RECORD PERIOD 1934 TO 2017


WEATHER ITEM   OBSERVED TIME   RECORD YEAR NORMAL DEPARTURE LAST
                VALUE   (LST)  VALUE       VALUE  FROM      YEAR
                                                  NORMAL
..................................................................
TEMPERATURE (F)
 YESTERDAY
  MAXIMUM         55   1159 PM  75    1935  51      4       39
  MINIMUM         47    722 AM  -2    1985  32     15       23
  AVERAGE         51                        42      9       31

PRECIPITATION (IN)
  YESTERDAY        0.11          0.87 1981   0.09   0.02     0.00
  MONTH TO DATE    3.25                      2.10   1.15     1.46
  SINCE DEC 1      5.92                      4.66   1.26     5.47
  SINCE JAN 1      3.25                      2.10   1.15     1.46

SNOWFALL (IN)
  YESTERDAY        0.0           2.0  1961  MM     MM
  MONTH TO DATE    1.2                      MM     MM
  SINCE NOV 1      1.2                      MM     MM
  SINCE JUL 1      1.2                      MM     MM
  SNOW DEPTH       0

DEGREE DAYS
 HEATING
  YESTERDAY       14                        24    -10       34
  MONTH TO DATE  424                       504    -80      507
  SINCE DEC 1   1029                      1144   -115      751
  SINCE JUL 1   1519                      1659   -140     1107

 COOLING
  YESTERDAY        0                         0      0        0
  MONTH TO DATE    0                         0      0        0
  SINCE DEC 1      0                         2     -2       31
  SINCE JAN 1      0                         0      0        0
..................................................................


WIND (MPH)
  HIGHEST WIND SPEED    10   HIGHEST WIND DIRECTION    SE (130)
  HIGHEST GUST SPEED    12   HIGHEST GUST DIRECTION     E (110)
  AVERAGE WIND SPEED     4.6


SKY COVER
  POSSIBLE SUNSHINE  MM
  AVERAGE SKY COVER 1.0


WEATHER CONDITIONS
 THE FOLLOWING WEATHER WAS RECORDED YESTERDAY.
  RAIN
  LIGHT RAIN
  FOG
  FOG W/VISIBILITY <= 1/4 MILE


RELATIVE HUMIDITY (PERCENT)
 HIGHEST   100          1200 AM
 LOWEST     93          1200 PM
 AVERAGE    97

..........................................................


THE ELIZABETH CITY NC CLIMATE NORMALS FOR TODAY
                         NORMAL    RECORD    YEAR
 MAXIMUM TEMPERATURE (F)   51        79      1937
 MINIMUM TEMPERATURE (F)   32         9      2014


SUNRISE AND SUNSET
JANUARY 22 2017.......SUNRISE   712 AM EST   SUNSET   521 PM EST
JANUARY 23 2017.......SUNRISE   712 AM EST   SUNSET   522 PM EST


-  INDICATES NEGATIVE NUMBERS.
R  INDICATES RECORD WAS SET OR TIED.
MM INDICATES DATA IS MISSING.
T  INDICATES TRACE AMOUNT.




$$
