000
CDUS42 KAKQ 201212
CLIECG


CLIMATE REPORT
NATIONAL WEATHER SERVICE WAKEFIELD, VA
711 AM EST MON NOV 20 2017


...................................

...THE ELIZABETH CITY NC CLIMATE SUMMARY FOR NOVEMBER 19 2017...

CLIMATE NORMAL PERIOD 1981 TO 2010
CLIMATE RECORD PERIOD 1934 TO 2017


WEATHER ITEM   OBSERVED TIME   RECORD YEAR NORMAL DEPARTURE LAST
                VALUE   (LST)  VALUE       VALUE  FROM      YEAR
                                                  NORMAL
..................................................................
TEMPERATURE (F)
 YESTERDAY
  MAXIMUM         66    547 AM  81    1938  63      3       73
  MINIMUM         40   1159 PM  20    2014  41     -1       43
  AVERAGE         53                        52      1       58

PRECIPITATION (IN)
  YESTERDAY        0.06          1.32 2003   0.10  -0.04      T
  MONTH TO DATE    0.92                      2.04  -1.12     0.85
  SINCE SEP 1      6.40                      9.04  -2.64    23.16
  SINCE JAN 1     41.54                     43.00  -1.46    50.67

SNOWFALL (IN)
  YESTERDAY       MM             0.0  2002  MM     MM
  MONTH TO DATE    0.0                      MM     MM
  SINCE NOV 1      0.0                      MM     MM
  SINCE JUL 1      0.0                      MM     MM
  SNOW DEPTH       0

DEGREE DAYS
 HEATING
  YESTERDAY       12                        13     -1        7
  MONTH TO DATE  184                       202    -18      215
  SINCE SEP 1    261                       353    -92      310
  SINCE JUL 1    261                       353    -92      310

 COOLING
  YESTERDAY        0                         0      0        0
  MONTH TO DATE   10                         4      6        5
  SINCE SEP 1    415                       289    126      443
  SINCE JAN 1   1961                      1585    376     1950
..................................................................


WIND (MPH)
  HIGHEST WIND SPEED    26   HIGHEST WIND DIRECTION     W (280)
  HIGHEST GUST SPEED    36   HIGHEST GUST DIRECTION     W (270)
  AVERAGE WIND SPEED    14.9


SKY COVER
  POSSIBLE SUNSHINE  MM
  AVERAGE SKY COVER 0.2


WEATHER CONDITIONS
 THE FOLLOWING WEATHER WAS RECORDED YESTERDAY.
  LIGHT RAIN


RELATIVE HUMIDITY (PERCENT)
 HIGHEST    93           700 AM
 LOWEST     37           400 PM
 AVERAGE    65

..........................................................


THE ELIZABETH CITY NC CLIMATE NORMALS FOR TODAY
                         NORMAL    RECORD    YEAR
 MAXIMUM TEMPERATURE (F)   63        80      1985
                                             1941
 MINIMUM TEMPERATURE (F)   41        23      1951


SUNRISE AND SUNSET
NOVEMBER 20 2017......SUNRISE   647 AM EST   SUNSET   453 PM EST
NOVEMBER 21 2017......SUNRISE   648 AM EST   SUNSET   453 PM EST


-  INDICATES NEGATIVE NUMBERS.
R  INDICATES RECORD WAS SET OR TIED.
MM INDICATES DATA IS MISSING.
T  INDICATES TRACE AMOUNT.




$$
