000
CDUS42 KAKQ 262126
CLIECG


CLIMATE REPORT
NATIONAL WEATHER SERVICE WAKEFIELD, VA
526 PM EDT THU MAY 26 2016


...................................

...THE ELIZABETH CITY NC CLIMATE SUMMARY FOR MAY 26 2016...
VALID TODAY AS OF 0500 PM LOCAL TIME.

CLIMATE NORMAL PERIOD 1981 TO 2010
CLIMATE RECORD PERIOD 1934 TO 2016


WEATHER ITEM   OBSERVED TIME   RECORD YEAR NORMAL DEPARTURE LAST
                VALUE   (LST)  VALUE       VALUE  FROM      YEAR
                                                  NORMAL
..................................................................
TEMPERATURE (F)
 TODAY
  MAXIMUM         87    355 PM  95    1953  80      7       84
  MINIMUM         66    503 AM  42    2013  60      6       61
  AVERAGE         77

PRECIPITATION (IN)
  TODAY            0.00          1.79 1965   0.13  -0.13     0.00
  MONTH TO DATE    2.81                      2.94  -0.13     3.42
  SINCE MAR 1      9.07                     10.06  -0.99    10.50
  SINCE JAN 1     16.66                     16.50   0.16    17.30

SNOWFALL (IN)
  TODAY            0.0
  MONTH TO DATE    0.0
  SINCE NOV 1      1.8
  SINCE JUL 1      1.8
  SNOW DEPTH       0

DEGREE DAYS
 HEATING
  TODAY            0
  MONTH TO DATE   58
  SINCE MAR 1    570
  SINCE JUL 1   2481

 COOLING
  TODAY           12
  MONTH TO DATE   72
  SINCE MAR 1    127
  SINCE JAN 1    127
..................................................................


WIND (MPH)
  RESULTANT WIND SPEED  10   RESULTANT WIND DIRECTION   S (200)
  HIGHEST WIND SPEED    16   HIGHEST WIND DIRECTION    SW (220)
  HIGHEST GUST SPEED    19   HIGHEST GUST DIRECTION     S (190)


SKY COVER
  POSSIBLE SUNSHINE  MM
  AVERAGE SKY COVER 0.1


WEATHER CONDITIONS
 THE FOLLOWING WEATHER WAS RECORDED TODAY.
  NO SIGNIFICANT WEATHER WAS OBSERVED.


RELATIVE HUMIDITY (PERCENT)
 HIGHEST    87
 LOWEST     36
 AVERAGE    62

..........................................................


THE ELIZABETH CITY NC CLIMATE NORMALS FOR TOMORROW
                         NORMAL    RECORD    YEAR
 MAXIMUM TEMPERATURE (F)   80        97      1941
 MINIMUM TEMPERATURE (F)   60        38      1997


SUNRISE AND SUNSET
MAY 26 2016...........SUNRISE   551 AM EDT   SUNSET   813 PM EDT
MAY 27 2016...........SUNRISE   550 AM EDT   SUNSET   814 PM EDT


-  INDICATES NEGATIVE NUMBERS.
R  INDICATES RECORD WAS SET OR TIED.
MM INDICATES DATA IS MISSING.
T  INDICATES TRACE AMOUNT.




$$
