000
CDUS42 KAKQ 181046
CLIECG


CLIMATE REPORT
NATIONAL WEATHER SERVICE WAKEFIELD, VA
545 AM EST THU JAN 18 2018


...................................

...THE ELIZABETH CITY NC CLIMATE SUMMARY FOR JANUARY 17 2018...

CLIMATE NORMAL PERIOD 1981 TO 2010
CLIMATE RECORD PERIOD 1934 TO 2018


WEATHER ITEM   OBSERVED TIME   RECORD YEAR NORMAL DEPARTURE LAST
                VALUE   (LST)  VALUE       VALUE  FROM      YEAR
                                                  NORMAL
..................................................................
TEMPERATURE (F)
 YESTERDAY
  MAXIMUM         43   1139 AM  77    1943  51     -8       59
  MINIMUM         26   1159 PM   6    1977  32     -6       38
  AVERAGE         35                        41     -6       49

PRECIPITATION (IN)
  YESTERDAY       MM             2.15 1946   0.10  MM        0.04
  MONTH TO DATE    1.19                      1.71  -0.52     3.01
  SINCE DEC 1      4.25                      4.27  -0.02     5.68
  SINCE JAN 1      1.19                      1.71  -0.52     3.01

SNOWFALL (IN)
  YESTERDAY       MM             1.0  1965  MM     MM
  MONTH TO DATE    3.8                      MM     MM
  SINCE NOV 1      3.8                      MM     MM
  SINCE JUL 1      3.8                      MM     MM
  SNOW DEPTH       0

DEGREE DAYS
 HEATING
  YESTERDAY       30                        24      6       16
  MONTH TO DATE  556                       408    148      364
  SINCE DEC 1   1198                      1048    150      969
  SINCE JUL 1   1632                      1563     69     1459

 COOLING
  YESTERDAY        0                         0      0        0
  MONTH TO DATE    3                         0      3        0
  SINCE DEC 1      3                         2      1        0
  SINCE JAN 1      3                         0      3        0
..................................................................


WIND (MPH)
  HIGHEST WIND SPEED    25   HIGHEST WIND DIRECTION     N (350)
  HIGHEST GUST SPEED    33   HIGHEST GUST DIRECTION     N (350)
  AVERAGE WIND SPEED    12.6


SKY COVER
  POSSIBLE SUNSHINE  MM
  AVERAGE SKY COVER 0.5


WEATHER CONDITIONS
 THE FOLLOWING WEATHER WAS RECORDED YESTERDAY.
  LIGHT SNOW
  FOG
  FOG W/VISIBILITY <= 1/4 MILE


RELATIVE HUMIDITY (PERCENT)
 HIGHEST   100          1200 AM
 LOWEST     76          1200 PM
 AVERAGE    88

..........................................................


THE ELIZABETH CITY NC CLIMATE NORMALS FOR TODAY
                         NORMAL    RECORD    YEAR
 MAXIMUM TEMPERATURE (F)   51        78      1937
 MINIMUM TEMPERATURE (F)   32        10      1997


SUNRISE AND SUNSET
JANUARY 18 2018.......SUNRISE   714 AM EST   SUNSET   517 PM EST
JANUARY 19 2018.......SUNRISE   714 AM EST   SUNSET   518 PM EST


-  INDICATES NEGATIVE NUMBERS.
R  INDICATES RECORD WAS SET OR TIED.
MM INDICATES DATA IS MISSING.
T  INDICATES TRACE AMOUNT.




$$
