000
CDUS45 KGJT 250733
CLIEEO


CLIMATE REPORT
NATIONAL WEATHER SERVICE GRAND JUNCTION CO
130 AM MDT SAT OCT 25 2014


...................................

...THE MEEKER CO CLIMATE SUMMARY FOR OCTOBER 24 2014...

CLIMATE NORMAL PERIOD 1981 TO 2010
CLIMATE RECORD PERIOD 9999 TO 9999


WEATHER ITEM   OBSERVED TIME   RECORD YEAR NORMAL DEPARTURE LAST
                VALUE   (LST)  VALUE       VALUE  FROM      YEAR
                                                  NORMAL
..................................................................
TEMPERATURE (F)
 YESTERDAY
  MAXIMUM         74    248 PM  MM      MM  57     17       67
  MINIMUM         34    652 AM  MM      MM  26      8       27
  AVERAGE         54                        41     13       47

PRECIPITATION (IN)
  YESTERDAY        0.00         MM      MM   0.05  -0.05     0.00
  MONTH TO DATE    1.40                      1.45  -0.05     2.27
  SINCE SEP 1      3.77                      3.21   0.56     5.21
  SINCE JAN 1     15.50                     13.07   2.43    15.30

SNOWFALL (IN)
  YESTERDAY       MM            MM      MM  MM     MM       MM
  MONTH TO DATE   MM                        MM     MM       MM
  SINCE SEP 1     MM                        MM     MM       MM
  SINCE JUL 1     MM                        MM     MM       MM
  SNOW DEPTH      MM

DEGREE DAYS
 HEATING
  YESTERDAY       11                        24    -13       18
  MONTH TO DATE  354                       460   -106      534
  SINCE SEP 1    512                       713   -201      727
  SINCE JUL 1    569                       767   -198      746

 COOLING
  YESTERDAY        0                         0      0        0
  MONTH TO DATE    0                         0      0        0
  SINCE SEP 1      1                         4     -3       41
  SINCE JAN 1    197                       172     25      324
..................................................................


WIND (MPH)
  HIGHEST WIND SPEED    22   HIGHEST WIND DIRECTION    SW (230)
  HIGHEST GUST SPEED    27   HIGHEST GUST DIRECTION    SW (220)
  AVERAGE WIND SPEED     5.2


SKY COVER
  POSSIBLE SUNSHINE  MM
  AVERAGE SKY COVER 0.0


WEATHER CONDITIONS
 THE FOLLOWING WEATHER WAS RECORDED YESTERDAY.
  NO SIGNIFICANT WEATHER WAS OBSERVED.


RELATIVE HUMIDITY (PERCENT)
 HIGHEST    89           400 AM
 LOWEST     15           300 PM
 AVERAGE    52

..........................................................


THE MEEKER CO CLIMATE NORMALS FOR TODAY
                         NORMAL    RECORD    YEAR
 MAXIMUM TEMPERATURE (F)   56        MM        MM
 MINIMUM TEMPERATURE (F)   26        MM        MM


SUNRISE AND SUNSET
OCTOBER 25 2014.......SUNRISE   733 AM MDT   SUNSET   618 PM MDT
OCTOBER 26 2014.......SUNRISE   734 AM MDT   SUNSET   616 PM MDT


-  INDICATES NEGATIVE NUMBERS.
R  INDICATES RECORD WAS SET OR TIED.
MM INDICATES DATA IS MISSING.
T  INDICATES TRACE AMOUNT.




$$
