000
CDUS45 KGJT 290801
CLIEEO


CLIMATE REPORT
NATIONAL WEATHER SERVICE GRAND JUNCTION CO
159 AM MDT SAT AUG 29 2015


...................................

...THE MEEKER CO CLIMATE SUMMARY FOR AUGUST 28 2015...

CLIMATE NORMAL PERIOD 1981 TO 2010
CLIMATE RECORD PERIOD 9999 TO 9999


WEATHER ITEM   OBSERVED TIME   RECORD YEAR NORMAL DEPARTURE LAST
                VALUE   (LST)  VALUE       VALUE  FROM      YEAR
                                                  NORMAL
..................................................................
TEMPERATURE (F)
 YESTERDAY
  MAXIMUM         82    438 PM  MM      MM  81      1       71
  MINIMUM         47    605 AM  MM      MM  46      1       50
  AVERAGE         65                        63      2       61

PRECIPITATION (IN)
  YESTERDAY        0.00         MM      MM   0.05  -0.05     0.08
  MONTH TO DATE    0.56                      1.17  -0.61     3.32
  SINCE JUN 1      3.08                      3.56  -0.48     4.29
  SINCE JAN 1     12.30                      9.71   2.59    11.72

SNOWFALL (IN)
  YESTERDAY       MM            MM      MM  MM     MM       MM
  MONTH TO DATE   MM                        MM     MM       MM
  SINCE JUN 1     MM                        MM     MM       MM
  SINCE JUL 1     MM                        MM     MM       MM
  SNOW DEPTH      MM

DEGREE DAYS
 HEATING
  YESTERDAY        0                         2     -2        4
  MONTH TO DATE   13                        25    -12       43
  SINCE JUN 1     88                       189   -101      185
  SINCE JUL 1     37                        45     -8       50

 COOLING
  YESTERDAY        0                         1     -1        0
  MONTH TO DATE   78                        61     17       39
  SINCE JUN 1    219                       163     56      195
  SINCE JAN 1    219                       164     55      196
..................................................................


WIND (MPH)
  HIGHEST WIND SPEED    12   HIGHEST WIND DIRECTION     E (110)
  HIGHEST GUST SPEED    16   HIGHEST GUST DIRECTION     E (100)
  AVERAGE WIND SPEED     5.2


SKY COVER
  POSSIBLE SUNSHINE  MM
  AVERAGE SKY COVER 0.1


WEATHER CONDITIONS
 THE FOLLOWING WEATHER WAS RECORDED YESTERDAY.
  NO SIGNIFICANT WEATHER WAS OBSERVED.


RELATIVE HUMIDITY (PERCENT)
 HIGHEST    93           400 AM
 LOWEST     20           500 PM
 AVERAGE    57

..........................................................


THE MEEKER CO CLIMATE NORMALS FOR TODAY
                         NORMAL    RECORD    YEAR
 MAXIMUM TEMPERATURE (F)   81        MM        MM
 MINIMUM TEMPERATURE (F)   46        MM        MM


SUNRISE AND SUNSET
AUGUST 29 2015........SUNRISE   636 AM MDT   SUNSET   748 PM MDT
AUGUST 30 2015........SUNRISE   637 AM MDT   SUNSET   746 PM MDT


-  INDICATES NEGATIVE NUMBERS.
R  INDICATES RECORD WAS SET OR TIED.
MM INDICATES DATA IS MISSING.
T  INDICATES TRACE AMOUNT.




$$
