000
CDUS44 KBMX 290806
CLIEET


CLIMATE REPORT
NATIONAL WEATHER SERVICE BIRMINGHAM, AL
305 AM CDT SAT AUG 29 2015


...................................

...THE SHELBY COUNTY AIRPORT CLIMATE SUMMARY FOR AUGUST 28 2015...

CLIMATE NORMAL PERIOD 1981 TO 2010
CLIMATE RECORD PERIOD 9999 TO 9999


WEATHER ITEM   OBSERVED TIME   RECORD YEAR NORMAL DEPARTURE LAST
                VALUE   (LST)  VALUE       VALUE  FROM      YEAR
                                                  NORMAL
..................................................................
TEMPERATURE (F)
 YESTERDAY
  MAXIMUM         88    323 PM  MM      MM  89     -1       95
  MINIMUM         68    541 AM  MM      MM  69     -1       66
  AVERAGE         78                        79     -1       81

PRECIPITATION (IN)
  YESTERDAY        0.10                      0.14  -0.04     0.00
  MONTH TO DATE    5.10                      4.31   0.79     2.87
  SINCE JUN 1     18.09                     13.70   4.39    11.40
  SINCE JAN 1     42.30                     37.63   4.67    38.90

DEGREE DAYS
 COOLING
  YESTERDAY       13                        14     -1       16
  MONTH TO DATE  431                       428      3      464
  SINCE JUN 1   1380                      1289     91     1325
  SINCE JAN 1   1730                      1558    172     1619
..................................................................


WIND (MPH)
  HIGHEST WIND SPEED    14   HIGHEST WIND DIRECTION    SE (140)
  HIGHEST GUST SPEED    22   HIGHEST GUST DIRECTION    SE (140)
  AVERAGE WIND SPEED     3.2


SKY COVER
  POSSIBLE SUNSHINE  MM
  AVERAGE SKY COVER 0.3


WEATHER CONDITIONS
 THE FOLLOWING WEATHER WAS RECORDED YESTERDAY.
  THUNDERSTORM
  HEAVY RAIN
  LIGHT RAIN
  FOG


RELATIVE HUMIDITY (PERCENT)
 HIGHEST    90           200 AM
 LOWEST     57           300 PM
 AVERAGE    74

..........................................................


THE SHELBY COUNTY AIRPORT CLIMATE NORMALS FOR TODAY
                         NORMAL    RECORD    YEAR
 MAXIMUM TEMPERATURE (F)   89        MM        MM
 MINIMUM TEMPERATURE (F)   69        MM        MM


SUNRISE AND SUNSET
AUGUST 29 2015........SUNRISE   619 AM CDT   SUNSET   716 PM CDT
AUGUST 30 2015........SUNRISE   620 AM CDT   SUNSET   715 PM CDT


-  INDICATES NEGATIVE NUMBERS.
R  INDICATES RECORD WAS SET OR TIED.
MM INDICATES DATA IS MISSING.
T  INDICATES TRACE AMOUNT.




$$
