000
CDUS44 KBMX 220932
CLIEET


CLIMATE REPORT
NATIONAL WEATHER SERVICE BIRMINGHAM, AL
432 AM CDT TUE JUL 22 2014


...................................

...THE SHELBY COUNTY AIRPORT CLIMATE SUMMARY FOR JULY 21 2014...

CLIMATE NORMAL PERIOD 1981 TO 2010
CLIMATE RECORD PERIOD 9999 TO 9999


WEATHER ITEM   OBSERVED TIME   RECORD YEAR NORMAL DEPARTURE LAST
                VALUE   (LST)  VALUE       VALUE  FROM      YEAR
                                                  NORMAL
..................................................................
TEMPERATURE (F)
 YESTERDAY
  MAXIMUM         89    141 PM  MM      MM  91     -2       88
  MINIMUM         71    558 AM  MM      MM  71      0       70
  AVERAGE         80                        81     -1       79

PRECIPITATION (IN)
  YESTERDAY        0.35                      0.14   0.21     0.32
  MONTH TO DATE    1.19                      3.24  -2.05     5.41
  SINCE JUN 1      6.50                      7.87  -1.37    10.11
  SINCE JAN 1     34.00                     31.80   2.20    39.11

DEGREE DAYS
 COOLING
  YESTERDAY       15                        16     -1       14
  MONTH TO DATE  304                       328    -24      283
  SINCE JUN 1    719                       702     17      695
  SINCE JAN 1   1013                       971     42      947
..................................................................


WIND (MPH)
  HIGHEST WIND SPEED    10   HIGHEST WIND DIRECTION     S (170)
  HIGHEST GUST SPEED    14   HIGHEST GUST DIRECTION     S (160)
  AVERAGE WIND SPEED     1.7


SKY COVER
  POSSIBLE SUNSHINE  MM
  AVERAGE SKY COVER 0.6


WEATHER CONDITIONS
 THE FOLLOWING WEATHER WAS RECORDED YESTERDAY.
  THUNDERSTORM
  HEAVY RAIN
  RAIN
  LIGHT RAIN
  FOG
  FOG W/VISIBILITY <= 1/4 MILE


RELATIVE HUMIDITY (PERCENT)
 HIGHEST   100          1200 AM
 LOWEST     55           200 PM
 AVERAGE    78

..........................................................


THE SHELBY COUNTY AIRPORT CLIMATE NORMALS FOR TODAY
                         NORMAL    RECORD    YEAR
 MAXIMUM TEMPERATURE (F)   91        MM        MM
 MINIMUM TEMPERATURE (F)   71        MM        MM


SUNRISE AND SUNSET
JULY 22 2014..........SUNRISE   553 AM CDT   SUNSET   753 PM CDT
JULY 23 2014..........SUNRISE   554 AM CDT   SUNSET   753 PM CDT


-  INDICATES NEGATIVE NUMBERS.
R  INDICATES RECORD WAS SET OR TIED.
MM INDICATES DATA IS MISSING.
T  INDICATES TRACE AMOUNT.




$$
