000
CDUS44 KBMX 061157
CLIEET


CLIMATE REPORT
NATIONAL WEATHER SERVICE BIRMINGHAM, AL
557 AM CST SAT FEB 6 2016


...................................

...THE SHELBY COUNTY AIRPORT CLIMATE SUMMARY FOR FEBRUARY 5 2016...

CLIMATE NORMAL PERIOD 1981 TO 2010
CLIMATE RECORD PERIOD 9999 TO 9999


WEATHER ITEM   OBSERVED TIME   RECORD YEAR NORMAL DEPARTURE LAST
                VALUE   (LST)  VALUE       VALUE  FROM      YEAR
                                                  NORMAL
..................................................................
TEMPERATURE (F)
 YESTERDAY
  MAXIMUM         52    221 PM  MM      MM  57     -5       50
  MINIMUM         31    639 AM  MM      MM  36     -5       30
  AVERAGE         42                        46     -4       40

PRECIPITATION (IN)
  YESTERDAY        0.00                      0.20  -0.20     0.00
  MONTH TO DATE    3.28                      1.05   2.23     0.66
  SINCE DEC 1     15.27                     11.18   4.09    13.56
  SINCE JAN 1      6.35                      6.38  -0.03     5.48

SNOWFALL (IN)
  YESTERDAY        0.0                      MM     MM        0.0
  MONTH TO DATE    0.0                      MM     MM        0.0
  SINCE DEC 1      T                        MM     MM        0.0
  SINCE JUL 1      T                        MM     MM        0.0
  SNOW DEPTH       0

DEGREE DAYS
 HEATING
  YESTERDAY       23                        19      4       25
  MONTH TO DATE   52                        95    -43      109
  SINCE DEC 1    980                      1315   -335     1185
  SINCE JUL 1   1223                      1759   -536     1711
..................................................................


WIND (MPH)
  HIGHEST WIND SPEED    12   HIGHEST WIND DIRECTION    NW (330)
  HIGHEST GUST SPEED    19   HIGHEST GUST DIRECTION    NW (330)
  AVERAGE WIND SPEED     3.8


SKY COVER
  POSSIBLE SUNSHINE  MM
  AVERAGE SKY COVER 0.0


WEATHER CONDITIONS
 THE FOLLOWING WEATHER WAS RECORDED YESTERDAY.
  NO SIGNIFICANT WEATHER WAS OBSERVED.


RELATIVE HUMIDITY (PERCENT)
 HIGHEST    64          1100 PM
 LOWEST     24           200 PM
 AVERAGE    44

..........................................................


THE SHELBY COUNTY AIRPORT CLIMATE NORMALS FOR TODAY
                         NORMAL    RECORD    YEAR
 MAXIMUM TEMPERATURE (F)   57        MM        MM
 MINIMUM TEMPERATURE (F)   36        MM        MM


SUNRISE AND SUNSET
FEBRUARY  6 2016......SUNRISE   639 AM CST   SUNSET   523 PM CST
FEBRUARY  7 2016......SUNRISE   638 AM CST   SUNSET   524 PM CST


-  INDICATES NEGATIVE NUMBERS.
R  INDICATES RECORD WAS SET OR TIED.
MM INDICATES DATA IS MISSING.
T  INDICATES TRACE AMOUNT.




$$
