000
CDUS44 KBMX 242142
CLIEET


CLIMATE REPORT
NATIONAL WEATHER SERVICE BIRMINGHAM, AL
441 PM CDT SAT SEP 24 2016


...................................

...THE SHELBY COUNTY AIRPORT CLIMATE SUMMARY FOR SEPTEMBER 24 2016...
VALID TODAY AS OF 0400 PM LOCAL TIME.

CLIMATE NORMAL PERIOD 1981 TO 2010
CLIMATE RECORD PERIOD 9999 TO 9999


WEATHER ITEM   OBSERVED TIME   RECORD YEAR NORMAL DEPARTURE LAST
                VALUE   (LST)  VALUE       VALUE  FROM      YEAR
                                                  NORMAL
..................................................................
TEMPERATURE (F)
 TODAY
  MAXIMUM         98    334 PM  MM      MM  82     16       86
  MINIMUM         68    601 AM  MM      MM  61      7       65
  AVERAGE         83                        72     11       76

PRECIPITATION (IN)
  TODAY            0.00                      0.13  -0.13     0.00
  MONTH TO DATE    0.70                      3.13  -2.43     1.64
  SINCE SEP 1      0.70                      3.13  -2.43     1.64
  SINCE JAN 1     31.66                     41.21  -9.55    44.17

DEGREE DAYS
 HEATING
  TODAY            0                         0      0        0
  MONTH TO DATE    0                         0      0        0
  SINCE SEP 1      0                         0      0        0
  SINCE JUL 1      0                         0      0        0

 COOLING
  TODAY           18                         7     11       11
  MONTH TO DATE  388                       251    137      269
  SINCE SEP 1    388                       251    137      269
  SINCE JAN 1   2272                      1849    423     2034
..................................................................


WIND (MPH)
  HIGHEST WIND SPEED    10   HIGHEST WIND DIRECTION     N (350)
  HIGHEST GUST SPEED    16   HIGHEST GUST DIRECTION    NW (310)
  AVERAGE WIND SPEED     1.4


SKY COVER
  POSSIBLE SUNSHINE  MM
  AVERAGE SKY COVER 0.1


WEATHER CONDITIONS
 THE FOLLOWING WEATHER WAS RECORDED TODAY.
  NO SIGNIFICANT WEATHER WAS OBSERVED.


RELATIVE HUMIDITY (PERCENT)
 HIGHEST    84           100 AM
 LOWEST     25           300 PM
 AVERAGE    55

..........................................................


THE SHELBY COUNTY AIRPORT CLIMATE NORMALS FOR TOMORROW
                         NORMAL    RECORD    YEAR
 MAXIMUM TEMPERATURE (F)   82        MM        MM
 MINIMUM TEMPERATURE (F)   61        MM        MM


SUNRISE AND SUNSET
SEPTEMBER 24 2016.....SUNRISE   637 AM CDT   SUNSET   640 PM CDT
SEPTEMBER 25 2016.....SUNRISE   638 AM CDT   SUNSET   639 PM CDT


-  INDICATES NEGATIVE NUMBERS.
R  INDICATES RECORD WAS SET OR TIED.
MM INDICATES DATA IS MISSING.
T  INDICATES TRACE AMOUNT.




$$
