000
CDUS46 KEKA 300826
CLIEKA


CLIMATE REPORT
NATIONAL WEATHER SERVICE EUREKA CA
126 AM PDT SUN AUG 30 2015


...................................

...THE EUREKA CA CLIMATE SUMMARY FOR AUGUST 29 2015...

CLIMATE NORMAL PERIOD 1981 TO 2010
CLIMATE RECORD PERIOD 1886 TO 2015


WEATHER ITEM   OBSERVED RECORD YEAR NORMAL DEPARTURE LAST
                VALUE   VALUE       VALUE  FROM      YEAR
                                           NORMAL
...........................................................
TEMPERATURE (F)
 YESTERDAY
  MAXIMUM         74R    74    2013  64     10       65
  MINIMUM         60     47    1897  52      8       55
  AVERAGE         67                 58      9       60

PRECIPITATION (IN)
  YESTERDAY        0.36   1.43 1983   0.02   0.34     0.00
  MONTH TO DATE    0.41               0.28   0.13     0.02
  SINCE OCT 1     31.23              39.71  -8.48    17.93
  SINCE JAN 1     12.85              23.74 -10.89    16.03

SNOWFALL (IN)
  YESTERDAY        0.0    0.0  2002   0.0    0.0      0.0
                               2001
  MONTH TO DATE    0.0                0.0    0.0      0.0
  SINCE JUN 1      0.0                0.0    0.0      0.0
  SINCE JUL 1      0.0                0.0    0.0      0.0
  SNOW DEPTH       0

DEGREE DAYS
 HEATING
  YESTERDAY        0                  7     -7        5
  MONTH TO DATE  104                183    -79      172
  SINCE JUN 1    462                675   -213      612
  SINCE JUL 1    221                409   -188      360

 COOLING
  YESTERDAY        2                  0      2        0
  MONTH TO DATE    4                  0      4        0
  SINCE JUN 1      5                  0      5        0
  SINCE JAN 1      5                  0      5        1
...........................................................


WIND (MPH)
  HIGHEST WIND SPEED    20   HIGHEST WIND DIRECTION     W (280)
  HIGHEST GUST SPEED    24   HIGHEST GUST DIRECTION    MM
  AVERAGE WIND SPEED     6.7


SKY COVER
  AVERAGE SKY COVER 0.4


WEATHER CONDITIONS
 THE FOLLOWING WEATHER WAS RECORDED YESTERDAY.
  RAIN
  LIGHT RAIN


..........................................................


THE EUREKA CA CLIMATE NORMALS FOR TODAY
                         NORMAL    RECORD    YEAR
 MAXIMUM TEMPERATURE (F)   64        82      1968
 MINIMUM TEMPERATURE (F)   52        47      1908


SUNRISE AND SUNSET
AUGUST 30 2015........SUNRISE   641 AM PDT   SUNSET   752 PM PDT
AUGUST 31 2015........SUNRISE   642 AM PDT   SUNSET   751 PM PDT


-  INDICATES NEGATIVE NUMBERS.
R  INDICATES RECORD WAS SET OR TIED.
MM INDICATES DATA IS MISSING.
T  INDICATES TRACE AMOUNT.




&&

..........................................................

TOTAL SEASON     NORMAL   % OF NORMAL     LAST SEASON

    31.23         39.71        79            17.93


$$
