000
CDUS46 KEKA 301209
CLIEKA


CLIMATE REPORT
NATIONAL WEATHER SERVICE EUREKA CA
509 AM PDT TUE SEP 30 2014


...................................

...THE EUREKA CA CLIMATE SUMMARY FOR SEPTEMBER 29 2014...

CLIMATE NORMAL PERIOD 1981 TO 2010
CLIMATE RECORD PERIOD 1886 TO 2014


WEATHER ITEM   OBSERVED RECORD YEAR NORMAL DEPARTURE LAST
                VALUE   VALUE       VALUE  FROM      YEAR
                                           NORMAL
...........................................................
TEMPERATURE (F)
 YESTERDAY
  MAXIMUM         66     77    1966  63      3       65
  MINIMUM         58     41    2007  49      9       59
  AVERAGE         62                 56      6       62

PRECIPITATION (IN)
  YESTERDAY        0.02   1.52 1901   0.03  -0.01     1.38
  MONTH TO DATE    3.09               0.56   2.53     2.88
  SINCE JUL 1      3.13               1.05   2.08     2.96
  SINCE JAN 1     19.12              24.33  -5.21    14.44

SNOWFALL (IN)
  YESTERDAY        0.0    0.0  2002   0.0    0.0      0.0
                               2001
  MONTH TO DATE    0.0                0.0    0.0      0.0
  SINCE SEP 1      0.0                0.0    0.0      0.0
  SINCE JUL 1      0.0                0.0    0.0      0.0
  SNOW DEPTH       0

DEGREE DAYS
 HEATING
  YESTERDAY        3                  9     -6        3
  MONTH TO DATE  153                230    -77      131
  SINCE SEP 1    153                230    -77      131
  SINCE JUL 1    516                656   -140      550

 COOLING
  YESTERDAY        0                  0      0        0
  MONTH TO DATE    3                  0      3        1
  SINCE SEP 1      3                  0      3        1
  SINCE JAN 1      4                  0      4        6
...........................................................


WIND (MPH)
  HIGHEST WIND SPEED     9   HIGHEST WIND DIRECTION    NW (320)
  HIGHEST GUST SPEED    13   HIGHEST GUST DIRECTION    MM
  AVERAGE WIND SPEED     4.5


SKY COVER
  AVERAGE SKY COVER 0.9


WEATHER CONDITIONS
 THE FOLLOWING WEATHER WAS RECORDED YESTERDAY.
  LIGHT RAIN
  FOG


..........................................................


THE EUREKA CA CLIMATE NORMALS FOR TODAY
                         NORMAL    RECORD    YEAR
 MAXIMUM TEMPERATURE (F)   63        80      1992
 MINIMUM TEMPERATURE (F)   49        41      1946


SUNRISE AND SUNSET
SEPTEMBER 30 2014.....SUNRISE   712 AM PDT   SUNSET   700 PM PDT
OCTOBER  1 2014.......SUNRISE   713 AM PDT   SUNSET   659 PM PDT


-  INDICATES NEGATIVE NUMBERS.
R  INDICATES RECORD WAS SET OR TIED.
MM INDICATES DATA IS MISSING.
T  INDICATES TRACE AMOUNT.




&&

..........................................................

TOTAL SEASON     NORMAL   % OF NORMAL     LAST SEASON

     3.13          1.05        298             2.96


$$
