578
CDUS46 KEKA 120009
CLIEKA


CLIMATE REPORT
NATIONAL WEATHER SERVICE EUREKA CA
409 PM PST MON DEC 11 2017


...................................

...THE EUREKA CA CLIMATE SUMMARY FOR DECEMBER 11 2017...
VALID TODAY AS OF 0400 PM LOCAL TIME.

CLIMATE NORMAL PERIOD 1981 TO 2010
CLIMATE RECORD PERIOD 1886 TO 2017


WEATHER ITEM   OBSERVED RECORD YEAR NORMAL DEPARTURE LAST
                VALUE   VALUE       VALUE  FROM      YEAR
                                           NORMAL
...........................................................
TEMPERATURE (F)
 TODAY
  MAXIMUM         63     69    1973  55      8       55
  MINIMUM         36     24    1932  41     -5       38
  AVERAGE         50                 48      2       47

PRECIPITATION (IN)
  TODAY            0.00   2.95 1935   0.26  -0.26     0.05
  MONTH TO DATE    0.87               2.84  -1.97     2.92
  SINCE OCT 1      9.91              10.69  -0.78    20.82
  SINCE JAN 1     47.98              35.05  12.93    48.18

SNOWFALL (IN)
  TODAY            0.0    T    2015   0.0    0.0     MM
  MONTH TO DATE    0.0                0.0    0.0      0.0
  SINCE DEC 1      0.0                0.0    0.0      0.0
  SINCE JUL 1      0.0                0.0    0.0       T
  SNOW DEPTH      MM

...........................................................


WIND (MPH)
  HIGHEST WIND SPEED     6   HIGHEST WIND DIRECTION     E (110)
  HIGHEST GUST SPEED    MM   HIGHEST GUST DIRECTION    MM
  AVERAGE WIND SPEED     2.0


SKY COVER
  AVERAGE SKY COVER 0.0


WEATHER CONDITIONS
 THE FOLLOWING WEATHER WAS RECORDED TODAY.
  NO SIGNIFICANT WEATHER WAS OBSERVED.


..........................................................


THE EUREKA CA CLIMATE NORMALS FOR TOMORROW
                         NORMAL    RECORD    YEAR
 MAXIMUM TEMPERATURE (F)   55        70      1944
 MINIMUM TEMPERATURE (F)   41        22      1932


SUNRISE AND SUNSET
DECEMBER 11 2017......SUNRISE   731 AM PST   SUNSET   449 PM PST
DECEMBER 12 2017......SUNRISE   732 AM PST   SUNSET   449 PM PST


-  INDICATES NEGATIVE NUMBERS.
R  INDICATES RECORD WAS SET OR TIED.
MM INDICATES DATA IS MISSING.
T  INDICATES TRACE AMOUNT.




&&

..........................................................

TOTAL SEASON     NORMAL   % OF NORMAL     LAST SEASON

     9.91         10.69        93            20.82


$$
