048
CDUS46 KEKA 181210
CLIEKA


CLIMATE REPORT
NATIONAL WEATHER SERVICE EUREKA CA
510 AM PDT FRI AUG 18 2017


...................................

...THE EUREKA CA CLIMATE SUMMARY FOR AUGUST 17 2017...

CLIMATE NORMAL PERIOD 1981 TO 2010
CLIMATE RECORD PERIOD 1886 TO 2017


WEATHER ITEM   OBSERVED RECORD YEAR NORMAL DEPARTURE LAST
                VALUE   VALUE       VALUE  FROM      YEAR
                                           NORMAL
...........................................................
TEMPERATURE (F)
 YESTERDAY
  MAXIMUM         65     71    1923  64      1       65
  MINIMUM         53     47    1946  53      0       53
                               1935
  AVERAGE         59                 59      0       59

PRECIPITATION (IN)
  YESTERDAY        0.00   0.63 1976   0.01  -0.01      T
  MONTH TO DATE    0.01               0.12  -0.11      T
  SINCE OCT 1     62.79              39.55  23.24    48.03
  SINCE JAN 1     37.02              23.58  13.44    27.31

SNOWFALL (IN)
  YESTERDAY        0.0    0.0  2002   0.0    0.0      0.0
                               2001
  MONTH TO DATE    0.0                0.0    0.0      0.0
  SINCE JUN 1      0.0                0.0    0.0      0.0
  SINCE JUL 1      0.0                0.0    0.0      0.0
  SNOW DEPTH       0

DEGREE DAYS
 HEATING
  YESTERDAY        6                  6      0        6
  MONTH TO DATE   82                108    -26      133
  SINCE JUN 1    529                600    -71      561
  SINCE JUL 1    299                334    -35      337

 COOLING
  YESTERDAY        0                  0      0        0
  MONTH TO DATE    0                  0      0        0
  SINCE JUN 1      0                  0      0        0
  SINCE JAN 1      0                  0      0        0
...........................................................


WIND (MPH)
  HIGHEST WIND SPEED    13   HIGHEST WIND DIRECTION    SW (240)
  HIGHEST GUST SPEED    21   HIGHEST GUST DIRECTION     W (260)
  AVERAGE WIND SPEED     5.9


SKY COVER
  AVERAGE SKY COVER 0.1


WEATHER CONDITIONS
 THE FOLLOWING WEATHER WAS RECORDED YESTERDAY.
  FOG
  HAZE


..........................................................


THE EUREKA CA CLIMATE NORMALS FOR TODAY
                         NORMAL    RECORD    YEAR
 MAXIMUM TEMPERATURE (F)   64        71      1986
                                             1891
 MINIMUM TEMPERATURE (F)   53        46      1916


SUNRISE AND SUNSET
AUGUST 18 2017........SUNRISE   630 AM PDT   SUNSET   810 PM PDT
AUGUST 19 2017........SUNRISE   631 AM PDT   SUNSET   808 PM PDT


-  INDICATES NEGATIVE NUMBERS.
R  INDICATES RECORD WAS SET OR TIED.
MM INDICATES DATA IS MISSING.
T  INDICATES TRACE AMOUNT.




&&

..........................................................

TOTAL SEASON     NORMAL   % OF NORMAL     LAST SEASON

    62.79         39.55        159            48.03


$$
