000
CDUS46 KEKA 201211
CLIEKA


CLIMATE REPORT
NATIONAL WEATHER SERVICE EUREKA CA
510 AM PDT FRI OCT 20 2017


...................................

...THE EUREKA CA CLIMATE SUMMARY FOR OCTOBER 19 2017...

CLIMATE NORMAL PERIOD 1981 TO 2010
CLIMATE RECORD PERIOD 1886 TO 2017


WEATHER ITEM   OBSERVED RECORD YEAR NORMAL DEPARTURE LAST
                VALUE   VALUE       VALUE  FROM      YEAR
                                           NORMAL
...........................................................
TEMPERATURE (F)
 YESTERDAY
  MAXIMUM         65     78    1913  62      3       64
  MINIMUM         50     34    1949  47      3       45
  AVERAGE         58                 54      4       55

PRECIPITATION (IN)
  YESTERDAY        1.36   1.99 2007   0.08   1.28     0.00
  MONTH TO DATE    1.38               1.01   0.37     6.53
  SINCE OCT 1      1.38               1.01   0.37     6.53
  SINCE JAN 1     39.45              25.37  14.08    33.89

SNOWFALL (IN)
  YESTERDAY        0.0    0.0  2002   0.0    0.0      0.0
                               2001
  MONTH TO DATE    0.0                0.0    0.0      0.0
  SINCE SEP 1      0.0                0.0    0.0      0.0
  SINCE JUL 1      0.0                0.0    0.0      0.0
  SNOW DEPTH       0

DEGREE DAYS
 HEATING
  YESTERDAY        7                 11     -4       10
  MONTH TO DATE  233                192     41      141
  SINCE SEP 1    380                431    -51      378
  SINCE JUL 1    771                857    -86      825

 COOLING
  YESTERDAY        0                  0      0        0
  MONTH TO DATE    0                  0      0        0
  SINCE SEP 1     13                  0     13        0
  SINCE JAN 1     13                  0     13        0
...........................................................


WIND (MPH)
  HIGHEST WIND SPEED    15   HIGHEST WIND DIRECTION     S (180)
  HIGHEST GUST SPEED    25   HIGHEST GUST DIRECTION     S (170)
  AVERAGE WIND SPEED     6.8


SKY COVER
  AVERAGE SKY COVER 0.0


WEATHER CONDITIONS
 THE FOLLOWING WEATHER WAS RECORDED YESTERDAY.
  RAIN
  LIGHT RAIN


..........................................................


THE EUREKA CA CLIMATE NORMALS FOR TODAY
                         NORMAL    RECORD    YEAR
 MAXIMUM TEMPERATURE (F)   62        77      1998
 MINIMUM TEMPERATURE (F)   47        35      1949


SUNRISE AND SUNSET
OCTOBER 20 2017.......SUNRISE   734 AM PDT   SUNSET   628 PM PDT
OCTOBER 21 2017.......SUNRISE   735 AM PDT   SUNSET   627 PM PDT


-  INDICATES NEGATIVE NUMBERS.
R  INDICATES RECORD WAS SET OR TIED.
MM INDICATES DATA IS MISSING.
T  INDICATES TRACE AMOUNT.




&&

..........................................................

TOTAL SEASON     NORMAL   % OF NORMAL     LAST SEASON

     1.38          1.01        137             6.53


$$
