000
CDUS46 KEKA 091212
CLIEKA


CLIMATE REPORT
NATIONAL WEATHER SERVICE EUREKA CA
412 AM PST TUE FEB 9 2016


...................................

...THE EUREKA CA CLIMATE SUMMARY FOR FEBRUARY 8 2016...

CLIMATE NORMAL PERIOD 1981 TO 2010
CLIMATE RECORD PERIOD 1886 TO 2016


WEATHER ITEM   OBSERVED RECORD YEAR NORMAL DEPARTURE LAST
                VALUE   VALUE       VALUE  FROM      YEAR
                                           NORMAL
...........................................................
TEMPERATURE (F)
 YESTERDAY
  MAXIMUM         72R    71    1987  56     16       67
  MINIMUM         47     27    1887  42      5       55
  AVERAGE         60                 49     11       61

PRECIPITATION (IN)
  YESTERDAY        0.00   1.68 1922   0.20  -0.20     0.31
  MONTH TO DATE    0.38               1.62  -1.24     4.06
  SINCE OCT 1     33.16              24.09   9.07    23.80
  SINCE JAN 1     12.44               8.12   4.32     5.42

SNOWFALL (IN)
  YESTERDAY        0.0    0.0  2002   0.0    0.0      0.0
  MONTH TO DATE    0.0                0.1   -0.1      0.0
  SINCE DEC 1      T                  0.1   -0.1      0.0
  SINCE JUL 1      T                  0.1   -0.1      0.0
  SNOW DEPTH       0

DEGREE DAYS
 HEATING
  YESTERDAY        5                 16    -11        4
  MONTH TO DATE  118                128    -10       52
  SINCE DEC 1   1050               1177   -127      847
  SINCE JUL 1   2132               2599   -467     1867

 COOLING
  YESTERDAY        0                  0      0        0
  MONTH TO DATE    0                  0      0        0
  SINCE DEC 1      0                  0      0        0
  SINCE JAN 1      0                  0      0        0
...........................................................


WIND (MPH)
  HIGHEST WIND SPEED     7   HIGHEST WIND DIRECTION     W (270)
  HIGHEST GUST SPEED     7   HIGHEST GUST DIRECTION    MM
  AVERAGE WIND SPEED     2.3


SKY COVER
  AVERAGE SKY COVER 0.0


WEATHER CONDITIONS
 THE FOLLOWING WEATHER WAS RECORDED YESTERDAY.
  NO SIGNIFICANT WEATHER WAS OBSERVED.


..........................................................


THE EUREKA CA CLIMATE NORMALS FOR TODAY
                         NORMAL    RECORD    YEAR
 MAXIMUM TEMPERATURE (F)   56        70      1928
 MINIMUM TEMPERATURE (F)   42        28      1923
                                             1887


SUNRISE AND SUNSET
FEBRUARY  9 2016......SUNRISE   719 AM PST   SUNSET   544 PM PST
FEBRUARY 10 2016......SUNRISE   717 AM PST   SUNSET   545 PM PST


-  INDICATES NEGATIVE NUMBERS.
R  INDICATES RECORD WAS SET OR TIED.
MM INDICATES DATA IS MISSING.
T  INDICATES TRACE AMOUNT.




&&

..........................................................

TOTAL SEASON     NORMAL   % OF NORMAL     LAST SEASON

    33.16         24.09        138            23.80


$$
