421
CDUS46 KEKA 111210
CLIEKA


CLIMATE REPORT
NATIONAL WEATHER SERVICE EUREKA CA
409 AM PST SUN DEC 11 2016


...................................

...THE EUREKA CA CLIMATE SUMMARY FOR DECEMBER 10 2016...

CLIMATE NORMAL PERIOD 1981 TO 2010
CLIMATE RECORD PERIOD 1886 TO 2016


WEATHER ITEM   OBSERVED RECORD YEAR NORMAL DEPARTURE LAST
                VALUE   VALUE       VALUE  FROM      YEAR
                                           NORMAL
...........................................................
TEMPERATURE (F)
 YESTERDAY
  MAXIMUM         54     69    1973  55     -1       59
  MINIMUM         42     25    1932  41      1       46
  AVERAGE         48                 48      0       53

PRECIPITATION (IN)
  YESTERDAY        0.60   3.77 1939   0.25   0.35     0.79
  MONTH TO DATE    2.87               2.58   0.29     3.91
  SINCE OCT 1     20.77              10.43  10.34     9.97
  SINCE JAN 1     48.13              34.79  13.34    23.09

SNOWFALL (IN)
  YESTERDAY       MM     MM      MM   0.0   MM         T
  MONTH TO DATE    0.0                0.0    0.0       T
  SINCE DEC 1      0.0                0.0    0.0       T
  SINCE JUL 1      T                  0.0    0.0       T
  SNOW DEPTH       0

DEGREE DAYS
 HEATING
  YESTERDAY       17                 17      0       12
  MONTH TO DATE  190                169     21       89
  SINCE DEC 1    190                169     21       89
  SINCE JUL 1   1424               1591   -167     1171

 COOLING
  YESTERDAY        0                  0      0        0
  MONTH TO DATE    0                  0      0        0
  SINCE DEC 1      0                  0      0        0
  SINCE JAN 1      0                  0      0        6
...........................................................


WIND (MPH)
  HIGHEST WIND SPEED    12   HIGHEST WIND DIRECTION     N (360)
  HIGHEST GUST SPEED    15   HIGHEST GUST DIRECTION    MM
  AVERAGE WIND SPEED     3.6


SKY COVER
  AVERAGE SKY COVER 1.0


WEATHER CONDITIONS
 THE FOLLOWING WEATHER WAS RECORDED YESTERDAY.
  RAIN
  LIGHT RAIN
  FOG


..........................................................


THE EUREKA CA CLIMATE NORMALS FOR TODAY
                         NORMAL    RECORD    YEAR
 MAXIMUM TEMPERATURE (F)   55        69      1973
 MINIMUM TEMPERATURE (F)   41        24      1932


SUNRISE AND SUNSET
DECEMBER 11 2016......SUNRISE   731 AM PST   SUNSET   449 PM PST
DECEMBER 12 2016......SUNRISE   732 AM PST   SUNSET   449 PM PST


-  INDICATES NEGATIVE NUMBERS.
R  INDICATES RECORD WAS SET OR TIED.
MM INDICATES DATA IS MISSING.
T  INDICATES TRACE AMOUNT.




&&

..........................................................

TOTAL SEASON     NORMAL   % OF NORMAL     LAST SEASON

    20.77         10.43        199             9.97


$$
