000
CDUS46 KEKA 271212
CLIEKA


CLIMATE REPORT
NATIONAL WEATHER SERVICE EUREKA CA
511 AM PDT THU APR 27 2017


...................................

...THE EUREKA CA CLIMATE SUMMARY FOR APRIL 26 2017...

CLIMATE NORMAL PERIOD 1981 TO 2010
CLIMATE RECORD PERIOD 1886 TO 2017


WEATHER ITEM   OBSERVED RECORD YEAR NORMAL DEPARTURE LAST
                VALUE   VALUE       VALUE  FROM      YEAR
                                           NORMAL
...........................................................
TEMPERATURE (F)
 YESTERDAY
  MAXIMUM         56     73    2004  58     -2       57
                               1891
  MINIMUM         50     35    1901  45      5       45
  AVERAGE         53                 52      1       51

PRECIPITATION (IN)
  YESTERDAY        0.59   1.02 2010   0.09   0.50     0.00
  MONTH TO DATE    5.46               2.98   2.48     2.52
  SINCE OCT 1     60.81              36.38  24.43    46.39
  SINCE JAN 1     35.04              20.41  14.63    25.67

SNOWFALL (IN)
  YESTERDAY        0.0    0.0  2001   0.0    0.0      0.0
  MONTH TO DATE    T                  0.0    0.0      0.0
  SINCE MAR 1      T                  0.0    0.0      0.0
  SINCE JUL 1      T                  0.2   -0.2       T
  SNOW DEPTH       0

DEGREE DAYS
 HEATING
  YESTERDAY       12                 13     -1       14
  MONTH TO DATE  327                372    -45      262
  SINCE MAR 1    757                848    -91      653
  SINCE JUL 1   3646               3770   -124     3063

 COOLING
  YESTERDAY        0                  0      0        0
  MONTH TO DATE    0                  0      0        0
  SINCE MAR 1      0                  0      0        0
  SINCE JAN 1      0                  0      0        0
...........................................................


WIND (MPH)
  HIGHEST WIND SPEED    12   HIGHEST WIND DIRECTION     N (360)
  HIGHEST GUST SPEED    18   HIGHEST GUST DIRECTION    NW (330)
  AVERAGE WIND SPEED     6.3


SKY COVER
  AVERAGE SKY COVER 0.9


WEATHER CONDITIONS
 THE FOLLOWING WEATHER WAS RECORDED YESTERDAY.
  LIGHT RAIN
  FOG


..........................................................


THE EUREKA CA CLIMATE NORMALS FOR TODAY
                         NORMAL    RECORD    YEAR
 MAXIMUM TEMPERATURE (F)   59        68      1992
 MINIMUM TEMPERATURE (F)   45        34      1955


SUNRISE AND SUNSET
APRIL 27 2017.........SUNRISE   620 AM PDT   SUNSET   809 PM PDT
APRIL 28 2017.........SUNRISE   619 AM PDT   SUNSET   810 PM PDT


-  INDICATES NEGATIVE NUMBERS.
R  INDICATES RECORD WAS SET OR TIED.
MM INDICATES DATA IS MISSING.
T  INDICATES TRACE AMOUNT.




&&

..........................................................

TOTAL SEASON     NORMAL   % OF NORMAL     LAST SEASON

    60.81         36.38        167            46.39


$$
