000
CDUS46 KEKA 301211
CLIEKA


CLIMATE REPORT
NATIONAL WEATHER SERVICE EUREKA CA
511 AM PDT THU OCT 30 2014


...................................

...THE EUREKA CA CLIMATE SUMMARY FOR OCTOBER 29 2014...

CLIMATE NORMAL PERIOD 1981 TO 2010
CLIMATE RECORD PERIOD 1886 TO 2014


WEATHER ITEM   OBSERVED RECORD YEAR NORMAL DEPARTURE LAST
                VALUE   VALUE       VALUE  FROM      YEAR
                                           NORMAL
...........................................................
TEMPERATURE (F)
 YESTERDAY
  MAXIMUM         67     73    1939  61      6       57
  MINIMUM         58     32    1971  46     12       40
  AVERAGE         63                 53     10       49

PRECIPITATION (IN)
  YESTERDAY        T      5.04 1950   0.12  -0.12     0.00
  MONTH TO DATE    4.01               1.99   2.02     0.05
  SINCE JUL 1      7.14               3.07   4.07     3.27
  SINCE JAN 1     23.13              26.35  -3.22    14.75

SNOWFALL (IN)
  YESTERDAY        0.0    0.0  2002   0.0    0.0      0.0
                               2001
  MONTH TO DATE    0.0                0.0    0.0      0.0
  SINCE SEP 1      0.0                0.0    0.0      0.0
  SINCE JUL 1      0.0                0.0    0.0      0.0
  SNOW DEPTH       0

DEGREE DAYS
 HEATING
  YESTERDAY        2                 12    -10       16
  MONTH TO DATE  165                305   -140      400
  SINCE SEP 1    325                544   -219      538
  SINCE JUL 1    688                970   -282      957

 COOLING
  YESTERDAY        0                  0      0        0
  MONTH TO DATE    0                  0      0        0
  SINCE SEP 1      3                  0      3        1
  SINCE JAN 1      4                  0      4        6
...........................................................


WIND (MPH)
  HIGHEST WIND SPEED     8   HIGHEST WIND DIRECTION    NW (320)
  HIGHEST GUST SPEED     9   HIGHEST GUST DIRECTION    MM
  AVERAGE WIND SPEED     1.6


SKY COVER
  AVERAGE SKY COVER 0.9


WEATHER CONDITIONS
 THE FOLLOWING WEATHER WAS RECORDED YESTERDAY.
  FOG


..........................................................


THE EUREKA CA CLIMATE NORMALS FOR TODAY
                         NORMAL    RECORD    YEAR
 MAXIMUM TEMPERATURE (F)   60        73      1949
 MINIMUM TEMPERATURE (F)   46        35      1935


SUNRISE AND SUNSET
OCTOBER 30 2014.......SUNRISE   745 AM PDT   SUNSET   615 PM PDT
OCTOBER 31 2014.......SUNRISE   746 AM PDT   SUNSET   614 PM PDT


-  INDICATES NEGATIVE NUMBERS.
R  INDICATES RECORD WAS SET OR TIED.
MM INDICATES DATA IS MISSING.
T  INDICATES TRACE AMOUNT.




&&

..........................................................

TOTAL SEASON     NORMAL   % OF NORMAL     LAST SEASON

     7.14          3.07        233             3.27


$$
