000
CDUS46 KEKA 191213
CLIEKA


CLIMATE REPORT
NATIONAL WEATHER SERVICE EUREKA CA
513 AM PDT FRI SEP 19 2014


...................................

...THE EUREKA CA CLIMATE SUMMARY FOR SEPTEMBER 18 2014...

CLIMATE NORMAL PERIOD 1981 TO 2010
CLIMATE RECORD PERIOD 1886 TO 2014


WEATHER ITEM   OBSERVED RECORD YEAR NORMAL DEPARTURE LAST
                VALUE   VALUE       VALUE  FROM      YEAR
                                           NORMAL
...........................................................
TEMPERATURE (F)
 YESTERDAY
  MAXIMUM         71     76    1946  64      7       66
  MINIMUM         59     42    1988  50      9       51
                               1908
  AVERAGE         65                 57      8       59

PRECIPITATION (IN)
  YESTERDAY        T      1.45 1977   0.02  -0.02     0.00
  MONTH TO DATE    0.38               0.29   0.09     0.12
  SINCE JUL 1      0.42               0.78  -0.36     0.20
  SINCE JAN 1     16.41              24.06  -7.65    11.68

SNOWFALL (IN)
  YESTERDAY        0.0    0.0  2002   0.0    0.0      0.0
                               2001
  MONTH TO DATE    0.0                0.0    0.0      0.0
  SINCE SEP 1      0.0                0.0    0.0      0.0
  SINCE JUL 1      0.0                0.0    0.0      0.0
  SNOW DEPTH       0

DEGREE DAYS
 HEATING
  YESTERDAY        0                  8     -8        6
  MONTH TO DATE  122                134    -12       58
  SINCE SEP 1    122                134    -12       58
  SINCE JUL 1    485                560    -75      477

 COOLING
  YESTERDAY        0                  0      0        0
  MONTH TO DATE    0                  0      0        1
  SINCE SEP 1      0                  0      0        1
  SINCE JAN 1      1                  0      1        6
...........................................................


WIND (MPH)
  HIGHEST WIND SPEED    10   HIGHEST WIND DIRECTION    NE (30)
  HIGHEST GUST SPEED    18   HIGHEST GUST DIRECTION    MM
  AVERAGE WIND SPEED     4.3


SKY COVER
  AVERAGE SKY COVER 0.9


WEATHER CONDITIONS
 THE FOLLOWING WEATHER WAS RECORDED YESTERDAY.
  LIGHT RAIN
  FOG


..........................................................


THE EUREKA CA CLIMATE NORMALS FOR TODAY
                         NORMAL    RECORD    YEAR
 MAXIMUM TEMPERATURE (F)   64        80      1984
 MINIMUM TEMPERATURE (F)   50        43      1908


SUNRISE AND SUNSET
SEPTEMBER 19 2014.....SUNRISE   701 AM PDT   SUNSET   719 PM PDT
SEPTEMBER 20 2014.....SUNRISE   702 AM PDT   SUNSET   717 PM PDT


-  INDICATES NEGATIVE NUMBERS.
R  INDICATES RECORD WAS SET OR TIED.
MM INDICATES DATA IS MISSING.
T  INDICATES TRACE AMOUNT.




&&

..........................................................

TOTAL SEASON     NORMAL   % OF NORMAL     LAST SEASON

     0.42          0.78        54             0.20


$$
