000
CDUS41 KRLX 180834
CLIEKN


CLIMATE REPORT
NATIONAL WEATHER SERVICE CHARLESTON WV
333 AM EST MON DEC 18 2017


...................................

...THE ELKINS WV CLIMATE SUMMARY FOR DECEMBER 17 2017...

CLIMATE NORMAL PERIOD 1981 TO 2010
CLIMATE RECORD PERIOD 1899 TO 2017


WEATHER ITEM   OBSERVED TIME   RECORD YEAR NORMAL DEPARTURE LAST
                VALUE   (LST)  VALUE       VALUE  FROM      YEAR
                                                  NORMAL
..................................................................
TEMPERATURE (F)
 YESTERDAY
  MAXIMUM         41    730 PM  69    1933  42     -1       65
  MINIMUM         23    736 AM  -8    1989  22      1       30
  AVERAGE         32                        32      0       48

PRECIPITATION (IN)
  YESTERDAY        T             0.99 1906   0.10  -0.10     0.48
  MONTH TO DATE    0.65                      1.88  -1.23     2.25
  SINCE JAN 1     44.36                     44.55  -0.19    42.44

SNOWFALL (IN)
  YESTERDAY        0.0           7.0  1919   0.6   -0.6      0.0
  MONTH TO DATE    4.9                       8.5   -3.6      3.2
  SINCE SEP 1      4.9                      14.1   -9.2      7.9
  SNOW DEPTH       0

DEGREE DAYS
 HEATING
  YESTERDAY       33                        33      0       17
  MONTH TO DATE  532                       525      7      551
  SINCE DEC 1    532                       525      7      551
  SINCE JUL 1   1617                      1809   -192     1496

 COOLING
  YESTERDAY        0                         0      0        0
  MONTH TO DATE    0                         0      0        0
  SINCE DEC 1      0                         0      0        0
  SINCE JAN 1    544                       475     69      809
..................................................................


WIND (MPH)
  HIGHEST WIND SPEED    10   HIGHEST WIND DIRECTION     S (170)
  HIGHEST GUST SPEED    16   HIGHEST GUST DIRECTION     S (170)
  AVERAGE WIND SPEED     1.5


SKY COVER
  POSSIBLE SUNSHINE  MM
  AVERAGE SKY COVER 0.4


WEATHER CONDITIONS
 THE FOLLOWING WEATHER WAS RECORDED YESTERDAY.
  LIGHT RAIN
  FOG


RELATIVE HUMIDITY (PERCENT)
 HIGHEST    89           900 PM
 LOWEST     70           200 PM
 AVERAGE    80

..........................................................


THE ELKINS WV CLIMATE NORMALS FOR TODAY
                         NORMAL    RECORD    YEAR
 MAXIMUM TEMPERATURE (F)   41        68      1924
 MINIMUM TEMPERATURE (F)   22       -10      1989


SUNRISE AND SUNSET
DECEMBER 18 2017......SUNRISE   733 AM EST   SUNSET   500 PM EST
DECEMBER 19 2017......SUNRISE   733 AM EST   SUNSET   500 PM EST


-  INDICATES NEGATIVE NUMBERS.
R  INDICATES RECORD WAS SET OR TIED.
MM INDICATES DATA IS MISSING.
T  INDICATES TRACE AMOUNT.




$$
