696
CDUS41 KRLX 280723
CLIEKN


CLIMATE REPORT
NATIONAL WEATHER SERVICE CHARLESTON WV
322 AM EDT SUN MAY 28 2017


...................................

...THE ELKINS WV CLIMATE SUMMARY FOR MAY 27 2017...

CLIMATE NORMAL PERIOD 1981 TO 2010
CLIMATE RECORD PERIOD 1899 TO 2017


WEATHER ITEM   OBSERVED TIME   RECORD YEAR NORMAL DEPARTURE LAST
                VALUE   (LST)  VALUE       VALUE  FROM      YEAR
                                                  NORMAL
..................................................................
TEMPERATURE (F)
 YESTERDAY
  MAXIMUM         72    626 PM  89    2012  73     -1       85
  MINIMUM         52    134 AM  30    1983  49      3       57
                                      1949
                                      1925
  AVERAGE         62                        61      1       71

PRECIPITATION (IN)
  YESTERDAY        0.09          2.18 1996   0.17  -0.08     0.00
  MONTH TO DATE    3.77                      4.46  -0.69     6.21
  SINCE JAN 1     20.11                     18.55   1.56    17.41

SNOWFALL (IN)
  YESTERDAY        0.0
  MONTH TO DATE    0.0
  SINCE SEP 1     44.5
  SNOW DEPTH       0

DEGREE DAYS
 HEATING
  YESTERDAY        3                         5     -2        0
  MONTH TO DATE  194                       217    -23      230
  SINCE MAR 1   1184                      1459   -275     1218
  SINCE JUL 1   4587                      5780  -1193     4960

 COOLING
  YESTERDAY        0                         1     -1        6
  MONTH TO DATE   29                        14     15       11
  SINCE MAR 1     39                        17     22       14
  SINCE JAN 1     39                        17     22       14
..................................................................


WIND (MPH)
  HIGHEST WIND SPEED    12   HIGHEST WIND DIRECTION    SW (230)
  HIGHEST GUST SPEED    16   HIGHEST GUST DIRECTION     W (260)
  AVERAGE WIND SPEED     2.2


SKY COVER
  POSSIBLE SUNSHINE  MM
  AVERAGE SKY COVER 0.8


WEATHER CONDITIONS
 THE FOLLOWING WEATHER WAS RECORDED YESTERDAY.
  RAIN
  LIGHT RAIN
  FOG


RELATIVE HUMIDITY (PERCENT)
 HIGHEST    93           200 AM
 LOWEST     73           300 PM
 AVERAGE    83

..........................................................


THE ELKINS WV CLIMATE NORMALS FOR TODAY
                         NORMAL    RECORD    YEAR
 MAXIMUM TEMPERATURE (F)   73        88      2012
                                             1914
 MINIMUM TEMPERATURE (F)   49        31      1994


SUNRISE AND SUNSET
MAY 28 2017...........SUNRISE   558 AM EDT   SUNSET   836 PM EDT
MAY 29 2017...........SUNRISE   557 AM EDT   SUNSET   837 PM EDT


-  INDICATES NEGATIVE NUMBERS.
R  INDICATES RECORD WAS SET OR TIED.
MM INDICATES DATA IS MISSING.
T  INDICATES TRACE AMOUNT.




$$
