000
CDUS41 KRLX 070717
CLIEKN


CLIMATE REPORT
NATIONAL WEATHER SERVICE CHARLESTON WV
316 AM EDT TUE JUL 7 2015


...................................

...THE ELKINS WV CLIMATE SUMMARY FOR JULY 6 2015...

CLIMATE NORMAL PERIOD 1981 TO 2010
CLIMATE RECORD PERIOD 1899 TO 2015


WEATHER ITEM   OBSERVED TIME   RECORD YEAR NORMAL DEPARTURE LAST
                VALUE   (LST)  VALUE       VALUE  FROM      YEAR
                                                  NORMAL
..................................................................
TEMPERATURE (F)
 YESTERDAY
  MAXIMUM         76    148 PM  94    2012  81     -5       82
  MINIMUM         64    509 AM  41    1979  59      5       47
                                      1951
  AVERAGE         70                        70      0       65

PRECIPITATION (IN)
  YESTERDAY        0.47          1.28 1929   0.18   0.29     0.00
  MONTH TO DATE    1.07                      1.05   0.02      T
  SINCE JAN 1     31.44                     24.66   6.78    19.86

SNOWFALL (IN)
  YESTERDAY        0.0
  MONTH TO DATE    0.0
  SINCE SEP 1     70.3
  SNOW DEPTH       0

DEGREE DAYS
 HEATING
  YESTERDAY        0                         1     -1        0
  MONTH TO DATE    0                         6     -6        6
  SINCE JUN 1     21                        61    -40       20
  SINCE JUL 1      0                         6     -6        6

 COOLING
  YESTERDAY        5                         5      0        0
  MONTH TO DATE   16                        30    -14       26
  SINCE JUN 1    169                       122     47      171
  SINCE JAN 1    234                       145     89      207
..................................................................


WIND (MPH)
  HIGHEST WIND SPEED     9   HIGHEST WIND DIRECTION     W (280)
  HIGHEST GUST SPEED    13   HIGHEST GUST DIRECTION    NW (300)
  AVERAGE WIND SPEED     1.8


SKY COVER
  POSSIBLE SUNSHINE  MM
  AVERAGE SKY COVER 0.8


WEATHER CONDITIONS
 THE FOLLOWING WEATHER WAS RECORDED YESTERDAY.
  HEAVY RAIN
  RAIN
  LIGHT RAIN
  FOG


RELATIVE HUMIDITY (PERCENT)
 HIGHEST    93           200 AM
 LOWEST     79          1000 AM
 AVERAGE    86

..........................................................


THE ELKINS WV CLIMATE NORMALS FOR TODAY
                         NORMAL    RECORD    YEAR
 MAXIMUM TEMPERATURE (F)   81        96      2012
 MINIMUM TEMPERATURE (F)   59        33      2001


SUNRISE AND SUNSET
JULY  7 2015..........SUNRISE   601 AM EDT   SUNSET   847 PM EDT
JULY  8 2015..........SUNRISE   602 AM EDT   SUNSET   847 PM EDT


-  INDICATES NEGATIVE NUMBERS.
R  INDICATES RECORD WAS SET OR TIED.
MM INDICATES DATA IS MISSING.
T  INDICATES TRACE AMOUNT.




$$
