000
CDUS41 KRLX 300735
CLIEKN


CLIMATE REPORT
NATIONAL WEATHER SERVICE CHARLESTON WV
329 AM EDT WED JUL 30 2014


...................................

...THE ELKINS WV CLIMATE SUMMARY FOR JULY 29 2014...

CLIMATE NORMAL PERIOD 1981 TO 2010
CLIMATE RECORD PERIOD 1899 TO 2014


WEATHER ITEM   OBSERVED TIME   RECORD YEAR NORMAL DEPARTURE LAST
                VALUE   (LST)  VALUE       VALUE  FROM      YEAR
                                                  NORMAL
..................................................................
TEMPERATURE (F)
 YESTERDAY
  MAXIMUM         67    320 PM  91    1940  81    -14       73
  MINIMUM         49   1036 PM  44    1925  59    -10       50
                                      1920
  AVERAGE         58                        70    -12       62

PRECIPITATION (IN)
  YESTERDAY        T             1.39 1939   0.17  -0.17     0.00
  MONTH TO DATE    5.28                      5.04   0.24     4.09
  SINCE JAN 1     25.14                     28.65  -3.51    24.65

SNOWFALL (IN)
  YESTERDAY        0.0
  MONTH TO DATE    0.0
  SINCE SEP 1     92.3
  SNOW DEPTH       0

DEGREE DAYS
 HEATING
  YESTERDAY        7                         0      7        3
  MONTH TO DATE   29                         8     21        4
  SINCE JUN 1     43                        63    -20       16
  SINCE JUL 1     29                         8     21        4

 COOLING
  YESTERDAY        0                         5     -5        0
  MONTH TO DATE  142                       147     -5      206
  SINCE JUN 1    287                       239     48      303
  SINCE JAN 1    323                       262     61      328
..................................................................


WIND (MPH)
  HIGHEST WIND SPEED    13   HIGHEST WIND DIRECTION     W (290)
  HIGHEST GUST SPEED    17   HIGHEST GUST DIRECTION    NW (300)
  AVERAGE WIND SPEED     3.3


SKY COVER
  POSSIBLE SUNSHINE  MM
  AVERAGE SKY COVER 0.7


WEATHER CONDITIONS
 THE FOLLOWING WEATHER WAS RECORDED YESTERDAY.
  LIGHT RAIN
  FOG
  FOG W/VISIBILITY <= 1/4 MILE


RELATIVE HUMIDITY (PERCENT)
 HIGHEST    96           900 PM
 LOWEST     56           100 PM
 AVERAGE    76

..........................................................


THE ELKINS WV CLIMATE NORMALS FOR TODAY
                         NORMAL    RECORD    YEAR
 MAXIMUM TEMPERATURE (F)   81        92      1913
 MINIMUM TEMPERATURE (F)   59        44      1981


SUNRISE AND SUNSET
JULY 30 2014..........SUNRISE   619 AM EDT   SUNSET   832 PM EDT
JULY 31 2014..........SUNRISE   620 AM EDT   SUNSET   831 PM EDT


-  INDICATES NEGATIVE NUMBERS.
R  INDICATES RECORD WAS SET OR TIED.
MM INDICATES DATA IS MISSING.
T  INDICATES TRACE AMOUNT.




$$
