000
CDUS41 KRLX 230725
CLIEKN


CLIMATE REPORT
NATIONAL WEATHER SERVICE CHARLESTON WV
324 AM EDT SUN JUL 23 2017


...................................

...THE ELKINS WV CLIMATE SUMMARY FOR JULY 22 2017...

CLIMATE NORMAL PERIOD 1981 TO 2010
CLIMATE RECORD PERIOD 1899 TO 2017


WEATHER ITEM   OBSERVED TIME   RECORD YEAR NORMAL DEPARTURE LAST
                VALUE   (LST)  VALUE       VALUE  FROM      YEAR
                                                  NORMAL
..................................................................
TEMPERATURE (F)
 YESTERDAY
  MAXIMUM         82    205 PM  94    1926  81      1       88
  MINIMUM         65    539 AM  41    1966  59      6       56
  AVERAGE         74                        70      4       72

PRECIPITATION (IN)
  YESTERDAY        0.74          1.34 1923   0.18   0.56     0.00
  MONTH TO DATE    3.43                      3.90  -0.47     3.28
  SINCE JAN 1     27.83                     27.51   0.32    25.78

SNOWFALL (IN)
  YESTERDAY        0.0
  MONTH TO DATE    0.0
  SINCE SEP 1     44.5
  SNOW DEPTH       0

DEGREE DAYS
 HEATING
  YESTERDAY        0                         0      0        0
  MONTH TO DATE    0                         8     -8        0
  SINCE JUN 1     58                        63     -5       28
  SINCE JUL 1      0                         8     -8        0

 COOLING
  YESTERDAY        9                         5      4        7
  MONTH TO DATE  163                       112     51      150
  SINCE JUN 1    269                       204     65      271
  SINCE JAN 1    313                       227     86      300
..................................................................


WIND (MPH)
  HIGHEST WIND SPEED    15   HIGHEST WIND DIRECTION     N (360)
  HIGHEST GUST SPEED    24   HIGHEST GUST DIRECTION     W (260)
  AVERAGE WIND SPEED     4.8


SKY COVER
  POSSIBLE SUNSHINE  MM
  AVERAGE SKY COVER 0.6


WEATHER CONDITIONS
 THE FOLLOWING WEATHER WAS RECORDED YESTERDAY.
  HEAVY RAIN
  RAIN
  LIGHT RAIN
  FOG
  HAZE


RELATIVE HUMIDITY (PERCENT)
 HIGHEST    93          1200 AM
 LOWEST     69          1100 AM
 AVERAGE    81

..........................................................


THE ELKINS WV CLIMATE NORMALS FOR TODAY
                         NORMAL    RECORD    YEAR
 MAXIMUM TEMPERATURE (F)   81        94      1987
 MINIMUM TEMPERATURE (F)   59        41      1947


SUNRISE AND SUNSET
JULY 23 2017..........SUNRISE   613 AM EDT   SUNSET   838 PM EDT
JULY 24 2017..........SUNRISE   614 AM EDT   SUNSET   838 PM EDT


-  INDICATES NEGATIVE NUMBERS.
R  INDICATES RECORD WAS SET OR TIED.
MM INDICATES DATA IS MISSING.
T  INDICATES TRACE AMOUNT.




$$
