000
CDUS45 KLKN 160938
CLIEKO


CLIMATE REPORT
NATIONAL WEATHER SERVICE ELKO NV
137 AM PST MON JAN 16 2017


...................................

...THE ELKO AIRPORT NV CLIMATE SUMMARY FOR JANUARY 15 2017...

CLIMATE NORMAL PERIOD 1981 TO 2010
CLIMATE RECORD PERIOD 1888 TO 2017


WEATHER ITEM   OBSERVED TIME   RECORD YEAR NORMAL DEPARTURE LAST
                VALUE   (LST)  VALUE       VALUE  FROM      YEAR
                                                  NORMAL
..................................................................
TEMPERATURE (F)
 YESTERDAY
  MAXIMUM         27    151 PM  60    1895  36     -9       35
  MINIMUM         22   1159 PM -29    1917  14      8       18
  AVERAGE         25                        25      0       27

PRECIPITATION (IN)
  YESTERDAY        0.00          0.62 1998   0.04  -0.04     0.13
  MONTH TO DATE    1.84                      0.59   1.25     0.68
  SINCE OCT 1      7.47                      3.65   3.82     5.22
  SINCE JAN 1      1.84                      0.59   1.25     0.68

SNOWFALL (IN)
  YESTERDAY        0.0           6.0  1899   0.3   -0.3      1.6
  MONTH TO DATE   18.3                       5.4   12.9      8.5
  SINCE DEC 1     30.5                      15.3   15.2     31.8
  SINCE JUL 1     36.0                      21.0   15.0     44.0
  SNOW DEPTH       0

DEGREE DAYS
 HEATING
  YESTERDAY       40                        40      0       38
  MONTH TO DATE  620                       600     20      645
  SINCE DEC 1   1874                      1810     64     1895
  SINCE JUL 1   3219                      3548   -329     3376

 COOLING
  YESTERDAY        0                         0      0        0
  MONTH TO DATE    0                         0      0        0
  SINCE DEC 1      0                         0      0        0
  SINCE JAN 1      0                         0      0        0
..................................................................


WIND (MPH)
  HIGHEST WIND SPEED    10   HIGHEST WIND DIRECTION    NW (320)
  HIGHEST GUST SPEED    13   HIGHEST GUST DIRECTION    NW (320)
  AVERAGE WIND SPEED     4.0



WEATHER CONDITIONS
 THE FOLLOWING WEATHER WAS RECORDED YESTERDAY.
  NO SIGNIFICANT WEATHER WAS OBSERVED.


RELATIVE HUMIDITY (PERCENT)
 HIGHEST    81          1200 AM
 LOWEST     74           900 PM
 AVERAGE    78

..........................................................


THE ELKO AIRPORT NV CLIMATE NORMALS FOR TODAY
                         NORMAL    RECORD    YEAR
 MAXIMUM TEMPERATURE (F)   36        56      1899
 MINIMUM TEMPERATURE (F)   14       -25      1917


SUNRISE AND SUNSET
JANUARY 16 2017.......SUNRISE   705 AM PST   SUNSET   442 PM PST
JANUARY 17 2017.......SUNRISE   704 AM PST   SUNSET   443 PM PST


-  INDICATES NEGATIVE NUMBERS.
R  INDICATES RECORD WAS SET OR TIED.
MM INDICATES DATA IS MISSING.
T  INDICATES TRACE AMOUNT.




$$
