000
CDUS45 KLKN 270929
CLIEKO


CLIMATE REPORT
NATIONAL WEATHER SERVICE ELKO NV
128 AM PST SAT DEC 27 2014


...................................

...THE ELKO AIRPORT NV CLIMATE SUMMARY FOR DECEMBER 26 2014...

CLIMATE NORMAL PERIOD 1981 TO 2010
CLIMATE RECORD PERIOD 1888 TO 2014


WEATHER ITEM   OBSERVED TIME   RECORD YEAR NORMAL DEPARTURE LAST
                VALUE   (LST)  VALUE       VALUE  FROM      YEAR
                                                  NORMAL
..................................................................
TEMPERATURE (F)
 YESTERDAY
  MAXIMUM         31    217 PM  57    1933  36     -5       37
  MINIMUM         17   1159 PM -40    1924  14      3       11
  AVERAGE         24                        25     -1       24

PRECIPITATION (IN)
  YESTERDAY        T             0.70 1981   0.04  -0.04     0.00
  MONTH TO DATE    0.93                      0.99  -0.06     0.65
  SINCE OCT 1      2.08                      2.85  -0.77     1.61
  SINCE JAN 1     10.13                      9.70   0.43     6.46

SNOWFALL (IN)
  YESTERDAY        0.1           4.3  2012   0.4   -0.3      0.0
  MONTH TO DATE    2.5                       8.1   -5.6      4.4
  SINCE DEC 1      2.5                       8.1   -5.6      4.4
  SINCE JUL 1      4.4                      13.8   -9.4     10.1
  SNOW DEPTH       T

DEGREE DAYS
 HEATING
  YESTERDAY       41                        40      1       41
  MONTH TO DATE  757                      1009   -252     1185
  SINCE DEC 1    757                      1009   -252     1185
  SINCE JUL 1   2117                      2747   -630     2745

 COOLING
  YESTERDAY        0                         0      0        0
  MONTH TO DATE    0                         0      0        0
  SINCE DEC 1      0                         0      0        0
  SINCE JAN 1    549                       383    166      776
..................................................................


WIND (MPH)
  HIGHEST WIND SPEED    18   HIGHEST WIND DIRECTION    NW (310)
  HIGHEST GUST SPEED    22   HIGHEST GUST DIRECTION    NW (320)
  AVERAGE WIND SPEED     4.4



WEATHER CONDITIONS
 THE FOLLOWING WEATHER WAS RECORDED YESTERDAY.
  LIGHT SNOW


RELATIVE HUMIDITY (PERCENT)
 HIGHEST    74           400 AM
 LOWEST     53           200 PM
 AVERAGE    64

..........................................................


THE ELKO AIRPORT NV CLIMATE NORMALS FOR TODAY
                         NORMAL    RECORD    YEAR
 MAXIMUM TEMPERATURE (F)   36        56      1917
 MINIMUM TEMPERATURE (F)   14       -25      1924


SUNRISE AND SUNSET
DECEMBER 27 2014......SUNRISE   706 AM PST   SUNSET   422 PM PST
DECEMBER 28 2014......SUNRISE   707 AM PST   SUNSET   423 PM PST


-  INDICATES NEGATIVE NUMBERS.
R  INDICATES RECORD WAS SET OR TIED.
MM INDICATES DATA IS MISSING.
T  INDICATES TRACE AMOUNT.




$$
