000
CDUS45 KLKN 060939
CLIEKO


CLIMATE REPORT
NATIONAL WEATHER SERVICE ELKO NV
231 AM PDT MON JUL 6 2015


...................................

...THE ELKO AIRPORT NV CLIMATE SUMMARY FOR JULY 5 2015...

CLIMATE NORMAL PERIOD 1981 TO 2010
CLIMATE RECORD PERIOD 1888 TO 2015


WEATHER ITEM   OBSERVED TIME   RECORD YEAR NORMAL DEPARTURE LAST
                VALUE   (LST)  VALUE       VALUE  FROM      YEAR
                                                  NORMAL
..................................................................
TEMPERATURE (F)
 YESTERDAY
  MAXIMUM         87    407 PM 102    1985  88     -1       97
                                      1913
  MINIMUM         59   1156 PM  32    1986  49     10       54
  AVERAGE         73                        68      5       76

PRECIPITATION (IN)
  YESTERDAY        T             0.05 2006   0.01  -0.01     0.00
                                      2001
  MONTH TO DATE    0.04                      0.05  -0.01     0.00
  SINCE OCT 1      7.62                      8.65  -1.03     7.46
  SINCE JAN 1      5.38                      5.59  -0.21     5.85

SNOWFALL (IN)
  YESTERDAY        0.0           0.0  1888   0.0    0.0      0.0
  MONTH TO DATE    0.0                       0.0    0.0      0.0
  SINCE JUN 1      0.0                       0.0    0.0      0.0
  SINCE JUL 1      0.0                       0.0    0.0      0.0
  SNOW DEPTH       0

DEGREE DAYS
 HEATING
  YESTERDAY        0                         1     -1        0
  MONTH TO DATE    0                         5     -5        0
  SINCE JUN 1     24                       136   -112       92
  SINCE JUL 1      0                         5     -5        0

 COOLING
  YESTERDAY        8                         5      3       11
  MONTH TO DATE   64                        21     43       51
  SINCE JUN 1    242                        68    174       80
  SINCE JAN 1    249                        72    177       83
..................................................................


WIND (MPH)
  HIGHEST WIND SPEED    26   HIGHEST WIND DIRECTION     W (270)
  HIGHEST GUST SPEED    33   HIGHEST GUST DIRECTION    SW (240)
  AVERAGE WIND SPEED    12.3



WEATHER CONDITIONS
 THE FOLLOWING WEATHER WAS RECORDED YESTERDAY.
  NO SIGNIFICANT WEATHER WAS OBSERVED.


RELATIVE HUMIDITY (PERCENT)
 HIGHEST    73           200 AM
 LOWEST     23           400 PM
 AVERAGE    48

..........................................................


THE ELKO AIRPORT NV CLIMATE NORMALS FOR TODAY
                         NORMAL    RECORD    YEAR
 MAXIMUM TEMPERATURE (F)   88       104      2007
 MINIMUM TEMPERATURE (F)   49        34      1909
                                             1903
                                             1902


SUNRISE AND SUNSET
JULY  6 2015..........SUNRISE   518 AM PDT   SUNSET   817 PM PDT
JULY  7 2015..........SUNRISE   519 AM PDT   SUNSET   817 PM PDT


-  INDICATES NEGATIVE NUMBERS.
R  INDICATES RECORD WAS SET OR TIED.
MM INDICATES DATA IS MISSING.
T  INDICATES TRACE AMOUNT.




$$
