396
CDUS45 KLKN 290934
CLIEKO


CLIMATE REPORT
NATIONAL WEATHER SERVICE ELKO NV
233 AM PDT SAT APR 29 2017


...................................

...THE ELKO AIRPORT NV CLIMATE SUMMARY FOR APRIL 28 2017...

CLIMATE NORMAL PERIOD 1981 TO 2010
CLIMATE RECORD PERIOD 1888 TO 2017


WEATHER ITEM   OBSERVED TIME   RECORD YEAR NORMAL DEPARTURE LAST
                VALUE   (LST)  VALUE       VALUE  FROM      YEAR
                                                  NORMAL
..................................................................
TEMPERATURE (F)
 YESTERDAY
  MAXIMUM         48    535 PM  85    1915  63    -15       59
  MINIMUM         31   1159 PM  13    1899  33     -2       39
  AVERAGE         40                        48     -8       49

PRECIPITATION (IN)
  YESTERDAY        T             0.90 1900   0.03  -0.03     0.18
  MONTH TO DATE    1.31                      0.90   0.41     1.71
  SINCE OCT 1     12.28                      6.92   5.36     9.54
  SINCE JAN 1      6.65                      3.86   2.79     5.00

SNOWFALL (IN)
  YESTERDAY        T             2.7  1942   0.1   -0.1      0.0
  MONTH TO DATE    T                         3.1   -3.1      1.0
  SINCE MAR 1      1.9                       8.2   -6.3      7.5
  SINCE JUL 1     53.3                      40.7   12.6     63.8
  SNOW DEPTH       0

DEGREE DAYS
 HEATING
  YESTERDAY       25                        17      8       16
  MONTH TO DATE  549                       562    -13      433
  SINCE MAR 1   1184                      1371   -187     1109
  SINCE JUL 1   5920                      6539   -619     6134

 COOLING
  YESTERDAY        0                         0      0        0
  MONTH TO DATE    0                         0      0        0
  SINCE MAR 1      0                         0      0        0
  SINCE JAN 1      0                         0      0        0
..................................................................


WIND (MPH)
  HIGHEST WIND SPEED    25   HIGHEST WIND DIRECTION     N (340)
  HIGHEST GUST SPEED    34   HIGHEST GUST DIRECTION     N (340)
  AVERAGE WIND SPEED     8.8



WEATHER CONDITIONS
 THE FOLLOWING WEATHER WAS RECORDED YESTERDAY.
  LIGHT SNOW
  HAZE


RELATIVE HUMIDITY (PERCENT)
 HIGHEST    70           100 AM
 LOWEST     29           100 PM
 AVERAGE    50

..........................................................


THE ELKO AIRPORT NV CLIMATE NORMALS FOR TODAY
                         NORMAL    RECORD    YEAR
 MAXIMUM TEMPERATURE (F)   64        86      1992
 MINIMUM TEMPERATURE (F)   34        16      1899


SUNRISE AND SUNSET
APRIL 29 2017.........SUNRISE   544 AM PDT   SUNSET   738 PM PDT
APRIL 30 2017.........SUNRISE   542 AM PDT   SUNSET   739 PM PDT


-  INDICATES NEGATIVE NUMBERS.
R  INDICATES RECORD WAS SET OR TIED.
MM INDICATES DATA IS MISSING.
T  INDICATES TRACE AMOUNT.




$$
