000
CDUS45 KLKN 170926
CLIEKO


CLIMATE REPORT
NATIONAL WEATHER SERVICE ELKO NV
226 AM PDT WED SEP 17 2014


...................................

...THE ELKO AIRPORT NV CLIMATE SUMMARY FOR SEPTEMBER 16 2014...

CLIMATE NORMAL PERIOD 1981 TO 2010
CLIMATE RECORD PERIOD 1888 TO 2014


WEATHER ITEM   OBSERVED TIME   RECORD YEAR NORMAL DEPARTURE LAST
                VALUE   (LST)  VALUE       VALUE  FROM      YEAR
                                                  NORMAL
..................................................................
TEMPERATURE (F)
 YESTERDAY
  MAXIMUM         92    320 PM  96    1924  79     13       88
  MINIMUM         46    510 AM  19    1912  39      7       51
  AVERAGE         69                        59     10       70

PRECIPITATION (IN)
  YESTERDAY        0.00          0.53 1914   0.02  -0.02     0.01
  MONTH TO DATE    0.01                      0.26  -0.25     1.10
  SINCE OCT 1      9.29                      9.60  -0.31     7.59
  SINCE JAN 1      7.68                      6.54   1.14     4.76

SNOWFALL (IN)
  YESTERDAY        0.0           0.0  1888   0.0    0.0      0.0
  MONTH TO DATE    0.0                       0.0    0.0      0.0
  SINCE SEP 1      0.0                       0.0    0.0      0.0
  SINCE JUL 1      0.0                       0.0    0.0      0.0
  SNOW DEPTH       0

DEGREE DAYS
 HEATING
  YESTERDAY        0                         7     -7        0
  MONTH TO DATE   30                        74    -44        6
  SINCE SEP 1     30                        74    -44        6
  SINCE JUL 1     50                       125    -75        6

 COOLING
  YESTERDAY        4                         1      3        5
  MONTH TO DATE   15                        20     -5       65
  SINCE SEP 1     15                        20     -5       65
  SINCE JAN 1    519                       382    137      775
..................................................................


WIND (MPH)
  HIGHEST WIND SPEED    18   HIGHEST WIND DIRECTION    SW (240)
  HIGHEST GUST SPEED    23   HIGHEST GUST DIRECTION     W (250)
  AVERAGE WIND SPEED     3.9



WEATHER CONDITIONS
 THE FOLLOWING WEATHER WAS RECORDED YESTERDAY.
  NO SIGNIFICANT WEATHER WAS OBSERVED.


RELATIVE HUMIDITY (PERCENT)
 HIGHEST    53           400 AM
 LOWEST     12           300 PM
 AVERAGE    33

..........................................................


THE ELKO AIRPORT NV CLIMATE NORMALS FOR TODAY
                         NORMAL    RECORD    YEAR
 MAXIMUM TEMPERATURE (F)   78        94      1929
 MINIMUM TEMPERATURE (F)   39        13      1889


SUNRISE AND SUNSET
SEPTEMBER 17 2014.....SUNRISE   626 AM PDT   SUNSET   649 PM PDT
SEPTEMBER 18 2014.....SUNRISE   627 AM PDT   SUNSET   647 PM PDT


-  INDICATES NEGATIVE NUMBERS.
R  INDICATES RECORD WAS SET OR TIED.
MM INDICATES DATA IS MISSING.
T  INDICATES TRACE AMOUNT.




$$
