000
CDUS45 KLKN 190929
CLIEKO


CLIMATE REPORT
NATIONAL WEATHER SERVICE ELKO NV
128 AM PST SUN FEB 19 2017


...................................

...THE ELKO AIRPORT NV CLIMATE SUMMARY FOR FEBRUARY 18 2017...

CLIMATE NORMAL PERIOD 1981 TO 2010
CLIMATE RECORD PERIOD 1888 TO 2017


WEATHER ITEM   OBSERVED TIME   RECORD YEAR NORMAL DEPARTURE LAST
                VALUE   (LST)  VALUE       VALUE  FROM      YEAR
                                                  NORMAL
..................................................................
TEMPERATURE (F)
 YESTERDAY
  MAXIMUM         49   1233 PM  65    1981  42      7       44
  MINIMUM         37   1159 PM -20    1932  19     18       31
  AVERAGE         43                        31     12       38

PRECIPITATION (IN)
  YESTERDAY        0.10          1.50 1901   0.03   0.07     0.22
  MONTH TO DATE    1.06                      0.53   0.53     0.31
  SINCE OCT 1      9.17                      4.71   4.46     6.82
  SINCE JAN 1      3.54                      1.65   1.89     2.28

SNOWFALL (IN)
  YESTERDAY        0.0           2.0  2016   0.3   -0.3      2.0
                                      1951
  MONTH TO DATE    T                         4.5   -4.5      3.3
  SINCE DEC 1     42.8                      24.9   17.9     44.1
  SINCE JUL 1     48.3                      30.6   17.7     56.3
  SNOW DEPTH       0

DEGREE DAYS
 HEATING
  YESTERDAY       22                        34    -12       27
  MONTH TO DATE  474                       660   -186      729
  SINCE DEC 1   3068                      3107    -39     3267
  SINCE JUL 1   4413                      4845   -432     4748

 COOLING
  YESTERDAY        0                         0      0        0
  MONTH TO DATE    0                         0      0        0
  SINCE DEC 1      0                         0      0        0
  SINCE JAN 1      0                         0      0        0
..................................................................


WIND (MPH)
  HIGHEST WIND SPEED    26   HIGHEST WIND DIRECTION     S (180)
  HIGHEST GUST SPEED    36   HIGHEST GUST DIRECTION     S (170)
  AVERAGE WIND SPEED     7.1



WEATHER CONDITIONS
 THE FOLLOWING WEATHER WAS RECORDED YESTERDAY.
  LIGHT RAIN
  FOG


RELATIVE HUMIDITY (PERCENT)
 HIGHEST    92           800 PM
 LOWEST     53           200 AM
 AVERAGE    73

..........................................................


THE ELKO AIRPORT NV CLIMATE NORMALS FOR TODAY
                         NORMAL    RECORD    YEAR
 MAXIMUM TEMPERATURE (F)   43        67      1981
 MINIMUM TEMPERATURE (F)   20       -22      1932


SUNRISE AND SUNSET
FEBRUARY 19 2017......SUNRISE   631 AM PST   SUNSET   523 PM PST
FEBRUARY 20 2017......SUNRISE   630 AM PST   SUNSET   524 PM PST


-  INDICATES NEGATIVE NUMBERS.
R  INDICATES RECORD WAS SET OR TIED.
MM INDICATES DATA IS MISSING.
T  INDICATES TRACE AMOUNT.




$$
