000
CDUS45 KLKN 280929
CLIEKO


CLIMATE REPORT
NATIONAL WEATHER SERVICE ELKO NV
226 AM PDT SUN AUG 28 2016


...................................

...THE ELKO AIRPORT NV CLIMATE SUMMARY FOR AUGUST 27 2016...

CLIMATE NORMAL PERIOD 1981 TO 2010
CLIMATE RECORD PERIOD 1888 TO 2016


WEATHER ITEM   OBSERVED TIME   RECORD YEAR NORMAL DEPARTURE LAST
                VALUE   (LST)  VALUE       VALUE  FROM      YEAR
                                                  NORMAL
..................................................................
TEMPERATURE (F)
 YESTERDAY
  MAXIMUM         87    403 PM 101    1924  86      1       90
  MINIMUM         38    523 AM  24    1992  46     -8       52
                                      1910
  AVERAGE         63                        66     -3       71

PRECIPITATION (IN)
  YESTERDAY        0.00          4.13 1970   0.01  -0.01     0.00
  MONTH TO DATE    T                         0.32  -0.32     0.61
  SINCE OCT 1     12.18                      9.29   2.89     8.98
  SINCE JAN 1      7.64                      6.23   1.41     6.74

SNOWFALL (IN)
  YESTERDAY        0.0           0.0  1888   0.0    0.0      0.0
  MONTH TO DATE    0.0                       0.0    0.0      0.0
  SINCE JUN 1      T                         0.0    0.0      0.0
  SINCE JUL 1      0.0                       0.0    0.0      0.0
  SNOW DEPTH       0

DEGREE DAYS
 HEATING
  YESTERDAY        2                         2      0        0
  MONTH TO DATE    4                        22    -18        1
  SINCE JUN 1     43                       172   -129       34
  SINCE JUL 1     13                        41    -28       10

 COOLING
  YESTERDAY        0                         3     -3        6
  MONTH TO DATE  154                       123     31      191
  SINCE JUN 1    519                       350    169      557
  SINCE JAN 1    519                       354    165      564
..................................................................


WIND (MPH)
  HIGHEST WIND SPEED    21   HIGHEST WIND DIRECTION     W (280)
  HIGHEST GUST SPEED    27   HIGHEST GUST DIRECTION     W (250)
  AVERAGE WIND SPEED     4.2



WEATHER CONDITIONS
 THE FOLLOWING WEATHER WAS RECORDED YESTERDAY.
  NO SIGNIFICANT WEATHER WAS OBSERVED.


RELATIVE HUMIDITY (PERCENT)
 HIGHEST    48           600 AM
 LOWEST      6           200 PM
 AVERAGE    27

..........................................................


THE ELKO AIRPORT NV CLIMATE NORMALS FOR TODAY
                         NORMAL    RECORD    YEAR
 MAXIMUM TEMPERATURE (F)   86       100      1924
 MINIMUM TEMPERATURE (F)   45        28      1942


SUNRISE AND SUNSET
AUGUST 28 2016........SUNRISE   607 AM PDT   SUNSET   721 PM PDT
AUGUST 29 2016........SUNRISE   608 AM PDT   SUNSET   719 PM PDT


-  INDICATES NEGATIVE NUMBERS.
R  INDICATES RECORD WAS SET OR TIED.
MM INDICATES DATA IS MISSING.
T  INDICATES TRACE AMOUNT.




$$
