000
CDUS45 KLKN 191431
CLIEKO

CLIMATE REPORT
NATIONAL WEATHER SERVICE ELKO NV
226 AM PDT THU OCT 19  2017


...................................

...THE ELKO AIRPORT NV CLIMATE SUMMARY FOR OCTOBER 18 2017...

CLIMATE NORMAL PERIOD 1981 TO 2010
CLIMATE RECORD PERIOD 1888 TO 2017


WEATHER ITEM   OBSERVED TIME   RECORD YEAR NORMAL DEPARTURE LAST
                VALUE   (LST)  VALUE       VALUE  FROM      YEAR
                                                  NORMAL
..................................................................
TEMPERATURE (F)
 YESTERDAY
  MAXIMUM         73    347 PM  82    2003  64      9       53
                                      1927
                                      1921
  MINIMUM         22    549 AM  10    1910  28     -6       28
  AVERAGE         48                        46      2       41

PRECIPITATION (IN)
  YESTERDAY        0.00          0.52 1953   0.03  -0.03     0.00
  MONTH TO DATE    0.11                      0.39  -0.28     1.14
  SINCE OCT 1      0.11                      0.39  -0.28     1.14
  SINCE JAN 1     10.04                      7.24   2.80     9.86

SNOWFALL (IN)
  YESTERDAY        0.0           1.1  2004   0.0    0.0      0.0
  MONTH TO DATE    0.0                       0.2   -0.2      0.0
  SINCE SEP 1      T                         0.3   -0.3      0.0
  SINCE JUL 1      T                         0.3   -0.3      0.0
  SNOW DEPTH       0

DEGREE DAYS
 HEATING
  YESTERDAY       17                        19     -2       24
  MONTH TO DATE  371                       287     84      268
  SINCE SEP 1    622                       494    128      430
  SINCE JUL 1    626                       545     81      443

 COOLING
  YESTERDAY        0                         0      0        0
  MONTH TO DATE    0                         0      0        0
  SINCE SEP 1     89                        21     68       16
  SINCE JAN 1    785                       383    402      560
..................................................................


WIND (MPH)
  HIGHEST WIND SPEED     9   HIGHEST WIND DIRECTION     N (340)
  HIGHEST GUST SPEED    10   HIGHEST GUST DIRECTION     W (260)
  AVERAGE WIND SPEED     2.3



WEATHER CONDITIONS
 THE FOLLOWING WEATHER WAS RECORDED YESTERDAY.
  HAZE


RELATIVE HUMIDITY (PERCENT)
 HIGHEST    65           600 AM
 LOWEST      7           300 PM
 AVERAGE    36

..........................................................


THE ELKO AIRPORT NV CLIMATE NORMALS FOR TODAY
                         NORMAL    RECORD    YEAR
 MAXIMUM TEMPERATURE (F)   63        82      1921
 MINIMUM TEMPERATURE (F)   28         8      1995
                                             1916


SUNRISE AND SUNSET
OCTOBER 19 2017.......SUNRISE   659 AM PDT   SUNSET   556 PM PDT
OCTOBER 20 2017.......SUNRISE   700 AM PDT   SUNSET   555 PM PDT


-  INDICATES NEGATIVE NUMBERS.
R  INDICATES RECORD WAS SET OR TIED.
MM INDICATES DATA IS MISSING.
T  INDICATES TRACE AMOUNT.




$$
