859
CDUS45 KLKN 210030
CLIEKO


CLIMATE REPORT
NATIONAL WEATHER SERVICE ELKO NV
528 PM PDT SUN AUG 20 2017


...................................

...THE ELKO AIRPORT NV CLIMATE SUMMARY FOR AUGUST 20 2017...
VALID TODAY AS OF 0500 PM LOCAL TIME.

CLIMATE NORMAL PERIOD 1981 TO 2010
CLIMATE RECORD PERIOD 1888 TO 2017


WEATHER ITEM   OBSERVED TIME   RECORD YEAR NORMAL DEPARTURE LAST
                VALUE   (LST)  VALUE       VALUE  FROM      YEAR
                                                  NORMAL
..................................................................
TEMPERATURE (F)
 TODAY
  MAXIMUM         93    252 PM 100    1919  88      5       94
  MINIMUM         51    300 AM  31    1916  47      4       46
  AVERAGE         72                        68      4       70

PRECIPITATION (IN)
  TODAY            0.00          0.99 1968   0.01  -0.01     0.00
  MONTH TO DATE    0.15                      0.24  -0.09      T
  SINCE OCT 1     13.63                      9.21   4.42    12.18
  SINCE JAN 1      8.00                      6.15   1.85     7.64

SNOWFALL (IN)
  TODAY            0.0           0.0  1888   0.0    0.0      0.0
  MONTH TO DATE    0.0                       0.0    0.0      0.0
  SINCE JUN 1      T                         0.0    0.0       T
  SINCE JUL 1      0.0                       0.0    0.0      0.0
  SNOW DEPTH       0

DEGREE DAYS
 HEATING
  TODAY            0                         1     -1        0
  MONTH TO DATE    4                        12     -8        0
  SINCE JUN 1     66                       162    -96       39
  SINCE JUL 1      4                        31    -27        9

 COOLING
  TODAY            7                         4      3        5
  MONTH TO DATE  140                       101     39      137
  SINCE JUN 1    596                       328    268      502
  SINCE JAN 1    600                       332    268      502
..................................................................


WIND (MPH)
  HIGHEST WIND SPEED    10   HIGHEST WIND DIRECTION    SW (220)
  HIGHEST GUST SPEED    14   HIGHEST GUST DIRECTION    NE (40)



WEATHER CONDITIONS
 THE FOLLOWING WEATHER WAS RECORDED TODAY.
  NO SIGNIFICANT WEATHER WAS OBSERVED.


RELATIVE HUMIDITY (PERCENT)
 HIGHEST    54           200 AM
 LOWEST      9           300 PM
 AVERAGE    32

..........................................................


THE ELKO AIRPORT NV CLIMATE NORMALS FOR TOMORROW
                         NORMAL    RECORD    YEAR
 MAXIMUM TEMPERATURE (F)   88       102      1917
                                             1913
 MINIMUM TEMPERATURE (F)   47        32      1916
                                             1911


SUNRISE AND SUNSET
AUGUST 20 2017........SUNRISE   559 AM PDT   SUNSET   734 PM PDT
AUGUST 21 2017........SUNRISE   600 AM PDT   SUNSET   732 PM PDT


-  INDICATES NEGATIVE NUMBERS.
R  INDICATES RECORD WAS SET OR TIED.
MM INDICATES DATA IS MISSING.
T  INDICATES TRACE AMOUNT.




$$
