000
CDUS45 KLKN 300929
CLIEKO


CLIMATE REPORT
NATIONAL WEATHER SERVICE ELKO NV
228 AM PDT THU OCT 30 2014


...................................

...THE ELKO AIRPORT NV CLIMATE SUMMARY FOR OCTOBER 29 2014...

CLIMATE NORMAL PERIOD 1981 TO 2010
CLIMATE RECORD PERIOD 1888 TO 2014


WEATHER ITEM   OBSERVED TIME   RECORD YEAR NORMAL DEPARTURE LAST
                VALUE   (LST)  VALUE       VALUE  FROM      YEAR
                                                  NORMAL
..................................................................
TEMPERATURE (F)
 YESTERDAY
  MAXIMUM         68    311 PM  75    1968  58     10       43
                                      1962
                                      1937
  MINIMUM         24    601 AM   8    1917  25     -1       32
  AVERAGE         46                        42      4       38

PRECIPITATION (IN)
  YESTERDAY        0.00          0.41 2000   0.03  -0.03     0.28
  MONTH TO DATE    T                         0.69  -0.69     0.60
  SINCE OCT 1      T                         0.69  -0.69     0.60
  SINCE JAN 1      8.05                      7.54   0.51     5.45

SNOWFALL (IN)
  YESTERDAY        0.0           2.6  1991   0.0    0.0      2.3
  MONTH TO DATE    0.0                       0.5   -0.5      2.9
  SINCE SEP 1      0.0                       0.6   -0.6      2.9
  SINCE JUL 1      0.0                       0.6   -0.6      2.9
  SNOW DEPTH       0

DEGREE DAYS
 HEATING
  YESTERDAY       19                        23     -4       27
  MONTH TO DATE  384                       523   -139      547
  SINCE SEP 1    475                       730   -255      720
  SINCE JUL 1    495                       781   -286      720

 COOLING
  YESTERDAY        0                         0      0        0
  MONTH TO DATE    0                         0      0        0
  SINCE SEP 1     45                        21     24       66
  SINCE JAN 1    549                       383    166      776
..................................................................


WIND (MPH)
  HIGHEST WIND SPEED    14   HIGHEST WIND DIRECTION     W (250)
  HIGHEST GUST SPEED    18   HIGHEST GUST DIRECTION    SW (240)
  AVERAGE WIND SPEED     4.8



WEATHER CONDITIONS
 THE FOLLOWING WEATHER WAS RECORDED YESTERDAY.
  NO SIGNIFICANT WEATHER WAS OBSERVED.


RELATIVE HUMIDITY (PERCENT)
 HIGHEST    57           500 AM
 LOWEST     24          1100 AM
 AVERAGE    41

..........................................................


THE ELKO AIRPORT NV CLIMATE NORMALS FOR TODAY
                         NORMAL    RECORD    YEAR
 MAXIMUM TEMPERATURE (F)   57        74      1965
                                             1962
 MINIMUM TEMPERATURE (F)   25         1      1891


SUNRISE AND SUNSET
OCTOBER 30 2014.......SUNRISE   711 AM PDT   SUNSET   542 PM PDT
OCTOBER 31 2014.......SUNRISE   713 AM PDT   SUNSET   540 PM PDT


-  INDICATES NEGATIVE NUMBERS.
R  INDICATES RECORD WAS SET OR TIED.
MM INDICATES DATA IS MISSING.
T  INDICATES TRACE AMOUNT.




$$
