000
CDUS44 KSHV 302151
CLIELD


CLIMATE REPORT
NATIONAL WEATHER SERVICE SHREVEPORT, LA
431 PM CDT SUN APR 30 2017


...................................

...THE EL DORADO CLIMATE SUMMARY FOR APRIL 30 2017...
VALID TODAY AS OF 0400 PM LOCAL TIME.

CLIMATE NORMAL PERIOD 1981 TO 2010
CLIMATE RECORD PERIOD 1907 TO 2017


WEATHER ITEM   OBSERVED TIME   RECORD YEAR NORMAL DEPARTURE LAST
                VALUE   (LST)  VALUE       VALUE  FROM      YEAR
                                                  NORMAL
..................................................................
TEMPERATURE (F)
 TODAY
  MAXIMUM         75    152 AM  93    1943  79     -4       81
  MINIMUM         56   1232 PM  38    1908  55      1       64
  AVERAGE         66                        67     -1       73

PRECIPITATION (IN)
  TODAY            0.25          3.42 1962   0.14   0.11     1.25
  MONTH TO DATE    8.01                      4.09   3.92     8.16
  SINCE DEC 1     24.42                     23.11   1.31    35.54
  SINCE JAN 1     18.13                     17.93   0.20    27.48

SNOWFALL (IN)
  TODAY            0.0
  MONTH TO DATE    0.0
  SINCE MAR 1      0.0
  SINCE JUL 1      T
  SNOW DEPTH       0

DEGREE DAYS
 HEATING
  TODAY            0                         2     -2        0
  MONTH TO DATE   42                       118    -76       70
  SINCE MAR 1    254                       426   -172      271
  SINCE JUL 1   1706                      2654   -948     2010

 COOLING
  TODAY            1                         4     -3        8
  MONTH TO DATE   94                        71     23       67
  SINCE MAR 1    147                        93     54       94
  SINCE JAN 1    174                        99     75      100
..................................................................


WIND (MPH)
  HIGHEST WIND SPEED    24   HIGHEST WIND DIRECTION    SW (220)
  HIGHEST GUST SPEED    31   HIGHEST GUST DIRECTION    SW (210)
  AVERAGE WIND SPEED     8.8


SKY COVER
  POSSIBLE SUNSHINE  MM
  AVERAGE SKY COVER 0.8


WEATHER CONDITIONS
 THE FOLLOWING WEATHER WAS RECORDED TODAY.
  HEAVY RAIN
  RAIN
  LIGHT RAIN
  FOG


RELATIVE HUMIDITY (PERCENT)
 HIGHEST   100           700 AM
 LOWEST     60           300 PM
 AVERAGE    80

..........................................................


THE EL DORADO CLIMATE NORMALS FOR TOMORROW
                         NORMAL    RECORD    YEAR
 MAXIMUM TEMPERATURE (F)   79        90      2002
 MINIMUM TEMPERATURE (F)   56        36      1960


SUNRISE AND SUNSET
APRIL 30 2017.........SUNRISE   624 AM CDT   SUNSET   753 PM CDT
MAY  1 2017...........SUNRISE   623 AM CDT   SUNSET   754 PM CDT


-  INDICATES NEGATIVE NUMBERS.
R  INDICATES RECORD WAS SET OR TIED.
MM INDICATES DATA IS MISSING.
T  INDICATES TRACE AMOUNT.




$$
