000
CDUS44 KSHV 112240
CLIELD


CLIMATE REPORT
NATIONAL WEATHER SERVICE SHREVEPORT, LA
440 PM CST MON DEC 11 2017


...................................

...THE EL DORADO CLIMATE SUMMARY FOR DECEMBER 11 2017...
VALID TODAY AS OF 0400 PM LOCAL TIME.

CLIMATE NORMAL PERIOD 1981 TO 2010
CLIMATE RECORD PERIOD 1907 TO 2017


WEATHER ITEM   OBSERVED TIME   RECORD YEAR NORMAL DEPARTURE LAST
                VALUE   (LST)  VALUE       VALUE  FROM      YEAR
                                                  NORMAL
..................................................................
TEMPERATURE (F)
 TODAY
  MAXIMUM         73    338 PM  79    1996  57     16       65
  MINIMUM         31    723 AM  17    1917  35     -4       45
  AVERAGE         52                        46      6       55

PRECIPITATION (IN)
  TODAY            0.00          2.56 1985   0.18  -0.18      T
  MONTH TO DATE    0.62                      2.04  -1.42     2.27
  SINCE DEC 1      0.62                      2.04  -1.42     2.27
  SINCE JAN 1     41.69                     49.78  -8.09    57.62

SNOWFALL (IN)
  TODAY            0.0
  MONTH TO DATE    0.0
  SINCE DEC 1      0.0
  SINCE JUL 1      0.0
  SNOW DEPTH       0

DEGREE DAYS
 HEATING
  TODAY           13                        19     -6       10
  MONTH TO DATE  166                       196    -30      220
  SINCE DEC 1    166                       196    -30      220
  SINCE JUL 1    568                       675   -107      493

 COOLING
  TODAY            0                         0      0        0
  MONTH TO DATE    0                         0      0        0
  SINCE DEC 1      0                         0      0        0
  SINCE JAN 1   2241                      2126    115     2391
..................................................................


WIND (MPH)
  HIGHEST WIND SPEED    15   HIGHEST WIND DIRECTION    SW (240)
  HIGHEST GUST SPEED    19   HIGHEST GUST DIRECTION    SW (220)
  AVERAGE WIND SPEED     4.1


SKY COVER
  POSSIBLE SUNSHINE  MM
  AVERAGE SKY COVER 0.0


WEATHER CONDITIONS
 THE FOLLOWING WEATHER WAS RECORDED TODAY.
  NO SIGNIFICANT WEATHER WAS OBSERVED.


RELATIVE HUMIDITY (PERCENT)
 HIGHEST    92           500 AM
 LOWEST     17           300 PM
 AVERAGE    55

..........................................................


THE EL DORADO CLIMATE NORMALS FOR TOMORROW
                         NORMAL    RECORD    YEAR
 MAXIMUM TEMPERATURE (F)   57        78      1996
 MINIMUM TEMPERATURE (F)   35        10      1962


SUNRISE AND SUNSET
DECEMBER 11 2017......SUNRISE   705 AM CST   SUNSET   505 PM CST
DECEMBER 12 2017......SUNRISE   705 AM CST   SUNSET   505 PM CST


-  INDICATES NEGATIVE NUMBERS.
R  INDICATES RECORD WAS SET OR TIED.
MM INDICATES DATA IS MISSING.
T  INDICATES TRACE AMOUNT.




$$
