000
CDUS44 KSHV 252238
CLIELD


CLIMATE REPORT
NATIONAL WEATHER SERVICE SHREVEPORT, LA
437 PM CST SUN FEB 25 2018


...................................

...THE EL DORADO CLIMATE SUMMARY FOR FEBRUARY 25 2018...
VALID TODAY AS OF 0400 PM LOCAL TIME.

CLIMATE NORMAL PERIOD 1981 TO 2010
CLIMATE RECORD PERIOD 1907 TO 2018


WEATHER ITEM   OBSERVED TIME   RECORD YEAR NORMAL DEPARTURE LAST
                VALUE   (LST)  VALUE       VALUE  FROM      YEAR
                                                  NORMAL
..................................................................
TEMPERATURE (F)
 TODAY
  MAXIMUM         57    230 PM  89    1918  62     -5       56
  MINIMUM         50    757 AM  14    1967  39     11       34
  AVERAGE         54                        50      4       45

PRECIPITATION (IN)
  TODAY            T             2.20 1982   0.18  -0.18     0.00
  MONTH TO DATE   10.55                      4.28   6.27     2.57
  SINCE DEC 1     19.25                     13.76   5.49    13.05
  SINCE JAN 1     13.62                      8.58   5.04     6.76

SNOWFALL (IN)
  TODAY            0.0
  MONTH TO DATE    0.0
  SINCE DEC 1      2.8
  SINCE JUL 1      2.8
  SNOW DEPTH       0

DEGREE DAYS
 HEATING
  TODAY           11                        15     -4       20
  MONTH TO DATE  334                       443   -109      237
  SINCE DEC 1   1681                      1707    -26     1155
  SINCE JUL 1   2083                      2186   -103     1428

 COOLING
  TODAY            0                         0      0        0
  MONTH TO DATE   20                         0     20       12
  SINCE DEC 1     20                         6     14       35
  SINCE JAN 1     20                         2     18       21
..................................................................


WIND (MPH)
  HIGHEST WIND SPEED    13   HIGHEST WIND DIRECTION     E (100)
  HIGHEST GUST SPEED    17   HIGHEST GUST DIRECTION     E (100)
  AVERAGE WIND SPEED     5.8


SKY COVER
  POSSIBLE SUNSHINE  MM
  AVERAGE SKY COVER 0.6


WEATHER CONDITIONS
 THE FOLLOWING WEATHER WAS RECORDED TODAY.
  LIGHT RAIN


RELATIVE HUMIDITY (PERCENT)
 HIGHEST   100          1200 AM
 LOWEST     83           300 PM
 AVERAGE    92

..........................................................


THE EL DORADO CLIMATE NORMALS FOR TOMORROW
                         NORMAL    RECORD    YEAR
 MAXIMUM TEMPERATURE (F)   62        89      1917
 MINIMUM TEMPERATURE (F)   39        19      1960


SUNRISE AND SUNSET
FEBRUARY 25 2018......SUNRISE   644 AM CST   SUNSET   605 PM CST
FEBRUARY 26 2018......SUNRISE   643 AM CST   SUNSET   606 PM CST


-  INDICATES NEGATIVE NUMBERS.
R  INDICATES RECORD WAS SET OR TIED.
MM INDICATES DATA IS MISSING.
T  INDICATES TRACE AMOUNT.




$$
