000
CDUS44 KSHV 270747
CLIELD


CLIMATE REPORT
NATIONAL WEATHER SERVICE SHREVEPORT, LA
247 AM CDT MON MAR 27 2017


...................................

...THE EL DORADO CLIMATE SUMMARY FOR MARCH 26 2017...

CLIMATE NORMAL PERIOD 1981 TO 2010
CLIMATE RECORD PERIOD 1907 TO 2017


WEATHER ITEM   OBSERVED TIME   RECORD YEAR NORMAL DEPARTURE LAST
                VALUE   (LST)  VALUE       VALUE  FROM      YEAR
                                                  NORMAL
..................................................................
TEMPERATURE (F)
 YESTERDAY
  MAXIMUM         83    402 PM  89    1907  71     12       77
  MINIMUM         47    621 AM  22    1955  46      1       41
  AVERAGE         65                        58      7       59

PRECIPITATION (IN)
  YESTERDAY        T             4.20 1934   0.15  -0.15     0.00
  MONTH TO DATE    1.55                      4.03  -2.48    10.15
  SINCE DEC 1     16.25                     18.30  -2.05    25.81
  SINCE JAN 1      9.96                     13.12  -3.16    17.75

SNOWFALL (IN)
  YESTERDAY        0.0
  MONTH TO DATE    0.0
  SINCE MAR 1      0.0
  SINCE JUL 1      T
  SNOW DEPTH       0

DEGREE DAYS
 HEATING
  YESTERDAY        0                         8     -8        6
  MONTH TO DATE  205                       274    -69      185
  SINCE MAR 1    205                       274    -69      185
  SINCE JUL 1   1657                      2502   -845     1924

 COOLING
  YESTERDAY        0                         1     -1        0
  MONTH TO DATE   34                        17     17       17
  SINCE MAR 1     34                        17     17       17
  SINCE JAN 1     61                        23     38       23
..................................................................


WIND (MPH)
  HIGHEST WIND SPEED    15   HIGHEST WIND DIRECTION     S (170)
  HIGHEST GUST SPEED    22   HIGHEST GUST DIRECTION     S (170)
  AVERAGE WIND SPEED     4.9


SKY COVER
  POSSIBLE SUNSHINE  MM
  AVERAGE SKY COVER 0.0


WEATHER CONDITIONS
 THE FOLLOWING WEATHER WAS RECORDED YESTERDAY.
  THUNDERSTORM
  LIGHT RAIN


RELATIVE HUMIDITY (PERCENT)
 HIGHEST   100          1200 AM
 LOWEST     28           400 PM
 AVERAGE    64

..........................................................


THE EL DORADO CLIMATE NORMALS FOR TODAY
                         NORMAL    RECORD    YEAR
 MAXIMUM TEMPERATURE (F)   71        84      1982
 MINIMUM TEMPERATURE (F)   46        20      1955


SUNRISE AND SUNSET
MARCH 27 2017.........SUNRISE   705 AM CDT   SUNSET   728 PM CDT
MARCH 28 2017.........SUNRISE   704 AM CDT   SUNSET   729 PM CDT


-  INDICATES NEGATIVE NUMBERS.
R  INDICATES RECORD WAS SET OR TIED.
MM INDICATES DATA IS MISSING.
T  INDICATES TRACE AMOUNT.




$$
