000
CDUS44 KSHV 270853
CLIELD


CLIMATE REPORT
NATIONAL WEATHER SERVICE SHREVEPORT, LA
250 AM CST MON FEB 27 2017


...................................

...THE EL DORADO CLIMATE SUMMARY FOR FEBRUARY 26 2017...

CLIMATE NORMAL PERIOD 1981 TO 2010
CLIMATE RECORD PERIOD 1907 TO 2017


WEATHER ITEM   OBSERVED TIME   RECORD YEAR NORMAL DEPARTURE LAST
                VALUE   (LST)  VALUE       VALUE  FROM      YEAR
                                                  NORMAL
..................................................................
TEMPERATURE (F)
 YESTERDAY
  MAXIMUM         67    314 PM  89    1917  62      5       57
  MINIMUM         34    423 AM  19    1960  39     -5       27
  AVERAGE         51                        51      0       42

PRECIPITATION (IN)
  YESTERDAY        0.36          2.67 2000   0.17   0.19     0.00
  MONTH TO DATE    2.93                      4.45  -1.52     4.85
  SINCE DEC 1     13.41                     13.93  -0.52    15.66
  SINCE JAN 1      7.12                      8.75  -1.63     7.60

SNOWFALL (IN)
  YESTERDAY       MM
  MONTH TO DATE    0.0
  SINCE DEC 1      T
  SINCE JUL 1      T
  SNOW DEPTH       0

DEGREE DAYS
 HEATING
  YESTERDAY       14                        15     -1       23
  MONTH TO DATE  251                       458   -207      378
  SINCE DEC 1   1169                      1722   -553     1420
  SINCE JUL 1   1442                      2201   -759     1714

 COOLING
  YESTERDAY        0                         0      0        0
  MONTH TO DATE   12                         0     12        2
  SINCE DEC 1     35                         6     29       21
  SINCE JAN 1     21                         2     19        6
..................................................................


WIND (MPH)
  HIGHEST WIND SPEED    20   HIGHEST WIND DIRECTION    NW (330)
  HIGHEST GUST SPEED    23   HIGHEST GUST DIRECTION    NW (330)
  AVERAGE WIND SPEED     8.1


SKY COVER
  POSSIBLE SUNSHINE  MM
  AVERAGE SKY COVER 0.4


WEATHER CONDITIONS
 THE FOLLOWING WEATHER WAS RECORDED YESTERDAY.
  THUNDERSTORM
  HEAVY RAIN
  RAIN
  LIGHT RAIN
  FOG


RELATIVE HUMIDITY (PERCENT)
 HIGHEST    82          1200 AM
 LOWEST     24           200 PM
 AVERAGE    53

..........................................................


THE EL DORADO CLIMATE NORMALS FOR TODAY
                         NORMAL    RECORD    YEAR
 MAXIMUM TEMPERATURE (F)   62        87      1917
 MINIMUM TEMPERATURE (F)   40        15      2002


SUNRISE AND SUNSET
FEBRUARY 27 2017......SUNRISE   641 AM CST   SUNSET   607 PM CST
FEBRUARY 28 2017......SUNRISE   640 AM CST   SUNSET   608 PM CST


-  INDICATES NEGATIVE NUMBERS.
R  INDICATES RECORD WAS SET OR TIED.
MM INDICATES DATA IS MISSING.
T  INDICATES TRACE AMOUNT.




$$
