000
CDUS44 KSHV 020844
CLIELD


CLIMATE REPORT
NATIONAL WEATHER SERVICE SHREVEPORT, LA
243 AM CST FRI DEC 2 2016


...................................

...THE EL DORADO CLIMATE SUMMARY FOR DECEMBER 1 2016...

CLIMATE NORMAL PERIOD 1981 TO 2010
CLIMATE RECORD PERIOD 1907 TO 2016


WEATHER ITEM   OBSERVED TIME   RECORD YEAR NORMAL DEPARTURE LAST
                VALUE   (LST)  VALUE       VALUE  FROM      YEAR
                                                  NORMAL
..................................................................
TEMPERATURE (F)
 YESTERDAY
  MAXIMUM         62    319 PM  78    1950  60      2       51
  MINIMUM         29    658 AM  19    1979  38     -9       44
  AVERAGE         46                        49     -3       48

PRECIPITATION (IN)
  YESTERDAY        0.00          3.37 1991   0.19  -0.19     0.00
  MONTH TO DATE    0.00                      0.19  -0.19     0.00
  SINCE DEC 1      0.00                      0.19  -0.19     0.00
  SINCE JAN 1     55.35                     47.93   7.42    47.29

SNOWFALL (IN)
  YESTERDAY        0.0
  MONTH TO DATE    0.0
  SINCE DEC 1      0.0
  SINCE JUL 1      0.0
  SNOW DEPTH       0

DEGREE DAYS
 HEATING
  YESTERDAY       19                        16      3       17
  MONTH TO DATE   19                        16      3       17
  SINCE DEC 1     19                        16      3       17
  SINCE JUL 1    292                       495   -203      311

 COOLING
  YESTERDAY        0                         0      0        0
  MONTH TO DATE    0                         0      0        0
  SINCE DEC 1      0                         0      0        0
  SINCE JAN 1   2391                      2126    265     2379
..................................................................


WIND (MPH)
  HIGHEST WIND SPEED     8   HIGHEST WIND DIRECTION     S (200)
  HIGHEST GUST SPEED    10   HIGHEST GUST DIRECTION    SW (210)
  AVERAGE WIND SPEED     1.3


SKY COVER
  POSSIBLE SUNSHINE  MM
  AVERAGE SKY COVER 0.0


WEATHER CONDITIONS
 THE FOLLOWING WEATHER WAS RECORDED YESTERDAY.
  NO SIGNIFICANT WEATHER WAS OBSERVED.


RELATIVE HUMIDITY (PERCENT)
 HIGHEST    96           100 AM
 LOWEST     25           200 PM
 AVERAGE    61

..........................................................


THE EL DORADO CLIMATE NORMALS FOR TODAY
                         NORMAL    RECORD    YEAR
 MAXIMUM TEMPERATURE (F)   59        77      1995
 MINIMUM TEMPERATURE (F)   38        19      1960


SUNRISE AND SUNSET
DECEMBER  2 2016......SUNRISE   658 AM CST   SUNSET   504 PM CST
DECEMBER  3 2016......SUNRISE   659 AM CST   SUNSET   504 PM CST


-  INDICATES NEGATIVE NUMBERS.
R  INDICATES RECORD WAS SET OR TIED.
MM INDICATES DATA IS MISSING.
T  INDICATES TRACE AMOUNT.




$$
