000
CDUS44 KSHV 242137
CLIELD


CLIMATE REPORT
NATIONAL WEATHER SERVICE SHREVEPORT, LA
435 PM CDT THU JUL 24 2014


...................................

...THE EL DORADO CLIMATE SUMMARY FOR JULY 24 2014...
VALID TODAY AS OF 0400 PM LOCAL TIME.

CLIMATE NORMAL PERIOD 1981 TO 2010
CLIMATE RECORD PERIOD 1907 TO 2014


WEATHER ITEM   OBSERVED TIME   RECORD YEAR NORMAL DEPARTURE LAST
                VALUE   (LST)  VALUE       VALUE  FROM      YEAR
                                                  NORMAL
..................................................................
TEMPERATURE (F)
 TODAY
  MAXIMUM         89    243 PM 105    1954  93     -4       87
  MINIMUM         68    337 AM  56    1947  71     -3       71
  AVERAGE         79                        82     -3       79

PRECIPITATION (IN)
  TODAY           MM             4.03 1939   0.10  MM        0.13
  MONTH TO DATE    2.68                      2.82  -0.14     2.63
  SINCE DEC 1     34.14                     35.88  -1.74    29.95
  SINCE JAN 1     27.58                     30.70  -3.12    23.89

DEGREE DAYS
 HEATING
  TODAY            0                         0      0        0
  MONTH TO DATE    0                         0      0        0
  SINCE JUN 1      0                         0      0        0
  SINCE JUL 1      0                         0      0        0

 COOLING
  TODAY           14                        17     -3       14
  MONTH TO DATE  299                       399   -100      366
  SINCE JUN 1    716                       795    -79      780
  SINCE JAN 1    968                      1106   -138     1058
..................................................................


WIND (MPH)
  HIGHEST WIND SPEED    12   HIGHEST WIND DIRECTION    NW (320)
  HIGHEST GUST SPEED    14   HIGHEST GUST DIRECTION    NW (320)
  AVERAGE WIND SPEED     4.5


SKY COVER
  POSSIBLE SUNSHINE  MM
  AVERAGE SKY COVER 0.8


WEATHER CONDITIONS
 THE FOLLOWING WEATHER WAS RECORDED TODAY.
  FOG
  FOG W/VISIBILITY <= 1/4 MILE


RELATIVE HUMIDITY (PERCENT)
 HIGHEST   100           100 AM
 LOWEST     59           300 PM
 AVERAGE    80

..........................................................


THE EL DORADO CLIMATE NORMALS FOR TOMORROW
                         NORMAL    RECORD    YEAR
 MAXIMUM TEMPERATURE (F)   93       105      1918
 MINIMUM TEMPERATURE (F)   71        59      2000


SUNRISE AND SUNSET
JULY 24 2014..........SUNRISE   619 AM CDT   SUNSET   816 PM CDT
JULY 25 2014..........SUNRISE   619 AM CDT   SUNSET   816 PM CDT


-  INDICATES NEGATIVE NUMBERS.
R  INDICATES RECORD WAS SET OR TIED.
MM INDICATES DATA IS MISSING.
T  INDICATES TRACE AMOUNT.




$$
