000
CDUS44 KSHV 180753
CLIELD


CLIMATE REPORT
NATIONAL WEATHER SERVICE SHREVEPORT, LA
252 AM CDT WED OCT 18 2017


...................................

...THE EL DORADO CLIMATE SUMMARY FOR OCTOBER 17 2017...

CLIMATE NORMAL PERIOD 1981 TO 2010
CLIMATE RECORD PERIOD 1907 TO 2017


WEATHER ITEM   OBSERVED TIME   RECORD YEAR NORMAL DEPARTURE LAST
                VALUE   (LST)  VALUE       VALUE  FROM      YEAR
                                                  NORMAL
..................................................................
TEMPERATURE (F)
 YESTERDAY
  MAXIMUM         74    338 PM  90    1953  76     -2       86
  MINIMUM         40    650 AM  32    1952  51    -11       64
  AVERAGE         57                        63     -6       75

PRECIPITATION (IN)
  YESTERDAY        0.00          2.09 2007   0.19  -0.19     0.00
  MONTH TO DATE    0.03                      2.75  -2.72     2.09
  SINCE DEC 1     44.93                     45.59  -0.66    60.63
  SINCE JAN 1     38.64                     40.41  -1.77    52.57

SNOWFALL (IN)
  YESTERDAY        0.0
  MONTH TO DATE    0.0
  SINCE SEP 1      0.0
  SINCE JUL 1      0.0
  SNOW DEPTH       0

DEGREE DAYS
 HEATING
  YESTERDAY        8                         4      4        0
  MONTH TO DATE   17                        42    -25        5
  SINCE SEP 1     20                        54    -34        5
  SINCE JUL 1     20                        54    -34        5

 COOLING
  YESTERDAY        0                         2     -2       10
  MONTH TO DATE  126                        59     67       84
  SINCE SEP 1    442                       359     83      468
  SINCE JAN 1   2177                      2086     91     2326
..................................................................


WIND (MPH)
  HIGHEST WIND SPEED    13   HIGHEST WIND DIRECTION    NE (50)
  HIGHEST GUST SPEED    16   HIGHEST GUST DIRECTION     E (90)
  AVERAGE WIND SPEED     3.1


SKY COVER
  POSSIBLE SUNSHINE  MM
  AVERAGE SKY COVER 0.0


WEATHER CONDITIONS
 THE FOLLOWING WEATHER WAS RECORDED YESTERDAY.
  NO SIGNIFICANT WEATHER WAS OBSERVED.


RELATIVE HUMIDITY (PERCENT)
 HIGHEST   100           600 AM
 LOWEST     33           300 PM
 AVERAGE    67

..........................................................


THE EL DORADO CLIMATE NORMALS FOR TODAY
                         NORMAL    RECORD    YEAR
 MAXIMUM TEMPERATURE (F)   76        93      1932
 MINIMUM TEMPERATURE (F)   51        29      1948


SUNRISE AND SUNSET
OCTOBER 18 2017.......SUNRISE   718 AM CDT   SUNSET   634 PM CDT
OCTOBER 19 2017.......SUNRISE   719 AM CDT   SUNSET   633 PM CDT


-  INDICATES NEGATIVE NUMBERS.
R  INDICATES RECORD WAS SET OR TIED.
MM INDICATES DATA IS MISSING.
T  INDICATES TRACE AMOUNT.




$$
