000
CDUS44 KSHV 291245
CLIELD


CLIMATE REPORT
NATIONAL WEATHER SERVICE SHREVEPORT, LA
745 AM CDT SUN MAR 29 2015


...................................

...THE EL DORADO CLIMATE SUMMARY FOR MARCH 28 2015...

CLIMATE NORMAL PERIOD 1981 TO 2010
CLIMATE RECORD PERIOD 1907 TO 2015


WEATHER ITEM   OBSERVED TIME   RECORD YEAR NORMAL DEPARTURE LAST
                VALUE   (LST)  VALUE       VALUE  FROM      YEAR
                                                  NORMAL
..................................................................
TEMPERATURE (F)
 YESTERDAY
  MAXIMUM         68    327 PM  88    1907  72     -4       81
  MINIMUM         37    538 AM  28    1977  46     -9       59
  AVERAGE         53                        59     -6       70

PRECIPITATION (IN)
  YESTERDAY        0.00          2.09 1944   0.14  -0.14     0.99
  MONTH TO DATE    6.37                      4.31   2.06     3.95
  SINCE DEC 1     15.93                     18.58  -2.65    15.09
  SINCE JAN 1     12.60                     13.40  -0.80     8.53

SNOWFALL (IN)
  YESTERDAY        0.0
  MONTH TO DATE    0.7
  SINCE MAR 1      0.7
  SINCE JUL 1      0.7
  SNOW DEPTH       0

DEGREE DAYS
 HEATING
  YESTERDAY       12                         7      5        0
  MONTH TO DATE  344                       288     56      419
  SINCE MAR 1    344                       288     56      419
  SINCE JUL 1   2830                      2516    314     3026

 COOLING
  YESTERDAY        0                         1     -1        5
  MONTH TO DATE    8                        19    -11        5
  SINCE MAR 1      8                        19    -11        5
  SINCE JAN 1      8                        25    -17        5
..................................................................


WIND (MPH)
  HIGHEST WIND SPEED    21   HIGHEST WIND DIRECTION    NE (50)
  HIGHEST GUST SPEED    25   HIGHEST GUST DIRECTION    NE (50)
  AVERAGE WIND SPEED     7.1


SKY COVER
  POSSIBLE SUNSHINE  MM
  AVERAGE SKY COVER 0.2


WEATHER CONDITIONS
 THE FOLLOWING WEATHER WAS RECORDED YESTERDAY.
  NO SIGNIFICANT WEATHER WAS OBSERVED.


RELATIVE HUMIDITY (PERCENT)
 HIGHEST    92          1200 AM
 LOWEST     42           300 PM
 AVERAGE    67

..........................................................


THE EL DORADO CLIMATE NORMALS FOR TODAY
                         NORMAL    RECORD    YEAR
 MAXIMUM TEMPERATURE (F)   72        86      1967
 MINIMUM TEMPERATURE (F)   47        26      1955


SUNRISE AND SUNSET
MARCH 29 2015.........SUNRISE   703 AM CDT   SUNSET   729 PM CDT
MARCH 30 2015.........SUNRISE   702 AM CDT   SUNSET   730 PM CDT


-  INDICATES NEGATIVE NUMBERS.
R  INDICATES RECORD WAS SET OR TIED.
MM INDICATES DATA IS MISSING.
T  INDICATES TRACE AMOUNT.




$$
